{"id":7803,"date":"2023-08-30T17:47:55","date_gmt":"2023-08-30T14:47:55","guid":{"rendered":"https:\/\/www.peetri.edu.ee\/pohikool\/?page_id=7803"},"modified":"2024-04-20T19:44:23","modified_gmt":"2024-04-20T16:44:23","slug":"toovarjutamine-hollandis","status":"publish","type":"page","link":"https:\/\/www.peetri.edu.ee\/pohikool\/erasmus-opiranded\/2022-2024-projekt\/toovarjutamine-hollandis\/","title":{"rendered":"T\u00f6\u00f6varjutamine Hispaanias, Barcelonas"},"content":{"rendered":"<p><b>\u00d5petajad tutvusid Hispaania koolis LME rakendamise v\u00f5imalustega<\/b><\/p>\n<p><span style=\"font-weight: 400\">15.\u201319. jaanu<a href=\"https:\/\/www.peetri.edu.ee\/pohikool\/wp-content\/uploads\/sites\/3\/2023\/08\/20240111_134910.jpg\"><img loading=\"lazy\" decoding=\"async\" class=\" wp-image-8471 alignleft\" src=\"https:\/\/www.peetri.edu.ee\/pohikool\/wp-content\/uploads\/sites\/3\/2023\/08\/20240111_134910-300x169.jpg\" alt=\"\" width=\"408\" height=\"230\" \/><\/a>aril k\u00e4isid kaheksa Peetri kooli \u00f5petajat Hispaanias Barcelonas Fedac Sant Andreu koolis tutvumas \u201eLiider minus endas\u201c programmi rakendamise v\u00f5imalustega. Koolitunde k\u00fclastasid ka 8. klassi \u00f5pilast, kelleks olid Mihkel Kukk ja Lautaro Hedberto Jofre Machin, kes osalesid omavanuste \u00f5pilastega koos tundides ning lahendasid klassikaaslastega sarnaseid \u00fclesandeid.<\/span><\/p>\n<p><span style=\"font-weight: 400\">Sant Andreu kooli saabumisel tutvustasid 5.\u20137. klasside \u00f5pilased k\u00fclastajatele oma koolimaja ning r\u00e4\u00e4kisid l\u00e4hemalt \u201eLiider minus endas\u201c programmist. \u00d5pilased n\u00e4itasid erinevaid klassiruume, sisehoovi, koolimaja seintele \u00fcles pandud projekte ning r\u00e4\u00e4kisid, kuidas nad need teoks tegid.<\/span><\/p>\n<p><span style=\"font-weight: 400\">\u00a0\u00a0<\/span><span style=\"font-weight: 400\">Viiep\u00e4evase k\u00fclastuse ajal vaatlesid \u00f5petajad I\u2013III kooliastme ainetunde. Iga klassi tunniplaanis oli \u00fcks tund, mis oli p\u00fchendatud LME-ga tegelemisele. \u00d5pilased tutvustasid enda mahukaid \u00f5pimappe, millesse oli koondatud seitsme harjumusega seotud harjutused. Noorematel \u00f5pilastel olid olemas ka LME-teemalised t\u00f6\u00f6vihikud, mida \u00fcheskoos t\u00e4ideti. Sant Andreu koolis olid paljud \u00f5ppeained omavahel l\u00f5imitud, samuti oli \u00f5ppekavadesse l\u00f5imitud ka LME p\u00f5him\u00f5tteid, kuid \u00f5pilastel on tunniplaanis ka LME-ga tegelemiseks m\u00f5eldud tund.<\/span><\/p>\n<p><span style=\"font-weight: 400\"><a href=\"https:\/\/www.peetri.edu.ee\/pohikool\/wp-content\/uploads\/sites\/3\/2023\/08\/Barcelonas.jpg\"><img loading=\"lazy\" decoding=\"async\" class=\"wp-image-8467 alignleft\" src=\"https:\/\/www.peetri.edu.ee\/pohikool\/wp-content\/uploads\/sites\/3\/2023\/08\/Barcelonas-171x300.jpg\" alt=\"\" width=\"271\" height=\"476\" \/><\/a>\u00a0<\/span><span style=\"font-weight: 400\">Nii \u00f5petajatel kui ka \u00f5pilastel oli v\u00f5imalus suhelda Sant Andreu kooli \u00f5petajate ja \u00f5pilastega, kelle jaoks on l\u00f5iming koolip\u00e4eva tavaline osa. K\u00f5ikidel \u00f5pilastel on olemas isiklik Chromebook, millega toimetatakse peaaegu kogu koolip\u00e4eva v\u00e4ltel. Sant Andreu koolis on \u00f5ppet\u00f6\u00f6 koondatud Google Classroomi, mille kaudu saavad \u00f5pilased \u00f5petajatelt kirjalikku tagasisidet. \u201eLiider minus endas\u201c programmi eestvedaja s\u00f5nul on sealsetel \u00f5pilastel v\u00f5imalik osa saada vabatahtlikust t\u00f6\u00f6st, mis suunab \u00f5pilasi olema proaktiivne.<\/span><\/p>\n<p><span style=\"font-weight: 400\">T\u00e4nu teise \u201eLiider minus endas\u201c programmi rakendavale kooli vaatlemisele said Peetri kooli \u00f5petajad uusi ideid, kuidas sisustada klassitunde ning milliseid \u00fcleskutseid edaspidi kooliperele teha. N\u00e4iteks 2023\/2024. \u00f5ppeaastal viivad \u00f5petajad Helen Pullinen ja Eili Laas l\u00e4bi LME-teemalisi infominuteid \u00f5petajatele ja k\u00f5ik meie kooli klassid panid selleks aastaks paika enda klassimissiooni ning eesm\u00e4rgi saavutamiseks vajalikud sammud. Kuna meie kool t\u00e4histab sel aastal oma 15. s\u00fcnnip\u00e4eva, siis programmist inspireeritult saavad k\u00f5ik klassid teha koolile s\u00fcnergiakingituse. Samuti andis kooli k\u00fclastus ideid \u00f5ppeainete ja programmi l\u00f5imimiseks, mida plaanivad \u00f5petajad uusi \u00f5ppekavasid luues silmas pidada.<\/span><\/p>\n<p>Janika Vaht<\/p>\n<p><a href=\"https:\/\/www.peetri.edu.ee\/pohikool\/wp-content\/uploads\/sites\/3\/2023\/08\/20240111_092241.jpg\"><img loading=\"lazy\" decoding=\"async\" class=\"alignnone size-medium wp-image-8477\" src=\"https:\/\/www.peetri.edu.ee\/pohikool\/wp-content\/uploads\/sites\/3\/2023\/08\/20240111_092241-300x169.jpg\" alt=\"\" width=\"300\" height=\"169\" \/><\/a><\/p>\n<p><a href=\"https:\/\/www.peetri.edu.ee\/pohikool\/wp-content\/uploads\/sites\/3\/2023\/08\/20240115-092349_orig.jpg\"><img loading=\"lazy\" decoding=\"async\" class=\"alignnone size-medium wp-image-8468\" src=\"https:\/\/www.peetri.edu.ee\/pohikool\/wp-content\/uploads\/sites\/3\/2023\/08\/20240115-092349_orig-225x300.jpg\" alt=\"\" width=\"225\" height=\"300\" \/><\/a> <a href=\"https:\/\/www.peetri.edu.ee\/pohikool\/wp-content\/uploads\/sites\/3\/2023\/08\/20240115-101904_orig.jpg\"><img loading=\"lazy\" decoding=\"async\" class=\"alignnone size-medium wp-image-8469\" src=\"https:\/\/www.peetri.edu.ee\/pohikool\/wp-content\/uploads\/sites\/3\/2023\/08\/20240115-101904_orig-225x300.jpg\" alt=\"\" width=\"225\" height=\"300\" \/><\/a><a href=\"https:\/\/www.peetri.edu.ee\/pohikool\/wp-content\/uploads\/sites\/3\/2023\/08\/20240111_121403.jpg\"><img loading=\"lazy\" decoding=\"async\" class=\"alignnone wp-image-8475\" src=\"https:\/\/www.peetri.edu.ee\/pohikool\/wp-content\/uploads\/sites\/3\/2023\/08\/20240111_121403-300x169.jpg\" alt=\"\" width=\"168\" height=\"298\" \/><\/a><\/p>\n<p><b>Eelkohtumine Hispaania koolis\u00a0Fedac Sant Andreu<\/b><\/p>\n<p><a href=\"https:\/\/www.peetri.edu.ee\/pohikool\/wp-content\/uploads\/sites\/3\/2023\/08\/20240111_1146090.jpg\"><img loading=\"lazy\" decoding=\"async\" class=\"size-medium wp-image-8476 alignleft\" src=\"https:\/\/www.peetri.edu.ee\/pohikool\/wp-content\/uploads\/sites\/3\/2023\/08\/20240111_1146090-300x169.jpg\" alt=\"\" width=\"300\" height=\"169\" \/><\/a>Enne t\u00f6\u00f6varjutamist ja \u00f5pilaste r\u00fchmaviisilist \u00f5pir\u00e4nnet toimus Basrcelonas olevas koolis\u00a0Fedac Sant Andreu eelkohtumine. Eelkohtumise ajal tutvuti kooliga, kooli juhtkonnaga, programmi LME koordinaatoriga ja Erasmus+ koordinaatoriga. R\u00e4\u00e4giti koolis rakendavast programmist ja \u00fchiselt koostati programm t\u00f6\u00f6varjutamise ja \u00f5pilaste r\u00fchmaviisilise \u00f5pir\u00e4nde jaoks.<\/p>\n<p><a href=\"https:\/\/www.peetri.edu.ee\/pohikool\/wp-content\/uploads\/sites\/3\/2023\/08\/20240111_123018.jpg\"><img loading=\"lazy\" decoding=\"async\" class=\"alignnone wp-image-8470\" src=\"https:\/\/www.peetri.edu.ee\/pohikool\/wp-content\/uploads\/sites\/3\/2023\/08\/20240111_123018-300x169.jpg\" alt=\"\" width=\"314\" height=\"177\" \/><\/a> <a href=\"https:\/\/www.peetri.edu.ee\/pohikool\/wp-content\/uploads\/sites\/3\/2023\/08\/20240111_1343430.jpg\"><img loading=\"lazy\" decoding=\"async\" class=\"alignnone wp-image-8472\" src=\"https:\/\/www.peetri.edu.ee\/pohikool\/wp-content\/uploads\/sites\/3\/2023\/08\/20240111_1343430-300x169.jpg\" alt=\"\" width=\"320\" height=\"180\" \/><\/a> <a href=\"https:\/\/www.peetri.edu.ee\/pohikool\/wp-content\/uploads\/sites\/3\/2023\/08\/20240111_134243.jpg\"><img loading=\"lazy\" decoding=\"async\" class=\"alignnone size-medium wp-image-8473\" src=\"https:\/\/www.peetri.edu.ee\/pohikool\/wp-content\/uploads\/sites\/3\/2023\/08\/20240111_134243-300x169.jpg\" alt=\"\" width=\"300\" height=\"169\" \/><\/a> <a href=\"https:\/\/www.peetri.edu.ee\/pohikool\/wp-content\/uploads\/sites\/3\/2023\/08\/20240111_133926.jpg\"><img loading=\"lazy\" decoding=\"async\" class=\"alignnone wp-image-8474\" src=\"https:\/\/www.peetri.edu.ee\/pohikool\/wp-content\/uploads\/sites\/3\/2023\/08\/20240111_133926-300x169.jpg\" alt=\"\" width=\"325\" height=\"183\" \/><\/a><\/p>\n<p>&nbsp;<\/p>\n<p>&nbsp;<\/p>\n","protected":false},"excerpt":{"rendered":"<p>\u00d5petajad tutvusid Hispaania koolis LME rakendamise v\u00f5imalustega 15.\u201319. jaanuaril k\u00e4isid kaheksa Peetri kooli \u00f5petajat Hispaanias Barcelonas Fedac Sant Andreu koolis&#8230;<\/p>\n","protected":false},"author":14,"featured_media":0,"parent":7777,"menu_order":80,"comment_status":"closed","ping_status":"closed","template":"","meta":{"_acf_changed":false,"footnotes":""},"class_list":["post-7803","page","type-page","status-publish","hentry"],"yoast_head":"<!-- This site is optimized with the Yoast SEO plugin v27.2 - https:\/\/yoast.com\/product\/yoast-seo-wordpress\/ -->\n<title>T\u00f6\u00f6varjutamine Hispaanias, Barcelonas - Peetri P\u00f5hikool<\/title>\n<meta name=\"robots\" content=\"index, follow, max-snippet:-1, max-image-preview:large, max-video-preview:-1\" \/>\n<link rel=\"canonical\" href=\"https:\/\/www.peetri.edu.ee\/pohikool\/erasmus-opiranded\/2022-2024-projekt\/toovarjutamine-hollandis\/\" \/>\n<meta property=\"og:locale\" content=\"et_EE\" \/>\n<meta property=\"og:type\" content=\"article\" \/>\n<meta property=\"og:title\" content=\"T\u00f6\u00f6varjutamine Hispaanias, Barcelonas - Peetri P\u00f5hikool\" \/>\n<meta property=\"og:description\" content=\"\u00d5petajad tutvusid Hispaania koolis LME rakendamise v\u00f5imalustega 15.\u201319. jaanuaril k\u00e4isid kaheksa Peetri kooli \u00f5petajat Hispaanias Barcelonas Fedac Sant Andreu koolis...\" \/>\n<meta property=\"og:url\" content=\"https:\/\/www.peetri.edu.ee\/pohikool\/erasmus-opiranded\/2022-2024-projekt\/toovarjutamine-hollandis\/\" \/>\n<meta property=\"og:site_name\" content=\"Peetri P\u00f5hikool\" \/>\n<meta property=\"article:modified_time\" content=\"2024-04-20T16:44:23+00:00\" \/>\n<meta property=\"og:image\" content=\"https:\/\/www.peetri.edu.ee\/pohikool\/wp-content\/uploads\/sites\/3\/2023\/08\/20240111_134910-300x169.jpg\" \/>\n<meta name=\"twitter:card\" content=\"summary_large_image\" \/>\n<meta name=\"twitter:label1\" content=\"Est. reading time\" \/>\n\t<meta name=\"twitter:data1\" content=\"2 minutit\" \/>\n<script type=\"application\/ld+json\" class=\"yoast-schema-graph\">{\"@context\":\"https:\/\/schema.org\",\"@graph\":[{\"@type\":\"WebPage\",\"@id\":\"https:\/\/www.peetri.edu.ee\/pohikool\/erasmus-opiranded\/2022-2024-projekt\/toovarjutamine-hollandis\/\",\"url\":\"https:\/\/www.peetri.edu.ee\/pohikool\/erasmus-opiranded\/2022-2024-projekt\/toovarjutamine-hollandis\/\",\"name\":\"T\u00f6\u00f6varjutamine Hispaanias, Barcelonas - Peetri P\u00f5hikool\",\"isPartOf\":{\"@id\":\"https:\/\/www.peetri.edu.ee\/pohikool\/#website\"},\"primaryImageOfPage\":{\"@id\":\"https:\/\/www.peetri.edu.ee\/pohikool\/erasmus-opiranded\/2022-2024-projekt\/toovarjutamine-hollandis\/#primaryimage\"},\"image\":{\"@id\":\"https:\/\/www.peetri.edu.ee\/pohikool\/erasmus-opiranded\/2022-2024-projekt\/toovarjutamine-hollandis\/#primaryimage\"},\"thumbnailUrl\":\"https:\/\/www.peetri.edu.ee\/pohikool\/wp-content\/uploads\/sites\/3\/2023\/08\/20240111_134910-300x169.jpg\",\"datePublished\":\"2023-08-30T14:47:55+00:00\",\"dateModified\":\"2024-04-20T16:44:23+00:00\",\"breadcrumb\":{\"@id\":\"https:\/\/www.peetri.edu.ee\/pohikool\/erasmus-opiranded\/2022-2024-projekt\/toovarjutamine-hollandis\/#breadcrumb\"},\"inLanguage\":\"et\",\"potentialAction\":[{\"@type\":\"ReadAction\",\"target\":[\"https:\/\/www.peetri.edu.ee\/pohikool\/erasmus-opiranded\/2022-2024-projekt\/toovarjutamine-hollandis\/\"]}]},{\"@type\":\"ImageObject\",\"inLanguage\":\"et\",\"@id\":\"https:\/\/www.peetri.edu.ee\/pohikool\/erasmus-opiranded\/2022-2024-projekt\/toovarjutamine-hollandis\/#primaryimage\",\"url\":\"https:\/\/www.peetri.edu.ee\/pohikool\/wp-content\/uploads\/sites\/3\/2023\/08\/20240111_134910.jpg\",\"contentUrl\":\"https:\/\/www.peetri.edu.ee\/pohikool\/wp-content\/uploads\/sites\/3\/2023\/08\/20240111_134910.jpg\",\"width\":4608,\"height\":2592},{\"@type\":\"BreadcrumbList\",\"@id\":\"https:\/\/www.peetri.edu.ee\/pohikool\/erasmus-opiranded\/2022-2024-projekt\/toovarjutamine-hollandis\/#breadcrumb\",\"itemListElement\":[{\"@type\":\"ListItem\",\"position\":1,\"name\":\"Home\",\"item\":\"https:\/\/www.peetri.edu.ee\/pohikool\/\"},{\"@type\":\"ListItem\",\"position\":2,\"name\":\"Erasmus+ \u00f5pir\u00e4nded ja koost\u00f6\u00f6projektid\",\"item\":\"https:\/\/www.peetri.edu.ee\/pohikool\/erasmus-opiranded\/\"},{\"@type\":\"ListItem\",\"position\":3,\"name\":\"2022-2024 projekt\",\"item\":\"https:\/\/www.peetri.edu.ee\/pohikool\/erasmus-opiranded\/2022-2024-projekt\/\"},{\"@type\":\"ListItem\",\"position\":4,\"name\":\"T\u00f6\u00f6varjutamine Hispaanias, Barcelonas\"}]},{\"@type\":\"WebSite\",\"@id\":\"https:\/\/www.peetri.edu.ee\/pohikool\/#website\",\"url\":\"https:\/\/www.peetri.edu.ee\/pohikool\/\",\"name\":\"Peetri P\u00f5hikool\",\"description\":\"Igas inimeses on p\u00e4ike, laskem tal s\u00e4rada\",\"potentialAction\":[{\"@type\":\"SearchAction\",\"target\":{\"@type\":\"EntryPoint\",\"urlTemplate\":\"https:\/\/www.peetri.edu.ee\/pohikool\/?s={search_term_string}\"},\"query-input\":{\"@type\":\"PropertyValueSpecification\",\"valueRequired\":true,\"valueName\":\"search_term_string\"}}],\"inLanguage\":\"et\"}]}<\/script>\n<!-- \/ Yoast SEO plugin. -->","yoast_head_json":{"title":"T\u00f6\u00f6varjutamine Hispaanias, Barcelonas - Peetri P\u00f5hikool","robots":{"index":"index","follow":"follow","max-snippet":"max-snippet:-1","max-image-preview":"max-image-preview:large","max-video-preview":"max-video-preview:-1"},"canonical":"https:\/\/www.peetri.edu.ee\/pohikool\/erasmus-opiranded\/2022-2024-projekt\/toovarjutamine-hollandis\/","og_locale":"et_EE","og_type":"article","og_title":"T\u00f6\u00f6varjutamine Hispaanias, Barcelonas - Peetri P\u00f5hikool","og_description":"\u00d5petajad tutvusid Hispaania koolis LME rakendamise v\u00f5imalustega 15.\u201319. jaanuaril k\u00e4isid kaheksa Peetri kooli \u00f5petajat Hispaanias Barcelonas Fedac Sant Andreu koolis...","og_url":"https:\/\/www.peetri.edu.ee\/pohikool\/erasmus-opiranded\/2022-2024-projekt\/toovarjutamine-hollandis\/","og_site_name":"Peetri P\u00f5hikool","article_modified_time":"2024-04-20T16:44:23+00:00","og_image":[{"url":"https:\/\/www.peetri.edu.ee\/pohikool\/wp-content\/uploads\/sites\/3\/2023\/08\/20240111_134910-300x169.jpg","type":"","width":"","height":""}],"twitter_card":"summary_large_image","twitter_misc":{"Est. reading time":"2 minutit"},"schema":{"@context":"https:\/\/schema.org","@graph":[{"@type":"WebPage","@id":"https:\/\/www.peetri.edu.ee\/pohikool\/erasmus-opiranded\/2022-2024-projekt\/toovarjutamine-hollandis\/","url":"https:\/\/www.peetri.edu.ee\/pohikool\/erasmus-opiranded\/2022-2024-projekt\/toovarjutamine-hollandis\/","name":"T\u00f6\u00f6varjutamine Hispaanias, Barcelonas - Peetri P\u00f5hikool","isPartOf":{"@id":"https:\/\/www.peetri.edu.ee\/pohikool\/#website"},"primaryImageOfPage":{"@id":"https:\/\/www.peetri.edu.ee\/pohikool\/erasmus-opiranded\/2022-2024-projekt\/toovarjutamine-hollandis\/#primaryimage"},"image":{"@id":"https:\/\/www.peetri.edu.ee\/pohikool\/erasmus-opiranded\/2022-2024-projekt\/toovarjutamine-hollandis\/#primaryimage"},"thumbnailUrl":"https:\/\/www.peetri.edu.ee\/pohikool\/wp-content\/uploads\/sites\/3\/2023\/08\/20240111_134910-300x169.jpg","datePublished":"2023-08-30T14:47:55+00:00","dateModified":"2024-04-20T16:44:23+00:00","breadcrumb":{"@id":"https:\/\/www.peetri.edu.ee\/pohikool\/erasmus-opiranded\/2022-2024-projekt\/toovarjutamine-hollandis\/#breadcrumb"},"inLanguage":"et","potentialAction":[{"@type":"ReadAction","target":["https:\/\/www.peetri.edu.ee\/pohikool\/erasmus-opiranded\/2022-2024-projekt\/toovarjutamine-hollandis\/"]}]},{"@type":"ImageObject","inLanguage":"et","@id":"https:\/\/www.peetri.edu.ee\/pohikool\/erasmus-opiranded\/2022-2024-projekt\/toovarjutamine-hollandis\/#primaryimage","url":"https:\/\/www.peetri.edu.ee\/pohikool\/wp-content\/uploads\/sites\/3\/2023\/08\/20240111_134910.jpg","contentUrl":"https:\/\/www.peetri.edu.ee\/pohikool\/wp-content\/uploads\/sites\/3\/2023\/08\/20240111_134910.jpg","width":4608,"height":2592},{"@type":"BreadcrumbList","@id":"https:\/\/www.peetri.edu.ee\/pohikool\/erasmus-opiranded\/2022-2024-projekt\/toovarjutamine-hollandis\/#breadcrumb","itemListElement":[{"@type":"ListItem","position":1,"name":"Home","item":"https:\/\/www.peetri.edu.ee\/pohikool\/"},{"@type":"ListItem","position":2,"name":"Erasmus+ \u00f5pir\u00e4nded ja koost\u00f6\u00f6projektid","item":"https:\/\/www.peetri.edu.ee\/pohikool\/erasmus-opiranded\/"},{"@type":"ListItem","position":3,"name":"2022-2024 projekt","item":"https:\/\/www.peetri.edu.ee\/pohikool\/erasmus-opiranded\/2022-2024-projekt\/"},{"@type":"ListItem","position":4,"name":"T\u00f6\u00f6varjutamine Hispaanias, Barcelonas"}]},{"@type":"WebSite","@id":"https:\/\/www.peetri.edu.ee\/pohikool\/#website","url":"https:\/\/www.peetri.edu.ee\/pohikool\/","name":"Peetri P\u00f5hikool","description":"Igas inimeses on p\u00e4ike, laskem tal s\u00e4rada","potentialAction":[{"@type":"SearchAction","target":{"@type":"EntryPoint","urlTemplate":"https:\/\/www.peetri.edu.ee\/pohikool\/?s={search_term_string}"},"query-input":{"@type":"PropertyValueSpecification","valueRequired":true,"valueName":"search_term_string"}}],"inLanguage":"et"}]}},"acf":[],"_links":{"self":[{"href":"https:\/\/www.peetri.edu.ee\/pohikool\/wp-json\/wp\/v2\/pages\/7803","targetHints":{"allow":["GET"]}}],"collection":[{"href":"https:\/\/www.peetri.edu.ee\/pohikool\/wp-json\/wp\/v2\/pages"}],"about":[{"href":"https:\/\/www.peetri.edu.ee\/pohikool\/wp-json\/wp\/v2\/types\/page"}],"author":[{"embeddable":true,"href":"https:\/\/www.peetri.edu.ee\/pohikool\/wp-json\/wp\/v2\/users\/14"}],"replies":[{"embeddable":true,"href":"https:\/\/www.peetri.edu.ee\/pohikool\/wp-json\/wp\/v2\/comments?post=7803"}],"version-history":[{"count":3,"href":"https:\/\/www.peetri.edu.ee\/pohikool\/wp-json\/wp\/v2\/pages\/7803\/revisions"}],"predecessor-version":[{"id":8479,"href":"https:\/\/www.peetri.edu.ee\/pohikool\/wp-json\/wp\/v2\/pages\/7803\/revisions\/8479"}],"up":[{"embeddable":true,"href":"https:\/\/www.peetri.edu.ee\/pohikool\/wp-json\/wp\/v2\/pages\/7777"}],"wp:attachment":[{"href":"https:\/\/www.peetri.edu.ee\/pohikool\/wp-json\/wp\/v2\/media?parent=7803"}],"curies":[{"name":"wp","href":"https:\/\/api.w.org\/{rel}","templated":true}]}}