{"id":7799,"date":"2023-08-30T17:46:50","date_gmt":"2023-08-30T14:46:50","guid":{"rendered":"https:\/\/www.peetri.edu.ee\/pohikool\/?page_id=7799"},"modified":"2024-04-20T20:10:07","modified_gmt":"2024-04-20T17:10:07","slug":"%e2%80%8benvironmental-education-outdoor-education-non-formal-settings-kupros","status":"publish","type":"page","link":"https:\/\/www.peetri.edu.ee\/pohikool\/erasmus-opiranded\/2022-2024-projekt\/%e2%80%8benvironmental-education-outdoor-education-non-formal-settings-kupros\/","title":{"rendered":"\u200bEnvironmental Education and outdoor education in non-formal settings\u00a0(K\u00fcpros)"},"content":{"rendered":"<p><span style=\"font-weight: 400\"><a href=\"https:\/\/www.peetri.edu.ee\/pohikool\/wp-content\/uploads\/sites\/3\/2023\/08\/unnamed-2.jpg\"><img loading=\"lazy\" decoding=\"async\" class=\"size-medium wp-image-8501 alignleft\" src=\"https:\/\/www.peetri.edu.ee\/pohikool\/wp-content\/uploads\/sites\/3\/2023\/08\/unnamed-2-169x300.jpg\" alt=\"\" width=\"169\" height=\"300\" \/><\/a>Erasmuse <strong>Environmental and Outdoor Education in non-formal settings<\/strong> koolitus toimus K\u00fcprosel, Nicosias 19-25.11.2023. Osalesid \u00f5petajad Piret ja Inga koolist ning lasteaiast \u00f5petaja Kaari.<\/span><\/p>\n<p><span style=\"font-weight: 400\">Koolitus toimus erinevates K\u00fcprose piirkondades ning looduskaunites paikades: Troodose m\u00e4el, Kakopetria k\u00fclas, Riverland BioFarmis Kampia k\u00fclas, Ayia Napa rannas.<\/span><\/p>\n<p><span style=\"font-weight: 400\">Koolitaja viis l\u00e4bi erinevaid \u00f5ues\u00f5ppe tegevusi, mida saab rakendada eri vanuses \u00f5pilastega nii projekt\u00f5ppe kui ka ainetundide raames. \u00d5pitud tegevused annavad v\u00f5imaluse l\u00f5imida erinevaid ainevaldkondi omavahel andes \u00f5pilastele v\u00f5imaluse tegutseda vabas looduses. \u00dclesannete puhul oli oluline luua \u00f5pilaste jaoks keskkond, kus nad tunnevad ennast kaasatuna ning \u00fclesannete protsess ja tulemused toetavad \u00f5pilaste positiivse enesehinnangu kujunemist. Samuti v\u00f5imaldavad n\u00e4htud tegevused lastel tegutseda \u00fchtse meeskonnana ning eakaaslastega arvestavalt k\u00e4ituda. \u00d5ues\u00f5ppe \u00fclesannete m\u00f5te oli laiendada klassiruumi \u00f5ue ja viia \u00f5ues kogetut ja praktiseeritud tagasi klassiruumi, et j\u00e4tkata alustatud \u00f5ppeprotsessiga j\u00e4rgnevatel p\u00e4evadel. N\u00e4gime v\u00e4ga huvitavaid \u00f5ppevahendeid, mis aitavad \u00f5pilastel kogeda loodust ja seostada \u00f5pitut igap\u00e4evaeluga. \u00d5petajatena saime ideid, missuguseid kasulikke \u00f5ppevahendeid saaksime edaspidi oma t\u00f6\u00f6s kasutada.<\/span><\/p>\n<p><a href=\"https:\/\/www.peetri.edu.ee\/pohikool\/wp-content\/uploads\/sites\/3\/2023\/08\/unnamed-4.jpg\"><img loading=\"lazy\" decoding=\"async\" class=\"alignnone size-medium wp-image-8499\" src=\"https:\/\/www.peetri.edu.ee\/pohikool\/wp-content\/uploads\/sites\/3\/2023\/08\/unnamed-4-300x225.jpg\" alt=\"\" width=\"300\" height=\"225\" \/><\/a> <a href=\"https:\/\/www.peetri.edu.ee\/pohikool\/wp-content\/uploads\/sites\/3\/2023\/08\/unnamed-3.jpg\"><img loading=\"lazy\" decoding=\"async\" class=\"alignnone size-medium wp-image-8500\" src=\"https:\/\/www.peetri.edu.ee\/pohikool\/wp-content\/uploads\/sites\/3\/2023\/08\/unnamed-3-300x225.jpg\" alt=\"\" width=\"300\" height=\"225\" \/><\/a> \u00a0<a href=\"https:\/\/www.peetri.edu.ee\/pohikool\/wp-content\/uploads\/sites\/3\/2023\/08\/unnamed-1.jpg\"><img loading=\"lazy\" decoding=\"async\" class=\"alignnone size-medium wp-image-8502\" src=\"https:\/\/www.peetri.edu.ee\/pohikool\/wp-content\/uploads\/sites\/3\/2023\/08\/unnamed-1-300x225.jpg\" alt=\"\" width=\"300\" height=\"225\" \/><\/a><\/p>\n<p>Rohkem infot:\u00a0<a href=\"http:\/\/profareng.weebly.com\/environmental-education-and-outdoor-education-in-non-formal-settings---kuumlpros.html\">http:\/\/profareng.weebly.com\/environmental-education-and-outdoor-education-in-non-formal-settings&#8212;kuumlpros.html<\/a><\/p>\n","protected":false},"excerpt":{"rendered":"<p>Erasmuse Environmental and Outdoor Education in non-formal settings koolitus toimus K\u00fcprosel, Nicosias 19-25.11.2023. Osalesid \u00f5petajad Piret ja Inga koolist ning&#8230;<\/p>\n","protected":false},"author":14,"featured_media":0,"parent":7777,"menu_order":60,"comment_status":"closed","ping_status":"closed","template":"","meta":{"_acf_changed":false,"footnotes":""},"class_list":["post-7799","page","type-page","status-publish","hentry"],"yoast_head":"<!-- This site is optimized with the Yoast SEO plugin v27.2 - https:\/\/yoast.com\/product\/yoast-seo-wordpress\/ -->\n<title>\u200bEnvironmental Education and outdoor education in non-formal settings\u00a0(K\u00fcpros) - Peetri P\u00f5hikool<\/title>\n<meta name=\"robots\" content=\"index, follow, max-snippet:-1, max-image-preview:large, max-video-preview:-1\" \/>\n<link rel=\"canonical\" href=\"https:\/\/www.peetri.edu.ee\/pohikool\/erasmus-opiranded\/2022-2024-projekt\/\u200benvironmental-education-outdoor-education-non-formal-settings-kupros\/\" \/>\n<meta property=\"og:locale\" content=\"et_EE\" \/>\n<meta property=\"og:type\" content=\"article\" \/>\n<meta property=\"og:title\" content=\"\u200bEnvironmental Education and outdoor education in non-formal settings\u00a0(K\u00fcpros) - Peetri P\u00f5hikool\" \/>\n<meta property=\"og:description\" content=\"Erasmuse Environmental and Outdoor Education in non-formal settings koolitus toimus K\u00fcprosel, Nicosias 19-25.11.2023. Osalesid \u00f5petajad Piret ja Inga koolist ning...\" \/>\n<meta property=\"og:url\" content=\"https:\/\/www.peetri.edu.ee\/pohikool\/erasmus-opiranded\/2022-2024-projekt\/\u200benvironmental-education-outdoor-education-non-formal-settings-kupros\/\" \/>\n<meta property=\"og:site_name\" content=\"Peetri P\u00f5hikool\" \/>\n<meta property=\"article:modified_time\" content=\"2024-04-20T17:10:07+00:00\" \/>\n<meta property=\"og:image\" content=\"https:\/\/www.peetri.edu.ee\/pohikool\/wp-content\/uploads\/sites\/3\/2023\/08\/unnamed-2-169x300.jpg\" \/>\n<meta name=\"twitter:card\" content=\"summary_large_image\" \/>\n<meta name=\"twitter:label1\" content=\"Est. reading time\" \/>\n\t<meta name=\"twitter:data1\" content=\"1 minut\" \/>\n<script type=\"application\/ld+json\" class=\"yoast-schema-graph\">{\"@context\":\"https:\/\/schema.org\",\"@graph\":[{\"@type\":\"WebPage\",\"@id\":\"https:\/\/www.peetri.edu.ee\/pohikool\/erasmus-opiranded\/2022-2024-projekt\/%e2%80%8benvironmental-education-outdoor-education-non-formal-settings-kupros\/\",\"url\":\"https:\/\/www.peetri.edu.ee\/pohikool\/erasmus-opiranded\/2022-2024-projekt\/%e2%80%8benvironmental-education-outdoor-education-non-formal-settings-kupros\/\",\"name\":\"\u200bEnvironmental Education and outdoor education in non-formal settings\u00a0(K\u00fcpros) - Peetri P\u00f5hikool\",\"isPartOf\":{\"@id\":\"https:\/\/www.peetri.edu.ee\/pohikool\/#website\"},\"primaryImageOfPage\":{\"@id\":\"https:\/\/www.peetri.edu.ee\/pohikool\/erasmus-opiranded\/2022-2024-projekt\/%e2%80%8benvironmental-education-outdoor-education-non-formal-settings-kupros\/#primaryimage\"},\"image\":{\"@id\":\"https:\/\/www.peetri.edu.ee\/pohikool\/erasmus-opiranded\/2022-2024-projekt\/%e2%80%8benvironmental-education-outdoor-education-non-formal-settings-kupros\/#primaryimage\"},\"thumbnailUrl\":\"https:\/\/www.peetri.edu.ee\/pohikool\/wp-content\/uploads\/sites\/3\/2023\/08\/unnamed-2-169x300.jpg\",\"datePublished\":\"2023-08-30T14:46:50+00:00\",\"dateModified\":\"2024-04-20T17:10:07+00:00\",\"breadcrumb\":{\"@id\":\"https:\/\/www.peetri.edu.ee\/pohikool\/erasmus-opiranded\/2022-2024-projekt\/%e2%80%8benvironmental-education-outdoor-education-non-formal-settings-kupros\/#breadcrumb\"},\"inLanguage\":\"et\",\"potentialAction\":[{\"@type\":\"ReadAction\",\"target\":[\"https:\/\/www.peetri.edu.ee\/pohikool\/erasmus-opiranded\/2022-2024-projekt\/%e2%80%8benvironmental-education-outdoor-education-non-formal-settings-kupros\/\"]}]},{\"@type\":\"ImageObject\",\"inLanguage\":\"et\",\"@id\":\"https:\/\/www.peetri.edu.ee\/pohikool\/erasmus-opiranded\/2022-2024-projekt\/%e2%80%8benvironmental-education-outdoor-education-non-formal-settings-kupros\/#primaryimage\",\"url\":\"https:\/\/www.peetri.edu.ee\/pohikool\/wp-content\/uploads\/sites\/3\/2023\/08\/unnamed-2.jpg\",\"contentUrl\":\"https:\/\/www.peetri.edu.ee\/pohikool\/wp-content\/uploads\/sites\/3\/2023\/08\/unnamed-2.jpg\",\"width\":288,\"height\":512},{\"@type\":\"BreadcrumbList\",\"@id\":\"https:\/\/www.peetri.edu.ee\/pohikool\/erasmus-opiranded\/2022-2024-projekt\/%e2%80%8benvironmental-education-outdoor-education-non-formal-settings-kupros\/#breadcrumb\",\"itemListElement\":[{\"@type\":\"ListItem\",\"position\":1,\"name\":\"Home\",\"item\":\"https:\/\/www.peetri.edu.ee\/pohikool\/\"},{\"@type\":\"ListItem\",\"position\":2,\"name\":\"Erasmus+ \u00f5pir\u00e4nded ja koost\u00f6\u00f6projektid\",\"item\":\"https:\/\/www.peetri.edu.ee\/pohikool\/erasmus-opiranded\/\"},{\"@type\":\"ListItem\",\"position\":3,\"name\":\"2022-2024 projekt\",\"item\":\"https:\/\/www.peetri.edu.ee\/pohikool\/erasmus-opiranded\/2022-2024-projekt\/\"},{\"@type\":\"ListItem\",\"position\":4,\"name\":\"\u200bEnvironmental Education and outdoor education in non-formal settings\u00a0(K\u00fcpros)\"}]},{\"@type\":\"WebSite\",\"@id\":\"https:\/\/www.peetri.edu.ee\/pohikool\/#website\",\"url\":\"https:\/\/www.peetri.edu.ee\/pohikool\/\",\"name\":\"Peetri P\u00f5hikool\",\"description\":\"Igas inimeses on p\u00e4ike, laskem tal s\u00e4rada\",\"potentialAction\":[{\"@type\":\"SearchAction\",\"target\":{\"@type\":\"EntryPoint\",\"urlTemplate\":\"https:\/\/www.peetri.edu.ee\/pohikool\/?s={search_term_string}\"},\"query-input\":{\"@type\":\"PropertyValueSpecification\",\"valueRequired\":true,\"valueName\":\"search_term_string\"}}],\"inLanguage\":\"et\"}]}<\/script>\n<!-- \/ Yoast SEO plugin. -->","yoast_head_json":{"title":"\u200bEnvironmental Education and outdoor education in non-formal settings\u00a0(K\u00fcpros) - Peetri P\u00f5hikool","robots":{"index":"index","follow":"follow","max-snippet":"max-snippet:-1","max-image-preview":"max-image-preview:large","max-video-preview":"max-video-preview:-1"},"canonical":"https:\/\/www.peetri.edu.ee\/pohikool\/erasmus-opiranded\/2022-2024-projekt\/\u200benvironmental-education-outdoor-education-non-formal-settings-kupros\/","og_locale":"et_EE","og_type":"article","og_title":"\u200bEnvironmental Education and outdoor education in non-formal settings\u00a0(K\u00fcpros) - Peetri P\u00f5hikool","og_description":"Erasmuse Environmental and Outdoor Education in non-formal settings koolitus toimus K\u00fcprosel, Nicosias 19-25.11.2023. Osalesid \u00f5petajad Piret ja Inga koolist ning...","og_url":"https:\/\/www.peetri.edu.ee\/pohikool\/erasmus-opiranded\/2022-2024-projekt\/\u200benvironmental-education-outdoor-education-non-formal-settings-kupros\/","og_site_name":"Peetri P\u00f5hikool","article_modified_time":"2024-04-20T17:10:07+00:00","og_image":[{"url":"https:\/\/www.peetri.edu.ee\/pohikool\/wp-content\/uploads\/sites\/3\/2023\/08\/unnamed-2-169x300.jpg","type":"","width":"","height":""}],"twitter_card":"summary_large_image","twitter_misc":{"Est. reading time":"1 minut"},"schema":{"@context":"https:\/\/schema.org","@graph":[{"@type":"WebPage","@id":"https:\/\/www.peetri.edu.ee\/pohikool\/erasmus-opiranded\/2022-2024-projekt\/%e2%80%8benvironmental-education-outdoor-education-non-formal-settings-kupros\/","url":"https:\/\/www.peetri.edu.ee\/pohikool\/erasmus-opiranded\/2022-2024-projekt\/%e2%80%8benvironmental-education-outdoor-education-non-formal-settings-kupros\/","name":"\u200bEnvironmental Education and outdoor education in non-formal settings\u00a0(K\u00fcpros) - Peetri P\u00f5hikool","isPartOf":{"@id":"https:\/\/www.peetri.edu.ee\/pohikool\/#website"},"primaryImageOfPage":{"@id":"https:\/\/www.peetri.edu.ee\/pohikool\/erasmus-opiranded\/2022-2024-projekt\/%e2%80%8benvironmental-education-outdoor-education-non-formal-settings-kupros\/#primaryimage"},"image":{"@id":"https:\/\/www.peetri.edu.ee\/pohikool\/erasmus-opiranded\/2022-2024-projekt\/%e2%80%8benvironmental-education-outdoor-education-non-formal-settings-kupros\/#primaryimage"},"thumbnailUrl":"https:\/\/www.peetri.edu.ee\/pohikool\/wp-content\/uploads\/sites\/3\/2023\/08\/unnamed-2-169x300.jpg","datePublished":"2023-08-30T14:46:50+00:00","dateModified":"2024-04-20T17:10:07+00:00","breadcrumb":{"@id":"https:\/\/www.peetri.edu.ee\/pohikool\/erasmus-opiranded\/2022-2024-projekt\/%e2%80%8benvironmental-education-outdoor-education-non-formal-settings-kupros\/#breadcrumb"},"inLanguage":"et","potentialAction":[{"@type":"ReadAction","target":["https:\/\/www.peetri.edu.ee\/pohikool\/erasmus-opiranded\/2022-2024-projekt\/%e2%80%8benvironmental-education-outdoor-education-non-formal-settings-kupros\/"]}]},{"@type":"ImageObject","inLanguage":"et","@id":"https:\/\/www.peetri.edu.ee\/pohikool\/erasmus-opiranded\/2022-2024-projekt\/%e2%80%8benvironmental-education-outdoor-education-non-formal-settings-kupros\/#primaryimage","url":"https:\/\/www.peetri.edu.ee\/pohikool\/wp-content\/uploads\/sites\/3\/2023\/08\/unnamed-2.jpg","contentUrl":"https:\/\/www.peetri.edu.ee\/pohikool\/wp-content\/uploads\/sites\/3\/2023\/08\/unnamed-2.jpg","width":288,"height":512},{"@type":"BreadcrumbList","@id":"https:\/\/www.peetri.edu.ee\/pohikool\/erasmus-opiranded\/2022-2024-projekt\/%e2%80%8benvironmental-education-outdoor-education-non-formal-settings-kupros\/#breadcrumb","itemListElement":[{"@type":"ListItem","position":1,"name":"Home","item":"https:\/\/www.peetri.edu.ee\/pohikool\/"},{"@type":"ListItem","position":2,"name":"Erasmus+ \u00f5pir\u00e4nded ja koost\u00f6\u00f6projektid","item":"https:\/\/www.peetri.edu.ee\/pohikool\/erasmus-opiranded\/"},{"@type":"ListItem","position":3,"name":"2022-2024 projekt","item":"https:\/\/www.peetri.edu.ee\/pohikool\/erasmus-opiranded\/2022-2024-projekt\/"},{"@type":"ListItem","position":4,"name":"\u200bEnvironmental Education and outdoor education in non-formal settings\u00a0(K\u00fcpros)"}]},{"@type":"WebSite","@id":"https:\/\/www.peetri.edu.ee\/pohikool\/#website","url":"https:\/\/www.peetri.edu.ee\/pohikool\/","name":"Peetri P\u00f5hikool","description":"Igas inimeses on p\u00e4ike, laskem tal s\u00e4rada","potentialAction":[{"@type":"SearchAction","target":{"@type":"EntryPoint","urlTemplate":"https:\/\/www.peetri.edu.ee\/pohikool\/?s={search_term_string}"},"query-input":{"@type":"PropertyValueSpecification","valueRequired":true,"valueName":"search_term_string"}}],"inLanguage":"et"}]}},"acf":[],"_links":{"self":[{"href":"https:\/\/www.peetri.edu.ee\/pohikool\/wp-json\/wp\/v2\/pages\/7799","targetHints":{"allow":["GET"]}}],"collection":[{"href":"https:\/\/www.peetri.edu.ee\/pohikool\/wp-json\/wp\/v2\/pages"}],"about":[{"href":"https:\/\/www.peetri.edu.ee\/pohikool\/wp-json\/wp\/v2\/types\/page"}],"author":[{"embeddable":true,"href":"https:\/\/www.peetri.edu.ee\/pohikool\/wp-json\/wp\/v2\/users\/14"}],"replies":[{"embeddable":true,"href":"https:\/\/www.peetri.edu.ee\/pohikool\/wp-json\/wp\/v2\/comments?post=7799"}],"version-history":[{"count":3,"href":"https:\/\/www.peetri.edu.ee\/pohikool\/wp-json\/wp\/v2\/pages\/7799\/revisions"}],"predecessor-version":[{"id":8503,"href":"https:\/\/www.peetri.edu.ee\/pohikool\/wp-json\/wp\/v2\/pages\/7799\/revisions\/8503"}],"up":[{"embeddable":true,"href":"https:\/\/www.peetri.edu.ee\/pohikool\/wp-json\/wp\/v2\/pages\/7777"}],"wp:attachment":[{"href":"https:\/\/www.peetri.edu.ee\/pohikool\/wp-json\/wp\/v2\/media?parent=7799"}],"curies":[{"name":"wp","href":"https:\/\/api.w.org\/{rel}","templated":true}]}}