{"id":7794,"date":"2023-08-30T17:44:50","date_gmt":"2023-08-30T14:44:50","guid":{"rendered":"https:\/\/www.peetri.edu.ee\/pohikool\/?page_id=7794"},"modified":"2024-04-20T19:57:13","modified_gmt":"2024-04-20T16:57:13","slug":"project-based-learning-pbl-classroom-setup-integration-reflectionpbl-project-based-learning-improve-management-class","status":"publish","type":"page","link":"https:\/\/www.peetri.edu.ee\/pohikool\/erasmus-opiranded\/2022-2024-projekt\/project-based-learning-pbl-classroom-setup-integration-reflectionpbl-project-based-learning-improve-management-class\/","title":{"rendered":"Project-Based Learning (PBL) in the Classroom: Setup, Integration and Reflection\/PBL Project Based Learning to improve the management of the class (Itaalia)"},"content":{"rendered":"<div class=\"x_x_x_x_x_elementToProof\" dir=\"auto\">21.august. &#8211; 26.august.2023 toimus Itaalias Veronas projektip\u00f5hise \u00f5ppe koolitus:<\/div>\n<div dir=\"auto\"><strong>Project-Based Learning (PBL) in the Classroom: Setup, Integration and Reflection.\u00a0<\/strong>Koolitusel osalesid koolist Tuuli ja Margit ning lasteaiast Mari-Liis ja Britta.<\/div>\n<div class=\"x_x_x_x_x_elementToProof\" dir=\"auto\"><\/div>\n<div class=\"x_x_x_x_x_elementToProof\" dir=\"auto\">Koolitusel \u00f5petati, mis vahe on projektil ja projektip\u00f5hisel \u00f5ppimisel.<\/div>\n<div class=\"x_x_x_x_x_elementToProof\" dir=\"auto\">\n<ol>\n<li>Kuidas tekitada \u00f5pilastes huvi \u00f5pitava teema vastu ning kuidas \u00f5pilane tunneks ennast rohkem kaasatud?<\/li>\n<li>Mismoodi l\u00e4bitud teemad paremini kinnistuksid?<\/li>\n<li>Milline v\u00e4ljund ja tulem v\u00f5iks olla?<\/li>\n<li>Kuidas hinnata PBL puhul \u00f5pilaste edasij\u00f5udmist \u00f5ppekava teemade omandamisel?<\/li>\n<\/ol>\n<\/div>\n<div class=\"x_x_x_x_x_elementToProof\" dir=\"auto\"><span class=\"x_x_x_x_x_ContentPasted1\">\u00a0<\/span><\/div>\n<div class=\"x_x_x_x_x_elementToProof\" dir=\"auto\"><span class=\"x_x_x_x_x_ContentPasted1\">Koolitusel osales 10 inimest. Soomest, Eestist, Poolast, T\u0161ehhist, Saksamaalt ja Hispaaniast kaks inimest. Meie seas oli \u00fcks kooli direktor, matemaatika \u00f5petajaid, inglise keele \u00f5petajaid, lasteaia \u00f5petajaid jt.<\/span><\/div>\n<div class=\"x_x_x_x_x_elementToProof\" dir=\"auto\"><span class=\"x_x_x_x_x_ContentPasted1\">\u00a0<\/span><\/div>\n<div class=\"x_x_x_x_x_elementToProof\" dir=\"auto\"><span class=\"x_x_x_x_x_ContentPasted1 x_x_x_x_x_ContentPasted2\">Iga kursusel osaleja pidi v\u00e4lja m\u00f5tlema ja koostama projekt\u00f5ppe p\u00f5hise plaani:\u00a0<\/span>Valima teema, tekitama huvi \u00f5pilastes, looma tegevusele sisu, m\u00f5tlema v\u00e4lja l\u00f5pp produkti ja kuidas hinnata \u00f5pilaste edasij\u00f5udmist \u00f5ppekavateemade omandamisel.<\/div>\n<div dir=\"auto\"><\/div>\n<div dir=\"auto\"><a href=\"https:\/\/www.peetri.edu.ee\/pohikool\/wp-content\/uploads\/sites\/3\/2023\/08\/Klassiruumis-\u00f5petaja-Ilaria-1-1.jpg\"><img loading=\"lazy\" decoding=\"async\" class=\"alignnone size-medium wp-image-7831\" src=\"https:\/\/www.peetri.edu.ee\/pohikool\/wp-content\/uploads\/sites\/3\/2023\/08\/Klassiruumis-\u00f5petaja-Ilaria-1-1-300x225.jpg\" alt=\"\" width=\"300\" height=\"225\" \/>\u00a0\u00a0\u00a0\u00a0\u00a0<\/a><a href=\"https:\/\/www.peetri.edu.ee\/pohikool\/wp-content\/uploads\/sites\/3\/2023\/08\/Klassiruumis-1-1.jpg\"><img loading=\"lazy\" decoding=\"async\" class=\"alignnone wp-image-7835\" src=\"https:\/\/www.peetri.edu.ee\/pohikool\/wp-content\/uploads\/sites\/3\/2023\/08\/Klassiruumis-1-1-300x169.jpg\" alt=\"\" width=\"492\" height=\"277\" \/><\/a><\/div>\n<div dir=\"auto\"><\/div>\n<div dir=\"auto\">Koolituse viimane p\u00e4ev oli m\u00f5eldud kohaliku kultuuriga tutvumiseks. Osalejad said tutvuda Verona linna vaatamisv\u00e4\u00e4rsustega ja ajalooga.<\/div>\n<div dir=\"auto\"><\/div>\n<div dir=\"auto\"><\/div>\n<div dir=\"auto\"><a href=\"https:\/\/www.peetri.edu.ee\/pohikool\/wp-content\/uploads\/sites\/3\/2023\/08\/Grupipilt-sillal.jpg\"><img loading=\"lazy\" decoding=\"async\" class=\"alignnone wp-image-7833\" src=\"https:\/\/www.peetri.edu.ee\/pohikool\/wp-content\/uploads\/sites\/3\/2023\/08\/Grupipilt-sillal-300x225.jpg\" alt=\"\" width=\"464\" height=\"348\" \/>\u00a0 \u00a0\u00a0\u00a0\u00a0\u00a0\u00a0\u00a0\u00a0<\/a><img loading=\"lazy\" decoding=\"async\" class=\"alignnone wp-image-7830\" src=\"https:\/\/www.peetri.edu.ee\/pohikool\/wp-content\/uploads\/sites\/3\/2023\/08\/L\u00f5pupilt-1-1-300x225.jpg\" alt=\"\" width=\"479\" height=\"359\" \/><\/div>\n<div dir=\"auto\"><a href=\"https:\/\/www.peetri.edu.ee\/pohikool\/wp-content\/uploads\/sites\/3\/2023\/08\/20230827-185512_orig.jpg\"><img loading=\"lazy\" decoding=\"async\" class=\"alignnone size-medium wp-image-8491\" src=\"https:\/\/www.peetri.edu.ee\/pohikool\/wp-content\/uploads\/sites\/3\/2023\/08\/20230827-185512_orig-268x300.jpg\" alt=\"\" width=\"268\" height=\"300\" \/><\/a><\/div>\n<div dir=\"auto\">Projektist l\u00e4hemalt saab lugeda projekti lehelt:\u00a0<a id=\"OWAc77f58fa-c538-6a8d-f6c8-271ca39c199d\" class=\"x_x_x_x_x_OWAAutoLink\" href=\"http:\/\/profareng.weebly.com\/project-based-learning-pbl-in-the-classroom-setup-integration-and-reflection---itaalia.html\" target=\"_blank\" rel=\"noopener noreferrer\">http:\/\/profareng.weebly.com\/project-based-learning-pbl-in-the-classroom-setup-integration-and-reflection&#8212;itaalia.html<\/a><\/div>\n<div dir=\"auto\"><\/div>\n","protected":false},"excerpt":{"rendered":"<p>21.august. &#8211; 26.august.2023 toimus Itaalias Veronas projektip\u00f5hise \u00f5ppe koolitus: Project-Based Learning (PBL) in the Classroom: Setup, Integration and Reflection.\u00a0Koolitusel osalesid&#8230;<\/p>\n","protected":false},"author":14,"featured_media":0,"parent":7777,"menu_order":40,"comment_status":"closed","ping_status":"closed","template":"","meta":{"_acf_changed":false,"footnotes":""},"class_list":["post-7794","page","type-page","status-publish","hentry"],"yoast_head":"<!-- This site is optimized with the Yoast SEO plugin v27.2 - https:\/\/yoast.com\/product\/yoast-seo-wordpress\/ -->\n<title>Project-Based Learning (PBL) in the Classroom: Setup, Integration and Reflection\/PBL Project Based Learning to improve the management of the class (Itaalia) - Peetri P\u00f5hikool<\/title>\n<meta name=\"robots\" content=\"index, follow, max-snippet:-1, max-image-preview:large, max-video-preview:-1\" \/>\n<link rel=\"canonical\" href=\"https:\/\/www.peetri.edu.ee\/pohikool\/erasmus-opiranded\/2022-2024-projekt\/project-based-learning-pbl-classroom-setup-integration-reflectionpbl-project-based-learning-improve-management-class\/\" \/>\n<meta property=\"og:locale\" content=\"et_EE\" \/>\n<meta property=\"og:type\" content=\"article\" \/>\n<meta property=\"og:title\" content=\"Project-Based Learning (PBL) in the Classroom: Setup, Integration and Reflection\/PBL Project Based Learning to improve the management of the class (Itaalia) - Peetri P\u00f5hikool\" \/>\n<meta property=\"og:description\" content=\"21.august. &#8211; 26.august.2023 toimus Itaalias Veronas projektip\u00f5hise \u00f5ppe koolitus: Project-Based Learning (PBL) in the Classroom: Setup, Integration and Reflection.\u00a0Koolitusel osalesid...\" \/>\n<meta property=\"og:url\" content=\"https:\/\/www.peetri.edu.ee\/pohikool\/erasmus-opiranded\/2022-2024-projekt\/project-based-learning-pbl-classroom-setup-integration-reflectionpbl-project-based-learning-improve-management-class\/\" \/>\n<meta property=\"og:site_name\" content=\"Peetri P\u00f5hikool\" \/>\n<meta property=\"article:modified_time\" content=\"2024-04-20T16:57:13+00:00\" \/>\n<meta property=\"og:image\" content=\"https:\/\/www.peetri.edu.ee\/pohikool\/wp-content\/uploads\/sites\/3\/2023\/08\/Klassiruumis-1-1-300x169.jpg\" \/>\n<meta name=\"twitter:card\" content=\"summary_large_image\" \/>\n<meta name=\"twitter:label1\" content=\"Est. reading time\" \/>\n\t<meta name=\"twitter:data1\" content=\"1 minut\" \/>\n<script type=\"application\/ld+json\" class=\"yoast-schema-graph\">{\"@context\":\"https:\/\/schema.org\",\"@graph\":[{\"@type\":\"WebPage\",\"@id\":\"https:\/\/www.peetri.edu.ee\/pohikool\/erasmus-opiranded\/2022-2024-projekt\/project-based-learning-pbl-classroom-setup-integration-reflectionpbl-project-based-learning-improve-management-class\/\",\"url\":\"https:\/\/www.peetri.edu.ee\/pohikool\/erasmus-opiranded\/2022-2024-projekt\/project-based-learning-pbl-classroom-setup-integration-reflectionpbl-project-based-learning-improve-management-class\/\",\"name\":\"Project-Based Learning (PBL) in the Classroom: Setup, Integration and Reflection\/PBL Project Based Learning to improve the management of the class (Itaalia) - Peetri P\u00f5hikool\",\"isPartOf\":{\"@id\":\"https:\/\/www.peetri.edu.ee\/pohikool\/#website\"},\"primaryImageOfPage\":{\"@id\":\"https:\/\/www.peetri.edu.ee\/pohikool\/erasmus-opiranded\/2022-2024-projekt\/project-based-learning-pbl-classroom-setup-integration-reflectionpbl-project-based-learning-improve-management-class\/#primaryimage\"},\"image\":{\"@id\":\"https:\/\/www.peetri.edu.ee\/pohikool\/erasmus-opiranded\/2022-2024-projekt\/project-based-learning-pbl-classroom-setup-integration-reflectionpbl-project-based-learning-improve-management-class\/#primaryimage\"},\"thumbnailUrl\":\"https:\/\/www.peetri.edu.ee\/pohikool\/wp-content\/uploads\/sites\/3\/2023\/08\/Klassiruumis-1-1-300x169.jpg\",\"datePublished\":\"2023-08-30T14:44:50+00:00\",\"dateModified\":\"2024-04-20T16:57:13+00:00\",\"breadcrumb\":{\"@id\":\"https:\/\/www.peetri.edu.ee\/pohikool\/erasmus-opiranded\/2022-2024-projekt\/project-based-learning-pbl-classroom-setup-integration-reflectionpbl-project-based-learning-improve-management-class\/#breadcrumb\"},\"inLanguage\":\"et\",\"potentialAction\":[{\"@type\":\"ReadAction\",\"target\":[\"https:\/\/www.peetri.edu.ee\/pohikool\/erasmus-opiranded\/2022-2024-projekt\/project-based-learning-pbl-classroom-setup-integration-reflectionpbl-project-based-learning-improve-management-class\/\"]}]},{\"@type\":\"ImageObject\",\"inLanguage\":\"et\",\"@id\":\"https:\/\/www.peetri.edu.ee\/pohikool\/erasmus-opiranded\/2022-2024-projekt\/project-based-learning-pbl-classroom-setup-integration-reflectionpbl-project-based-learning-improve-management-class\/#primaryimage\",\"url\":\"https:\/\/www.peetri.edu.ee\/pohikool\/wp-content\/uploads\/sites\/3\/2023\/08\/Klassiruumis-1-1.jpg\",\"contentUrl\":\"https:\/\/www.peetri.edu.ee\/pohikool\/wp-content\/uploads\/sites\/3\/2023\/08\/Klassiruumis-1-1.jpg\",\"width\":4000,\"height\":2250},{\"@type\":\"BreadcrumbList\",\"@id\":\"https:\/\/www.peetri.edu.ee\/pohikool\/erasmus-opiranded\/2022-2024-projekt\/project-based-learning-pbl-classroom-setup-integration-reflectionpbl-project-based-learning-improve-management-class\/#breadcrumb\",\"itemListElement\":[{\"@type\":\"ListItem\",\"position\":1,\"name\":\"Home\",\"item\":\"https:\/\/www.peetri.edu.ee\/pohikool\/\"},{\"@type\":\"ListItem\",\"position\":2,\"name\":\"Erasmus+ \u00f5pir\u00e4nded ja koost\u00f6\u00f6projektid\",\"item\":\"https:\/\/www.peetri.edu.ee\/pohikool\/erasmus-opiranded\/\"},{\"@type\":\"ListItem\",\"position\":3,\"name\":\"2022-2024 projekt\",\"item\":\"https:\/\/www.peetri.edu.ee\/pohikool\/erasmus-opiranded\/2022-2024-projekt\/\"},{\"@type\":\"ListItem\",\"position\":4,\"name\":\"Project-Based Learning (PBL) in the Classroom: Setup, Integration and Reflection\/PBL Project Based Learning to improve the management of the class (Itaalia)\"}]},{\"@type\":\"WebSite\",\"@id\":\"https:\/\/www.peetri.edu.ee\/pohikool\/#website\",\"url\":\"https:\/\/www.peetri.edu.ee\/pohikool\/\",\"name\":\"Peetri P\u00f5hikool\",\"description\":\"Igas inimeses on p\u00e4ike, laskem tal s\u00e4rada\",\"potentialAction\":[{\"@type\":\"SearchAction\",\"target\":{\"@type\":\"EntryPoint\",\"urlTemplate\":\"https:\/\/www.peetri.edu.ee\/pohikool\/?s={search_term_string}\"},\"query-input\":{\"@type\":\"PropertyValueSpecification\",\"valueRequired\":true,\"valueName\":\"search_term_string\"}}],\"inLanguage\":\"et\"}]}<\/script>\n<!-- \/ Yoast SEO plugin. -->","yoast_head_json":{"title":"Project-Based Learning (PBL) in the Classroom: Setup, Integration and Reflection\/PBL Project Based Learning to improve the management of the class (Itaalia) - Peetri P\u00f5hikool","robots":{"index":"index","follow":"follow","max-snippet":"max-snippet:-1","max-image-preview":"max-image-preview:large","max-video-preview":"max-video-preview:-1"},"canonical":"https:\/\/www.peetri.edu.ee\/pohikool\/erasmus-opiranded\/2022-2024-projekt\/project-based-learning-pbl-classroom-setup-integration-reflectionpbl-project-based-learning-improve-management-class\/","og_locale":"et_EE","og_type":"article","og_title":"Project-Based Learning (PBL) in the Classroom: Setup, Integration and Reflection\/PBL Project Based Learning to improve the management of the class (Itaalia) - Peetri P\u00f5hikool","og_description":"21.august. &#8211; 26.august.2023 toimus Itaalias Veronas projektip\u00f5hise \u00f5ppe koolitus: Project-Based Learning (PBL) in the Classroom: Setup, Integration and Reflection.\u00a0Koolitusel osalesid...","og_url":"https:\/\/www.peetri.edu.ee\/pohikool\/erasmus-opiranded\/2022-2024-projekt\/project-based-learning-pbl-classroom-setup-integration-reflectionpbl-project-based-learning-improve-management-class\/","og_site_name":"Peetri P\u00f5hikool","article_modified_time":"2024-04-20T16:57:13+00:00","og_image":[{"url":"https:\/\/www.peetri.edu.ee\/pohikool\/wp-content\/uploads\/sites\/3\/2023\/08\/Klassiruumis-1-1-300x169.jpg","type":"","width":"","height":""}],"twitter_card":"summary_large_image","twitter_misc":{"Est. reading time":"1 minut"},"schema":{"@context":"https:\/\/schema.org","@graph":[{"@type":"WebPage","@id":"https:\/\/www.peetri.edu.ee\/pohikool\/erasmus-opiranded\/2022-2024-projekt\/project-based-learning-pbl-classroom-setup-integration-reflectionpbl-project-based-learning-improve-management-class\/","url":"https:\/\/www.peetri.edu.ee\/pohikool\/erasmus-opiranded\/2022-2024-projekt\/project-based-learning-pbl-classroom-setup-integration-reflectionpbl-project-based-learning-improve-management-class\/","name":"Project-Based Learning (PBL) in the Classroom: Setup, Integration and Reflection\/PBL Project Based Learning to improve the management of the class (Itaalia) - Peetri P\u00f5hikool","isPartOf":{"@id":"https:\/\/www.peetri.edu.ee\/pohikool\/#website"},"primaryImageOfPage":{"@id":"https:\/\/www.peetri.edu.ee\/pohikool\/erasmus-opiranded\/2022-2024-projekt\/project-based-learning-pbl-classroom-setup-integration-reflectionpbl-project-based-learning-improve-management-class\/#primaryimage"},"image":{"@id":"https:\/\/www.peetri.edu.ee\/pohikool\/erasmus-opiranded\/2022-2024-projekt\/project-based-learning-pbl-classroom-setup-integration-reflectionpbl-project-based-learning-improve-management-class\/#primaryimage"},"thumbnailUrl":"https:\/\/www.peetri.edu.ee\/pohikool\/wp-content\/uploads\/sites\/3\/2023\/08\/Klassiruumis-1-1-300x169.jpg","datePublished":"2023-08-30T14:44:50+00:00","dateModified":"2024-04-20T16:57:13+00:00","breadcrumb":{"@id":"https:\/\/www.peetri.edu.ee\/pohikool\/erasmus-opiranded\/2022-2024-projekt\/project-based-learning-pbl-classroom-setup-integration-reflectionpbl-project-based-learning-improve-management-class\/#breadcrumb"},"inLanguage":"et","potentialAction":[{"@type":"ReadAction","target":["https:\/\/www.peetri.edu.ee\/pohikool\/erasmus-opiranded\/2022-2024-projekt\/project-based-learning-pbl-classroom-setup-integration-reflectionpbl-project-based-learning-improve-management-class\/"]}]},{"@type":"ImageObject","inLanguage":"et","@id":"https:\/\/www.peetri.edu.ee\/pohikool\/erasmus-opiranded\/2022-2024-projekt\/project-based-learning-pbl-classroom-setup-integration-reflectionpbl-project-based-learning-improve-management-class\/#primaryimage","url":"https:\/\/www.peetri.edu.ee\/pohikool\/wp-content\/uploads\/sites\/3\/2023\/08\/Klassiruumis-1-1.jpg","contentUrl":"https:\/\/www.peetri.edu.ee\/pohikool\/wp-content\/uploads\/sites\/3\/2023\/08\/Klassiruumis-1-1.jpg","width":4000,"height":2250},{"@type":"BreadcrumbList","@id":"https:\/\/www.peetri.edu.ee\/pohikool\/erasmus-opiranded\/2022-2024-projekt\/project-based-learning-pbl-classroom-setup-integration-reflectionpbl-project-based-learning-improve-management-class\/#breadcrumb","itemListElement":[{"@type":"ListItem","position":1,"name":"Home","item":"https:\/\/www.peetri.edu.ee\/pohikool\/"},{"@type":"ListItem","position":2,"name":"Erasmus+ \u00f5pir\u00e4nded ja koost\u00f6\u00f6projektid","item":"https:\/\/www.peetri.edu.ee\/pohikool\/erasmus-opiranded\/"},{"@type":"ListItem","position":3,"name":"2022-2024 projekt","item":"https:\/\/www.peetri.edu.ee\/pohikool\/erasmus-opiranded\/2022-2024-projekt\/"},{"@type":"ListItem","position":4,"name":"Project-Based Learning (PBL) in the Classroom: Setup, Integration and Reflection\/PBL Project Based Learning to improve the management of the class (Itaalia)"}]},{"@type":"WebSite","@id":"https:\/\/www.peetri.edu.ee\/pohikool\/#website","url":"https:\/\/www.peetri.edu.ee\/pohikool\/","name":"Peetri P\u00f5hikool","description":"Igas inimeses on p\u00e4ike, laskem tal s\u00e4rada","potentialAction":[{"@type":"SearchAction","target":{"@type":"EntryPoint","urlTemplate":"https:\/\/www.peetri.edu.ee\/pohikool\/?s={search_term_string}"},"query-input":{"@type":"PropertyValueSpecification","valueRequired":true,"valueName":"search_term_string"}}],"inLanguage":"et"}]}},"acf":[],"_links":{"self":[{"href":"https:\/\/www.peetri.edu.ee\/pohikool\/wp-json\/wp\/v2\/pages\/7794","targetHints":{"allow":["GET"]}}],"collection":[{"href":"https:\/\/www.peetri.edu.ee\/pohikool\/wp-json\/wp\/v2\/pages"}],"about":[{"href":"https:\/\/www.peetri.edu.ee\/pohikool\/wp-json\/wp\/v2\/types\/page"}],"author":[{"embeddable":true,"href":"https:\/\/www.peetri.edu.ee\/pohikool\/wp-json\/wp\/v2\/users\/14"}],"replies":[{"embeddable":true,"href":"https:\/\/www.peetri.edu.ee\/pohikool\/wp-json\/wp\/v2\/comments?post=7794"}],"version-history":[{"count":5,"href":"https:\/\/www.peetri.edu.ee\/pohikool\/wp-json\/wp\/v2\/pages\/7794\/revisions"}],"predecessor-version":[{"id":8492,"href":"https:\/\/www.peetri.edu.ee\/pohikool\/wp-json\/wp\/v2\/pages\/7794\/revisions\/8492"}],"up":[{"embeddable":true,"href":"https:\/\/www.peetri.edu.ee\/pohikool\/wp-json\/wp\/v2\/pages\/7777"}],"wp:attachment":[{"href":"https:\/\/www.peetri.edu.ee\/pohikool\/wp-json\/wp\/v2\/media?parent=7794"}],"curies":[{"name":"wp","href":"https:\/\/api.w.org\/{rel}","templated":true}]}}