{"id":7792,"date":"2023-08-30T17:44:17","date_gmt":"2023-08-30T14:44:17","guid":{"rendered":"https:\/\/www.peetri.edu.ee\/pohikool\/?page_id=7792"},"modified":"2024-04-20T20:55:47","modified_gmt":"2024-04-20T17:55:47","slug":"interactive-ict-based-web-digital-tools-effective-blended-flipped-cooperative-learning","status":"publish","type":"page","link":"https:\/\/www.peetri.edu.ee\/pohikool\/erasmus-opiranded\/2022-2024-projekt\/interactive-ict-based-web-digital-tools-effective-blended-flipped-cooperative-learning\/","title":{"rendered":"Interactive ICT-based, web and digital tools for an effective blended, flipped and cooperative learning\u00a0"},"content":{"rendered":"<p><b>Interaktiivsete IKT-p\u00f5histe, veebi- ja digitehnoloogiliste vahendite tutvustamine \u00fcmberp\u00f6\u00f6ratud klassiruumi ja koost\u00f6\u00f6\u00f5ppeks.<\/b><\/p>\n<p><span style=\"font-weight: 400\">Suvel 2023 toimus Maltal \u00f5petajatele haridusliku innovatsiooni koost\u00f6\u00f6projekt, kus tutvustati ja katsetati uusi interaktiivseid \u00f5ppevahendeid ning jagati parimaid praktikaid kaasaegseks \u00f5ppeprotsessiks.<\/span><\/p>\n<p><span style=\"font-weight: 400\">Esimesel p\u00e4eval tutvuti projektis osalevate koolidega, nende seniste digitehnoloogiliste vahendite kasutamise v\u00f5imalustega, arutati koost\u00f6\u00f6le suunatud \u00f5ppetegevuse p\u00f5him\u00f5tteid nii tavap\u00e4rases kui \u00fcmberp\u00f6\u00f6ratud klassiruumis.\u00a0 Osalejatel oli v\u00f5imalus tutvuda erinevate Euroopariikide hariduss\u00fcsteemiga ning vestelda kolleegidega \u00fcle Euroopa.\u00a0<\/span><\/p>\n<p><span style=\"font-weight: 400\">J\u00e4rgnevatel p\u00e4evadel toimusid p\u00f5nevad t\u00f6\u00f6toad, mis keskendusid info- ja kommunikatsioonitehnoloogiliste vahendite kasutamisele hariduses ja \u00fcmberp\u00f6\u00f6ratud klassiruumis. Osalejad said praktilisi teadmisi ja tutvusid uute veebi- ja digitehnoloogiliste vahenditega, mida saab rakendada koost\u00f6\u00f6 arendamiseks igap\u00e4evases \u00f5ppeprotsessis.<\/span> <span style=\"font-weight: 400\">Osalejad t\u00e4iustasid oma digioskusi, \u00f5ppides erinevate t\u00f6\u00f6riistade, tarkvara ja programmide kasutamist ning said ideid, kuidas IKT abil suurendada \u00f5pilaste motivatsiooni, ettev\u00f5tlikkust ja \u00f5pitahet.<\/span><\/p>\n<p><span style=\"font-weight: 400\">Projekti eesm\u00e4rk oli edendada koost\u00f6ist \u00f5pikeskkonda kasutades IKT, veebi- ja digitehnoloogilisi vahendeid. Osalejad said\u00a0 katsetada erinevate rakenduste hinnangute andmise ja hindamise v\u00f5imalusi ning kavandada tunniprojekte.<\/span> <span style=\"font-weight: 400\">Hindamisel arvestati osalejate \u00f5pitulemuste saavutamist erinevate demonstratsioonide, oskuste kasutamise, enesehindamise, reflektsiooni ja tagasiside kaudu.\u00a0<\/span><\/p>\n<p><span style=\"font-weight: 400\">Koost\u00f6\u00f6projekt oli inspireeriv ja praktiline. Julgustas \u00f5petajaid rohkem igap\u00e4evases \u00f5ppeprotsessis kasutama erinevaid innovaatilisi \u00f5ppemeetodeid ja digivahendeid mitmekesise ning kaasahaarava \u00f5pikeskkonna loomiseks. Samuti edendama rahvusvahelist koost\u00f6\u00f6d haridusvaldkonnas.<\/span><\/p>\n<p><a href=\"https:\/\/www.peetri.edu.ee\/pohikool\/wp-content\/uploads\/sites\/3\/2023\/08\/nimetu-ldine_orig.png\"><img loading=\"lazy\" decoding=\"async\" class=\"alignnone size-medium wp-image-8487\" src=\"https:\/\/www.peetri.edu.ee\/pohikool\/wp-content\/uploads\/sites\/3\/2023\/08\/nimetu-ldine_orig-300x217.png\" alt=\"\" width=\"300\" height=\"217\" \/><\/a> <a href=\"https:\/\/www.peetri.edu.ee\/pohikool\/wp-content\/uploads\/sites\/3\/2023\/08\/20230802-091318.jpg\"><img loading=\"lazy\" decoding=\"async\" class=\"alignnone size-medium wp-image-8488\" src=\"https:\/\/www.peetri.edu.ee\/pohikool\/wp-content\/uploads\/sites\/3\/2023\/08\/20230802-091318-300x225.jpg\" alt=\"\" width=\"300\" height=\"225\" \/><\/a><\/p>\n<p><a href=\"https:\/\/www.peetri.edu.ee\/pohikool\/wp-content\/uploads\/sites\/3\/2023\/08\/Allalaaditud-fail-3.jpg\"><img loading=\"lazy\" decoding=\"async\" class=\"alignnone wp-image-8528\" src=\"https:\/\/www.peetri.edu.ee\/pohikool\/wp-content\/uploads\/sites\/3\/2023\/08\/Allalaaditud-fail-3-300x225.jpg\" alt=\"\" width=\"375\" height=\"281\" \/><\/a><\/p>\n<p><a href=\"http:\/\/profareng.weebly.com\/interactive-ict-based-web-and-digital-tools-for-an-effective-blended-flipped-and-cooperative-learning---malta.html\">http:\/\/profareng.weebly.com\/interactive-ict-based-web-and-digital-tools-for-an-effective-blended-flipped-and-cooperative-learning&#8212;malta.html<\/a><\/p>\n","protected":false},"excerpt":{"rendered":"<p>Interaktiivsete IKT-p\u00f5histe, veebi- ja digitehnoloogiliste vahendite tutvustamine \u00fcmberp\u00f6\u00f6ratud klassiruumi ja koost\u00f6\u00f6\u00f5ppeks. Suvel 2023 toimus Maltal \u00f5petajatele haridusliku innovatsiooni koost\u00f6\u00f6projekt, kus&#8230;<\/p>\n","protected":false},"author":14,"featured_media":0,"parent":7777,"menu_order":30,"comment_status":"closed","ping_status":"closed","template":"","meta":{"_acf_changed":false,"footnotes":""},"class_list":["post-7792","page","type-page","status-publish","hentry"],"yoast_head":"<!-- This site is optimized with the Yoast SEO plugin v27.5 - https:\/\/yoast.com\/product\/yoast-seo-wordpress\/ -->\n<title>Interactive ICT-based, web and digital tools for an effective blended, flipped and cooperative learning\u00a0 - Peetri P\u00f5hikool<\/title>\n<meta name=\"robots\" content=\"index, follow, max-snippet:-1, max-image-preview:large, max-video-preview:-1\" \/>\n<link rel=\"canonical\" href=\"https:\/\/www.peetri.edu.ee\/pohikool\/erasmus-opiranded\/2022-2024-projekt\/interactive-ict-based-web-digital-tools-effective-blended-flipped-cooperative-learning\/\" \/>\n<meta property=\"og:locale\" content=\"et_EE\" \/>\n<meta property=\"og:type\" content=\"article\" \/>\n<meta property=\"og:title\" content=\"Interactive ICT-based, web and digital tools for an effective blended, flipped and cooperative learning\u00a0 - Peetri P\u00f5hikool\" \/>\n<meta property=\"og:description\" content=\"Interaktiivsete IKT-p\u00f5histe, veebi- ja digitehnoloogiliste vahendite tutvustamine \u00fcmberp\u00f6\u00f6ratud klassiruumi ja koost\u00f6\u00f6\u00f5ppeks. Suvel 2023 toimus Maltal \u00f5petajatele haridusliku innovatsiooni koost\u00f6\u00f6projekt, kus...\" \/>\n<meta property=\"og:url\" content=\"https:\/\/www.peetri.edu.ee\/pohikool\/erasmus-opiranded\/2022-2024-projekt\/interactive-ict-based-web-digital-tools-effective-blended-flipped-cooperative-learning\/\" \/>\n<meta property=\"og:site_name\" content=\"Peetri P\u00f5hikool\" \/>\n<meta property=\"article:modified_time\" content=\"2024-04-20T17:55:47+00:00\" \/>\n<meta property=\"og:image\" content=\"https:\/\/www.peetri.edu.ee\/pohikool\/wp-content\/uploads\/sites\/3\/2023\/08\/nimetu-ldine_orig-300x217.png\" \/>\n<meta name=\"twitter:card\" content=\"summary_large_image\" \/>\n<meta name=\"twitter:label1\" content=\"Est. reading time\" \/>\n\t<meta name=\"twitter:data1\" content=\"1 minut\" \/>\n<script type=\"application\/ld+json\" class=\"yoast-schema-graph\">{\"@context\":\"https:\\\/\\\/schema.org\",\"@graph\":[{\"@type\":\"WebPage\",\"@id\":\"https:\\\/\\\/www.peetri.edu.ee\\\/pohikool\\\/erasmus-opiranded\\\/2022-2024-projekt\\\/interactive-ict-based-web-digital-tools-effective-blended-flipped-cooperative-learning\\\/\",\"url\":\"https:\\\/\\\/www.peetri.edu.ee\\\/pohikool\\\/erasmus-opiranded\\\/2022-2024-projekt\\\/interactive-ict-based-web-digital-tools-effective-blended-flipped-cooperative-learning\\\/\",\"name\":\"Interactive ICT-based, web and digital tools for an effective blended, flipped and cooperative learning\u00a0 - Peetri P\u00f5hikool\",\"isPartOf\":{\"@id\":\"https:\\\/\\\/www.peetri.edu.ee\\\/pohikool\\\/#website\"},\"primaryImageOfPage\":{\"@id\":\"https:\\\/\\\/www.peetri.edu.ee\\\/pohikool\\\/erasmus-opiranded\\\/2022-2024-projekt\\\/interactive-ict-based-web-digital-tools-effective-blended-flipped-cooperative-learning\\\/#primaryimage\"},\"image\":{\"@id\":\"https:\\\/\\\/www.peetri.edu.ee\\\/pohikool\\\/erasmus-opiranded\\\/2022-2024-projekt\\\/interactive-ict-based-web-digital-tools-effective-blended-flipped-cooperative-learning\\\/#primaryimage\"},\"thumbnailUrl\":\"https:\\\/\\\/www.peetri.edu.ee\\\/pohikool\\\/wp-content\\\/uploads\\\/sites\\\/3\\\/2023\\\/08\\\/nimetu-ldine_orig-300x217.png\",\"datePublished\":\"2023-08-30T14:44:17+00:00\",\"dateModified\":\"2024-04-20T17:55:47+00:00\",\"breadcrumb\":{\"@id\":\"https:\\\/\\\/www.peetri.edu.ee\\\/pohikool\\\/erasmus-opiranded\\\/2022-2024-projekt\\\/interactive-ict-based-web-digital-tools-effective-blended-flipped-cooperative-learning\\\/#breadcrumb\"},\"inLanguage\":\"et\",\"potentialAction\":[{\"@type\":\"ReadAction\",\"target\":[\"https:\\\/\\\/www.peetri.edu.ee\\\/pohikool\\\/erasmus-opiranded\\\/2022-2024-projekt\\\/interactive-ict-based-web-digital-tools-effective-blended-flipped-cooperative-learning\\\/\"]}]},{\"@type\":\"ImageObject\",\"inLanguage\":\"et\",\"@id\":\"https:\\\/\\\/www.peetri.edu.ee\\\/pohikool\\\/erasmus-opiranded\\\/2022-2024-projekt\\\/interactive-ict-based-web-digital-tools-effective-blended-flipped-cooperative-learning\\\/#primaryimage\",\"url\":\"https:\\\/\\\/www.peetri.edu.ee\\\/pohikool\\\/wp-content\\\/uploads\\\/sites\\\/3\\\/2023\\\/08\\\/nimetu-ldine_orig.png\",\"contentUrl\":\"https:\\\/\\\/www.peetri.edu.ee\\\/pohikool\\\/wp-content\\\/uploads\\\/sites\\\/3\\\/2023\\\/08\\\/nimetu-ldine_orig.png\",\"width\":1100,\"height\":797},{\"@type\":\"BreadcrumbList\",\"@id\":\"https:\\\/\\\/www.peetri.edu.ee\\\/pohikool\\\/erasmus-opiranded\\\/2022-2024-projekt\\\/interactive-ict-based-web-digital-tools-effective-blended-flipped-cooperative-learning\\\/#breadcrumb\",\"itemListElement\":[{\"@type\":\"ListItem\",\"position\":1,\"name\":\"Home\",\"item\":\"https:\\\/\\\/www.peetri.edu.ee\\\/pohikool\\\/\"},{\"@type\":\"ListItem\",\"position\":2,\"name\":\"Erasmus+ \u00f5pir\u00e4nded ja koost\u00f6\u00f6projektid\",\"item\":\"https:\\\/\\\/www.peetri.edu.ee\\\/pohikool\\\/erasmus-opiranded\\\/\"},{\"@type\":\"ListItem\",\"position\":3,\"name\":\"2022-2024 projekt\",\"item\":\"https:\\\/\\\/www.peetri.edu.ee\\\/pohikool\\\/erasmus-opiranded\\\/2022-2024-projekt\\\/\"},{\"@type\":\"ListItem\",\"position\":4,\"name\":\"Interactive ICT-based, web and digital tools for an effective blended, flipped and cooperative learning\u00a0\"}]},{\"@type\":\"WebSite\",\"@id\":\"https:\\\/\\\/www.peetri.edu.ee\\\/pohikool\\\/#website\",\"url\":\"https:\\\/\\\/www.peetri.edu.ee\\\/pohikool\\\/\",\"name\":\"Peetri P\u00f5hikool\",\"description\":\"Igas inimeses on p\u00e4ike, laskem tal s\u00e4rada\",\"potentialAction\":[{\"@type\":\"SearchAction\",\"target\":{\"@type\":\"EntryPoint\",\"urlTemplate\":\"https:\\\/\\\/www.peetri.edu.ee\\\/pohikool\\\/?s={search_term_string}\"},\"query-input\":{\"@type\":\"PropertyValueSpecification\",\"valueRequired\":true,\"valueName\":\"search_term_string\"}}],\"inLanguage\":\"et\"}]}<\/script>\n<!-- \/ Yoast SEO plugin. -->","yoast_head_json":{"title":"Interactive ICT-based, web and digital tools for an effective blended, flipped and cooperative learning\u00a0 - Peetri P\u00f5hikool","robots":{"index":"index","follow":"follow","max-snippet":"max-snippet:-1","max-image-preview":"max-image-preview:large","max-video-preview":"max-video-preview:-1"},"canonical":"https:\/\/www.peetri.edu.ee\/pohikool\/erasmus-opiranded\/2022-2024-projekt\/interactive-ict-based-web-digital-tools-effective-blended-flipped-cooperative-learning\/","og_locale":"et_EE","og_type":"article","og_title":"Interactive ICT-based, web and digital tools for an effective blended, flipped and cooperative learning\u00a0 - Peetri P\u00f5hikool","og_description":"Interaktiivsete IKT-p\u00f5histe, veebi- ja digitehnoloogiliste vahendite tutvustamine \u00fcmberp\u00f6\u00f6ratud klassiruumi ja koost\u00f6\u00f6\u00f5ppeks. Suvel 2023 toimus Maltal \u00f5petajatele haridusliku innovatsiooni koost\u00f6\u00f6projekt, kus...","og_url":"https:\/\/www.peetri.edu.ee\/pohikool\/erasmus-opiranded\/2022-2024-projekt\/interactive-ict-based-web-digital-tools-effective-blended-flipped-cooperative-learning\/","og_site_name":"Peetri P\u00f5hikool","article_modified_time":"2024-04-20T17:55:47+00:00","og_image":[{"url":"https:\/\/www.peetri.edu.ee\/pohikool\/wp-content\/uploads\/sites\/3\/2023\/08\/nimetu-ldine_orig-300x217.png","type":"","width":"","height":""}],"twitter_card":"summary_large_image","twitter_misc":{"Est. reading time":"1 minut"},"schema":{"@context":"https:\/\/schema.org","@graph":[{"@type":"WebPage","@id":"https:\/\/www.peetri.edu.ee\/pohikool\/erasmus-opiranded\/2022-2024-projekt\/interactive-ict-based-web-digital-tools-effective-blended-flipped-cooperative-learning\/","url":"https:\/\/www.peetri.edu.ee\/pohikool\/erasmus-opiranded\/2022-2024-projekt\/interactive-ict-based-web-digital-tools-effective-blended-flipped-cooperative-learning\/","name":"Interactive ICT-based, web and digital tools for an effective blended, flipped and cooperative learning\u00a0 - Peetri P\u00f5hikool","isPartOf":{"@id":"https:\/\/www.peetri.edu.ee\/pohikool\/#website"},"primaryImageOfPage":{"@id":"https:\/\/www.peetri.edu.ee\/pohikool\/erasmus-opiranded\/2022-2024-projekt\/interactive-ict-based-web-digital-tools-effective-blended-flipped-cooperative-learning\/#primaryimage"},"image":{"@id":"https:\/\/www.peetri.edu.ee\/pohikool\/erasmus-opiranded\/2022-2024-projekt\/interactive-ict-based-web-digital-tools-effective-blended-flipped-cooperative-learning\/#primaryimage"},"thumbnailUrl":"https:\/\/www.peetri.edu.ee\/pohikool\/wp-content\/uploads\/sites\/3\/2023\/08\/nimetu-ldine_orig-300x217.png","datePublished":"2023-08-30T14:44:17+00:00","dateModified":"2024-04-20T17:55:47+00:00","breadcrumb":{"@id":"https:\/\/www.peetri.edu.ee\/pohikool\/erasmus-opiranded\/2022-2024-projekt\/interactive-ict-based-web-digital-tools-effective-blended-flipped-cooperative-learning\/#breadcrumb"},"inLanguage":"et","potentialAction":[{"@type":"ReadAction","target":["https:\/\/www.peetri.edu.ee\/pohikool\/erasmus-opiranded\/2022-2024-projekt\/interactive-ict-based-web-digital-tools-effective-blended-flipped-cooperative-learning\/"]}]},{"@type":"ImageObject","inLanguage":"et","@id":"https:\/\/www.peetri.edu.ee\/pohikool\/erasmus-opiranded\/2022-2024-projekt\/interactive-ict-based-web-digital-tools-effective-blended-flipped-cooperative-learning\/#primaryimage","url":"https:\/\/www.peetri.edu.ee\/pohikool\/wp-content\/uploads\/sites\/3\/2023\/08\/nimetu-ldine_orig.png","contentUrl":"https:\/\/www.peetri.edu.ee\/pohikool\/wp-content\/uploads\/sites\/3\/2023\/08\/nimetu-ldine_orig.png","width":1100,"height":797},{"@type":"BreadcrumbList","@id":"https:\/\/www.peetri.edu.ee\/pohikool\/erasmus-opiranded\/2022-2024-projekt\/interactive-ict-based-web-digital-tools-effective-blended-flipped-cooperative-learning\/#breadcrumb","itemListElement":[{"@type":"ListItem","position":1,"name":"Home","item":"https:\/\/www.peetri.edu.ee\/pohikool\/"},{"@type":"ListItem","position":2,"name":"Erasmus+ \u00f5pir\u00e4nded ja koost\u00f6\u00f6projektid","item":"https:\/\/www.peetri.edu.ee\/pohikool\/erasmus-opiranded\/"},{"@type":"ListItem","position":3,"name":"2022-2024 projekt","item":"https:\/\/www.peetri.edu.ee\/pohikool\/erasmus-opiranded\/2022-2024-projekt\/"},{"@type":"ListItem","position":4,"name":"Interactive ICT-based, web and digital tools for an effective blended, flipped and cooperative learning\u00a0"}]},{"@type":"WebSite","@id":"https:\/\/www.peetri.edu.ee\/pohikool\/#website","url":"https:\/\/www.peetri.edu.ee\/pohikool\/","name":"Peetri P\u00f5hikool","description":"Igas inimeses on p\u00e4ike, laskem tal s\u00e4rada","potentialAction":[{"@type":"SearchAction","target":{"@type":"EntryPoint","urlTemplate":"https:\/\/www.peetri.edu.ee\/pohikool\/?s={search_term_string}"},"query-input":{"@type":"PropertyValueSpecification","valueRequired":true,"valueName":"search_term_string"}}],"inLanguage":"et"}]}},"acf":[],"_links":{"self":[{"href":"https:\/\/www.peetri.edu.ee\/pohikool\/wp-json\/wp\/v2\/pages\/7792","targetHints":{"allow":["GET"]}}],"collection":[{"href":"https:\/\/www.peetri.edu.ee\/pohikool\/wp-json\/wp\/v2\/pages"}],"about":[{"href":"https:\/\/www.peetri.edu.ee\/pohikool\/wp-json\/wp\/v2\/types\/page"}],"author":[{"embeddable":true,"href":"https:\/\/www.peetri.edu.ee\/pohikool\/wp-json\/wp\/v2\/users\/14"}],"replies":[{"embeddable":true,"href":"https:\/\/www.peetri.edu.ee\/pohikool\/wp-json\/wp\/v2\/comments?post=7792"}],"version-history":[{"count":5,"href":"https:\/\/www.peetri.edu.ee\/pohikool\/wp-json\/wp\/v2\/pages\/7792\/revisions"}],"predecessor-version":[{"id":8529,"href":"https:\/\/www.peetri.edu.ee\/pohikool\/wp-json\/wp\/v2\/pages\/7792\/revisions\/8529"}],"up":[{"embeddable":true,"href":"https:\/\/www.peetri.edu.ee\/pohikool\/wp-json\/wp\/v2\/pages\/7777"}],"wp:attachment":[{"href":"https:\/\/www.peetri.edu.ee\/pohikool\/wp-json\/wp\/v2\/media?parent=7792"}],"curies":[{"name":"wp","href":"https:\/\/api.w.org\/{rel}","templated":true}]}}