{"id":7775,"date":"2023-08-30T17:23:55","date_gmt":"2023-08-30T14:23:55","guid":{"rendered":"https:\/\/www.peetri.edu.ee\/pohikool\/?page_id=7775"},"modified":"2023-09-26T18:16:18","modified_gmt":"2023-09-26T15:16:18","slug":"2020-2023-aasta-projekti-ja-koolituste-tutvustamine-kolleegidele-tegevused-opilastega","status":"publish","type":"page","link":"https:\/\/www.peetri.edu.ee\/pohikool\/erasmus-opiranded\/2020-2022-projekt\/2020-2023-aasta-projekti-ja-koolituste-tutvustamine-kolleegidele-tegevused-opilastega\/","title":{"rendered":"2020-2023 aasta projekti ja koolituste tutvustamine kolleegidele. Tegevused \u00f5pilastega."},"content":{"rendered":"<p><img loading=\"lazy\" decoding=\"async\" class=\"alignnone size-medium wp-image-7197\" src=\"https:\/\/www.peetri.edu.ee\/pohikool\/wp-content\/uploads\/sites\/3\/2021\/08\/logoEL-300x83.png\" alt=\"\" width=\"300\" height=\"83\" \/><\/p>\n<p>Erasmus+ projekti <strong>&#8220;\u00d5ppimise t\u00f5hustamine kaasates erinevaid meetodeid ning \u00f5petajate enesearengut&#8221;<\/strong> tutvustati \u00f5petajatele t\u00f6\u00f6koosolekutel ja sisekoolitustel. Tutvustati projekti eesm\u00e4rke, k\u00f5iki\u00a0 tegevusi, koolitusi ja \u00f5piv\u00e4ljundeid.<\/p>\n<p>K\u00f5ikidel Peetri kooli \u00f5petajatel oli v\u00f5imalik \u00f5pir\u00e4nnetel osaleda. Peale projekti tutvustust said soovijad oma osalemissoovist projekti meeskonnale\u00a0 teada anda.<\/p>\n<p>COVID-19 tingitud probleemide t\u00f5ttu\u00a0 said \u00f5petajad aktiivsemalt \u00f5pir\u00e4ndel osalema hakata alles\u00a0 2022 aasta kevadest.<br \/>\nKursustel osalenud \u00f5petajad viisid kolleegidele l\u00e4bi\u00a0 sisekoolitusi koos praktiliste juhistega. \u00d5petajad jagasid saadud teadmisi ja motiveerisid kolleege \u00f5pir\u00e4nnetel osalema. Projekti tutvustati kooli hoolekogus.<br \/>\n\u00d5pir\u00e4ndelt saadud uute partneritega loodi inglise keele \u00f5ppimiseks eTwinningu projekt <strong>\u201cRuum 267\u201d<\/strong>,\u00a0 kuhu kaastati projektis osalenud \u00f5petajaid.\u00a0 Projekt saavutas kvaliteedim\u00e4rgi. eTwinningu projekti ja selle tegevusi tutvustati t\u00f6\u00f6koosolekutel kolleegidele.<\/p>\n<p>Erasmus+ projektis <strong>&#8220;\u00d5ppimise t\u00f5hustamine kaasates erinevaid meetodeid ning \u00f5petajate enesearengut&#8221;<\/strong> osalenud \u00f5petajad on saadud \u00f5ppematerjale kasutanud oma ainetundides ning klassijuhatajatundides. \u00d5pir\u00e4nnetelt saadi uusi tutvusi, kellega koost\u00f6\u00f6d j\u00e4tkatakse.<\/p>\n<p>Projektis <strong>&#8220;\u00d5ppimise t\u00f5hustamine kaasates erinevaid meetodeid ning \u00f5petajate enesearengut&#8221;<\/strong> olevate \u00f5pir\u00e4nnete\u00a0 t\u00e4psemad kirjeldused lisati projekti kodulehele (<a href=\"http:\/\/profareng.weebly.com\/2021-2023.html\">http:\/\/profareng.weebly.com\/2020-2023-otildeppimise-totildehustamine-kaasates-erinevaid-meetodeid-ning-otildepetajate-enesearengut.htmlhttp:\/\/profareng.weebly.com\/2021-2023.html<\/a>), kooli veebilehele\u00a0 ja l\u00fchidalt kirjeldati projekti\u00a0 valla lehes.<\/p>\n<p>Projektis osalejad on andnud tagasisidet kursuse korraldajatele ja projekti aruannete keskkonnas, oma t\u00f6\u00f6st ja projekti m\u00f5just koolile tehti kokkuv\u00f5tteid, mida jagati kolleegidele.<br \/>\n\u00d5petajad viisid kolleegidele l\u00e4bi sisekoolitusi, saadud teadmisi kasutati ainetundides, toimusid erinevad teemap\u00e4evad (\u00f5ues\u00f5ppep\u00e4ev, veep\u00e4ev) ja\u00a0 loodi keskkonna teemalisi videoklippe.<\/p>\n<p><b>Projekti tutvustused \u00f5petajatele<br \/>\n<\/b>Peale rahastuse saamist tutvustati projekti \u00f5petajatele.<br \/>\nErasmus+ projekte tutvustas kooli haridustehnoloog ja kooli Erasmus+ projektide koordinaator koos P\u00e4rnu Koidula G\u00fcmnaasiumi haridustehnoloogiga\u00a0 festivali IduEdu 2023 t\u00f6\u00f6toas \u201ceTwinning ja Erasmus+ k\u00e4sik\u00e4es:rahvuvahelisest veebip\u00f5hisest koost\u00f6\u00f6st \u00f5pir\u00e4ndeni\u201d<\/p>\n<p><img loading=\"lazy\" decoding=\"async\" class=\"alignnone wp-image-7612\" src=\"https:\/\/www.peetri.edu.ee\/pohikool\/wp-content\/uploads\/sites\/3\/2023\/05\/iduedu2-300x169.jpg\" alt=\"\" width=\"353\" height=\"199\" \/><br \/>\nFoto:erakogu<\/p>\n<p><strong>Sisekoolitused \u00f5petajatele.<br \/>\n<\/strong>Koolitustel ja t\u00f6\u00f6varjutamisel osalenud \u00f5petajad jagasid oma teadmisi kolleegidele sisekoolituste kaudu. Kuna projekti pikendati COVID-19 tingitud probleemide t\u00f5ttu ja p\u00e4rast m\u00f5nda \u00f5pir\u00e4nnet toimusid veebitunnid, siis m\u00f5nda \u00f5pir\u00e4nnet tutvustati kolleegidele veebi vahendusel.<\/p>\n<p><a href=\"https:\/\/www.peetri.edu.ee\/pohikool\/wp-content\/uploads\/sites\/3\/2023\/08\/op12.jpg\"><img loading=\"lazy\" decoding=\"async\" class=\"alignnone size-medium wp-image-8052\" src=\"https:\/\/www.peetri.edu.ee\/pohikool\/wp-content\/uploads\/sites\/3\/2023\/08\/op12-300x169.jpg\" alt=\"\" width=\"300\" height=\"169\" \/><\/a> \u00a0\u00a0\u00a0<a href=\"https:\/\/www.peetri.edu.ee\/pohikool\/wp-content\/uploads\/sites\/3\/2023\/08\/op7.jpg\"><img loading=\"lazy\" decoding=\"async\" class=\"alignnone size-medium wp-image-8056\" src=\"https:\/\/www.peetri.edu.ee\/pohikool\/wp-content\/uploads\/sites\/3\/2023\/08\/op7-300x169.jpg\" alt=\"\" width=\"300\" height=\"169\" \/><\/a> <a href=\"https:\/\/www.peetri.edu.ee\/pohikool\/wp-content\/uploads\/sites\/3\/2023\/08\/op6.jpg\"><img loading=\"lazy\" decoding=\"async\" class=\"alignnone size-medium wp-image-8057\" src=\"https:\/\/www.peetri.edu.ee\/pohikool\/wp-content\/uploads\/sites\/3\/2023\/08\/op6-300x169.jpg\" alt=\"\" width=\"300\" height=\"169\" \/><\/a> <a href=\"https:\/\/www.peetri.edu.ee\/pohikool\/wp-content\/uploads\/sites\/3\/2023\/08\/op5.jpg\"><img loading=\"lazy\" decoding=\"async\" class=\"alignnone size-medium wp-image-8058\" src=\"https:\/\/www.peetri.edu.ee\/pohikool\/wp-content\/uploads\/sites\/3\/2023\/08\/op5-300x169.jpg\" alt=\"\" width=\"300\" height=\"169\" \/><\/a> <a href=\"https:\/\/www.peetri.edu.ee\/pohikool\/wp-content\/uploads\/sites\/3\/2023\/08\/op4.jpg\"><img loading=\"lazy\" decoding=\"async\" class=\"alignnone size-medium wp-image-8059\" src=\"https:\/\/www.peetri.edu.ee\/pohikool\/wp-content\/uploads\/sites\/3\/2023\/08\/op4-300x169.jpg\" alt=\"\" width=\"300\" height=\"169\" \/><\/a> <a href=\"https:\/\/www.peetri.edu.ee\/pohikool\/wp-content\/uploads\/sites\/3\/2023\/08\/op3.jpg\"><img loading=\"lazy\" decoding=\"async\" class=\"alignnone size-medium wp-image-8060\" src=\"https:\/\/www.peetri.edu.ee\/pohikool\/wp-content\/uploads\/sites\/3\/2023\/08\/op3-300x169.jpg\" alt=\"\" width=\"300\" height=\"169\" \/><\/a> <a href=\"https:\/\/www.peetri.edu.ee\/pohikool\/wp-content\/uploads\/sites\/3\/2023\/08\/op2.jpg\"><img loading=\"lazy\" decoding=\"async\" class=\"alignnone size-medium wp-image-8061\" src=\"https:\/\/www.peetri.edu.ee\/pohikool\/wp-content\/uploads\/sites\/3\/2023\/08\/op2-300x169.jpg\" alt=\"\" width=\"300\" height=\"169\" \/><\/a> <a href=\"https:\/\/www.peetri.edu.ee\/pohikool\/wp-content\/uploads\/sites\/3\/2023\/08\/\u00f5pet.jpg\"><img loading=\"lazy\" decoding=\"async\" class=\"alignnone wp-image-8062\" src=\"https:\/\/www.peetri.edu.ee\/pohikool\/wp-content\/uploads\/sites\/3\/2023\/08\/\u00f5pet-300x169.jpg\" alt=\"\" width=\"300\" height=\"169\" \/>\u00a0 \u00a0 \u00a0<\/a><a href=\"https:\/\/www.peetri.edu.ee\/pohikool\/wp-content\/uploads\/sites\/3\/2023\/08\/IMG-20220113-WA0011.jpg\"><img loading=\"lazy\" decoding=\"async\" class=\"alignnone size-medium wp-image-8064\" src=\"https:\/\/www.peetri.edu.ee\/pohikool\/wp-content\/uploads\/sites\/3\/2023\/08\/IMG-20220113-WA0011-300x225.jpg\" alt=\"\" width=\"300\" height=\"225\" \/>\u00a0\u00a0<\/a><a href=\"https:\/\/www.peetri.edu.ee\/pohikool\/wp-content\/uploads\/sites\/3\/2023\/08\/20220112_152643.jpg\"><img loading=\"lazy\" decoding=\"async\" class=\"alignnone size-medium wp-image-8065\" src=\"https:\/\/www.peetri.edu.ee\/pohikool\/wp-content\/uploads\/sites\/3\/2023\/08\/20220112_152643-300x169.jpg\" alt=\"\" width=\"300\" height=\"169\" \/><\/a><\/p>\n<p>M\u00f5ned praktilised tegevused.<\/p>\n<p><a href=\"https:\/\/www.peetri.edu.ee\/pohikool\/wp-content\/uploads\/sites\/3\/2023\/08\/Screenshot_20230926_170646_Gallery-e1695738755168.jpg\"><img loading=\"lazy\" decoding=\"async\" class=\"alignnone wp-image-8063 size-medium\" src=\"https:\/\/www.peetri.edu.ee\/pohikool\/wp-content\/uploads\/sites\/3\/2023\/08\/Screenshot_20230926_170646_Gallery-e1695738755168-300x94.jpg\" alt=\"\" width=\"300\" height=\"94\" \/><\/a><\/p>\n<p><a href=\"https:\/\/www.peetri.edu.ee\/pohikool\/wp-content\/uploads\/sites\/3\/2023\/08\/20220112_155525-1.jpg\"><img loading=\"lazy\" decoding=\"async\" class=\"alignnone size-medium wp-image-8066\" src=\"https:\/\/www.peetri.edu.ee\/pohikool\/wp-content\/uploads\/sites\/3\/2023\/08\/20220112_155525-1-300x169.jpg\" alt=\"\" width=\"300\" height=\"169\" \/><\/a> <a href=\"https:\/\/www.peetri.edu.ee\/pohikool\/wp-content\/uploads\/sites\/3\/2023\/08\/20220112_155525.jpg\"><img loading=\"lazy\" decoding=\"async\" class=\"alignnone size-medium wp-image-8067\" src=\"https:\/\/www.peetri.edu.ee\/pohikool\/wp-content\/uploads\/sites\/3\/2023\/08\/20220112_155525-300x169.jpg\" alt=\"\" width=\"300\" height=\"169\" \/><\/a> <a href=\"https:\/\/www.peetri.edu.ee\/pohikool\/wp-content\/uploads\/sites\/3\/2023\/08\/20220112_155407.jpg\"><img loading=\"lazy\" decoding=\"async\" class=\"alignnone size-medium wp-image-8068\" src=\"https:\/\/www.peetri.edu.ee\/pohikool\/wp-content\/uploads\/sites\/3\/2023\/08\/20220112_155407-300x169.jpg\" alt=\"\" width=\"300\" height=\"169\" \/><\/a><\/p>\n<p><a href=\"https:\/\/www.peetri.edu.ee\/pohikool\/wp-content\/uploads\/sites\/3\/2023\/08\/20220112_154833.jpg\"><img loading=\"lazy\" decoding=\"async\" class=\"alignnone size-medium wp-image-8069\" src=\"https:\/\/www.peetri.edu.ee\/pohikool\/wp-content\/uploads\/sites\/3\/2023\/08\/20220112_154833-300x169.jpg\" alt=\"\" width=\"300\" height=\"169\" \/><\/a> <a href=\"https:\/\/www.peetri.edu.ee\/pohikool\/wp-content\/uploads\/sites\/3\/2023\/08\/20220112_155006.jpg\"><img loading=\"lazy\" decoding=\"async\" class=\"alignnone size-medium wp-image-8070\" src=\"https:\/\/www.peetri.edu.ee\/pohikool\/wp-content\/uploads\/sites\/3\/2023\/08\/20220112_155006-300x169.jpg\" alt=\"\" width=\"300\" height=\"169\" \/><\/a><\/p>\n<p>&nbsp;<\/p>\n<p>&nbsp;<\/p>\n","protected":false},"excerpt":{"rendered":"<p>Erasmus+ projekti &#8220;\u00d5ppimise t\u00f5hustamine kaasates erinevaid meetodeid ning \u00f5petajate enesearengut&#8221; tutvustati \u00f5petajatele t\u00f6\u00f6koosolekutel ja sisekoolitustel. Tutvustati projekti eesm\u00e4rke, k\u00f5iki\u00a0 tegevusi,&#8230;<\/p>\n","protected":false},"author":14,"featured_media":0,"parent":5568,"menu_order":80,"comment_status":"closed","ping_status":"closed","template":"","meta":{"_acf_changed":false,"footnotes":""},"class_list":["post-7775","page","type-page","status-publish","hentry"],"yoast_head":"<!-- This site is optimized with the Yoast SEO plugin v27.2 - https:\/\/yoast.com\/product\/yoast-seo-wordpress\/ -->\n<title>2020-2023 aasta projekti ja koolituste tutvustamine kolleegidele. Tegevused \u00f5pilastega. - Peetri P\u00f5hikool<\/title>\n<meta name=\"robots\" content=\"index, follow, max-snippet:-1, max-image-preview:large, max-video-preview:-1\" \/>\n<link rel=\"canonical\" href=\"https:\/\/www.peetri.edu.ee\/pohikool\/erasmus-opiranded\/2020-2022-projekt\/2020-2023-aasta-projekti-ja-koolituste-tutvustamine-kolleegidele-tegevused-opilastega\/\" \/>\n<meta property=\"og:locale\" content=\"et_EE\" \/>\n<meta property=\"og:type\" content=\"article\" \/>\n<meta property=\"og:title\" content=\"2020-2023 aasta projekti ja koolituste tutvustamine kolleegidele. Tegevused \u00f5pilastega. - Peetri P\u00f5hikool\" \/>\n<meta property=\"og:description\" content=\"Erasmus+ projekti &#8220;\u00d5ppimise t\u00f5hustamine kaasates erinevaid meetodeid ning \u00f5petajate enesearengut&#8221; tutvustati \u00f5petajatele t\u00f6\u00f6koosolekutel ja sisekoolitustel. Tutvustati projekti eesm\u00e4rke, k\u00f5iki\u00a0 tegevusi,...\" \/>\n<meta property=\"og:url\" content=\"https:\/\/www.peetri.edu.ee\/pohikool\/erasmus-opiranded\/2020-2022-projekt\/2020-2023-aasta-projekti-ja-koolituste-tutvustamine-kolleegidele-tegevused-opilastega\/\" \/>\n<meta property=\"og:site_name\" content=\"Peetri P\u00f5hikool\" \/>\n<meta property=\"article:modified_time\" content=\"2023-09-26T15:16:18+00:00\" \/>\n<meta property=\"og:image\" content=\"https:\/\/www.peetri.edu.ee\/pohikool\/wp-content\/uploads\/sites\/3\/2021\/08\/logoEL-300x83.png\" \/>\n<meta name=\"twitter:card\" content=\"summary_large_image\" \/>\n<meta name=\"twitter:label1\" content=\"Est. reading time\" \/>\n\t<meta name=\"twitter:data1\" content=\"2 minutit\" \/>\n<script type=\"application\/ld+json\" class=\"yoast-schema-graph\">{\"@context\":\"https:\/\/schema.org\",\"@graph\":[{\"@type\":\"WebPage\",\"@id\":\"https:\/\/www.peetri.edu.ee\/pohikool\/erasmus-opiranded\/2020-2022-projekt\/2020-2023-aasta-projekti-ja-koolituste-tutvustamine-kolleegidele-tegevused-opilastega\/\",\"url\":\"https:\/\/www.peetri.edu.ee\/pohikool\/erasmus-opiranded\/2020-2022-projekt\/2020-2023-aasta-projekti-ja-koolituste-tutvustamine-kolleegidele-tegevused-opilastega\/\",\"name\":\"2020-2023 aasta projekti ja koolituste tutvustamine kolleegidele. Tegevused \u00f5pilastega. - Peetri P\u00f5hikool\",\"isPartOf\":{\"@id\":\"https:\/\/www.peetri.edu.ee\/pohikool\/#website\"},\"primaryImageOfPage\":{\"@id\":\"https:\/\/www.peetri.edu.ee\/pohikool\/erasmus-opiranded\/2020-2022-projekt\/2020-2023-aasta-projekti-ja-koolituste-tutvustamine-kolleegidele-tegevused-opilastega\/#primaryimage\"},\"image\":{\"@id\":\"https:\/\/www.peetri.edu.ee\/pohikool\/erasmus-opiranded\/2020-2022-projekt\/2020-2023-aasta-projekti-ja-koolituste-tutvustamine-kolleegidele-tegevused-opilastega\/#primaryimage\"},\"thumbnailUrl\":\"https:\/\/www.peetri.edu.ee\/pohikool\/wp-content\/uploads\/sites\/3\/2021\/08\/logoEL-300x83.png\",\"datePublished\":\"2023-08-30T14:23:55+00:00\",\"dateModified\":\"2023-09-26T15:16:18+00:00\",\"breadcrumb\":{\"@id\":\"https:\/\/www.peetri.edu.ee\/pohikool\/erasmus-opiranded\/2020-2022-projekt\/2020-2023-aasta-projekti-ja-koolituste-tutvustamine-kolleegidele-tegevused-opilastega\/#breadcrumb\"},\"inLanguage\":\"et\",\"potentialAction\":[{\"@type\":\"ReadAction\",\"target\":[\"https:\/\/www.peetri.edu.ee\/pohikool\/erasmus-opiranded\/2020-2022-projekt\/2020-2023-aasta-projekti-ja-koolituste-tutvustamine-kolleegidele-tegevused-opilastega\/\"]}]},{\"@type\":\"ImageObject\",\"inLanguage\":\"et\",\"@id\":\"https:\/\/www.peetri.edu.ee\/pohikool\/erasmus-opiranded\/2020-2022-projekt\/2020-2023-aasta-projekti-ja-koolituste-tutvustamine-kolleegidele-tegevused-opilastega\/#primaryimage\",\"url\":\"https:\/\/www.peetri.edu.ee\/pohikool\/wp-content\/uploads\/sites\/3\/2021\/08\/logoEL.png\",\"contentUrl\":\"https:\/\/www.peetri.edu.ee\/pohikool\/wp-content\/uploads\/sites\/3\/2021\/08\/logoEL.png\",\"width\":480,\"height\":132},{\"@type\":\"BreadcrumbList\",\"@id\":\"https:\/\/www.peetri.edu.ee\/pohikool\/erasmus-opiranded\/2020-2022-projekt\/2020-2023-aasta-projekti-ja-koolituste-tutvustamine-kolleegidele-tegevused-opilastega\/#breadcrumb\",\"itemListElement\":[{\"@type\":\"ListItem\",\"position\":1,\"name\":\"Home\",\"item\":\"https:\/\/www.peetri.edu.ee\/pohikool\/\"},{\"@type\":\"ListItem\",\"position\":2,\"name\":\"Erasmus+ \u00f5pir\u00e4nded ja koost\u00f6\u00f6projektid\",\"item\":\"https:\/\/www.peetri.edu.ee\/pohikool\/erasmus-opiranded\/\"},{\"@type\":\"ListItem\",\"position\":3,\"name\":\"2020-2023 projekt\",\"item\":\"https:\/\/www.peetri.edu.ee\/pohikool\/erasmus-opiranded\/2020-2022-projekt\/\"},{\"@type\":\"ListItem\",\"position\":4,\"name\":\"2020-2023 aasta projekti ja koolituste tutvustamine kolleegidele. Tegevused \u00f5pilastega.\"}]},{\"@type\":\"WebSite\",\"@id\":\"https:\/\/www.peetri.edu.ee\/pohikool\/#website\",\"url\":\"https:\/\/www.peetri.edu.ee\/pohikool\/\",\"name\":\"Peetri P\u00f5hikool\",\"description\":\"Igas inimeses on p\u00e4ike, laskem tal s\u00e4rada\",\"potentialAction\":[{\"@type\":\"SearchAction\",\"target\":{\"@type\":\"EntryPoint\",\"urlTemplate\":\"https:\/\/www.peetri.edu.ee\/pohikool\/?s={search_term_string}\"},\"query-input\":{\"@type\":\"PropertyValueSpecification\",\"valueRequired\":true,\"valueName\":\"search_term_string\"}}],\"inLanguage\":\"et\"}]}<\/script>\n<!-- \/ Yoast SEO plugin. -->","yoast_head_json":{"title":"2020-2023 aasta projekti ja koolituste tutvustamine kolleegidele. Tegevused \u00f5pilastega. - Peetri P\u00f5hikool","robots":{"index":"index","follow":"follow","max-snippet":"max-snippet:-1","max-image-preview":"max-image-preview:large","max-video-preview":"max-video-preview:-1"},"canonical":"https:\/\/www.peetri.edu.ee\/pohikool\/erasmus-opiranded\/2020-2022-projekt\/2020-2023-aasta-projekti-ja-koolituste-tutvustamine-kolleegidele-tegevused-opilastega\/","og_locale":"et_EE","og_type":"article","og_title":"2020-2023 aasta projekti ja koolituste tutvustamine kolleegidele. Tegevused \u00f5pilastega. - Peetri P\u00f5hikool","og_description":"Erasmus+ projekti &#8220;\u00d5ppimise t\u00f5hustamine kaasates erinevaid meetodeid ning \u00f5petajate enesearengut&#8221; tutvustati \u00f5petajatele t\u00f6\u00f6koosolekutel ja sisekoolitustel. Tutvustati projekti eesm\u00e4rke, k\u00f5iki\u00a0 tegevusi,...","og_url":"https:\/\/www.peetri.edu.ee\/pohikool\/erasmus-opiranded\/2020-2022-projekt\/2020-2023-aasta-projekti-ja-koolituste-tutvustamine-kolleegidele-tegevused-opilastega\/","og_site_name":"Peetri P\u00f5hikool","article_modified_time":"2023-09-26T15:16:18+00:00","og_image":[{"url":"https:\/\/www.peetri.edu.ee\/pohikool\/wp-content\/uploads\/sites\/3\/2021\/08\/logoEL-300x83.png","type":"","width":"","height":""}],"twitter_card":"summary_large_image","twitter_misc":{"Est. reading time":"2 minutit"},"schema":{"@context":"https:\/\/schema.org","@graph":[{"@type":"WebPage","@id":"https:\/\/www.peetri.edu.ee\/pohikool\/erasmus-opiranded\/2020-2022-projekt\/2020-2023-aasta-projekti-ja-koolituste-tutvustamine-kolleegidele-tegevused-opilastega\/","url":"https:\/\/www.peetri.edu.ee\/pohikool\/erasmus-opiranded\/2020-2022-projekt\/2020-2023-aasta-projekti-ja-koolituste-tutvustamine-kolleegidele-tegevused-opilastega\/","name":"2020-2023 aasta projekti ja koolituste tutvustamine kolleegidele. Tegevused \u00f5pilastega. - Peetri P\u00f5hikool","isPartOf":{"@id":"https:\/\/www.peetri.edu.ee\/pohikool\/#website"},"primaryImageOfPage":{"@id":"https:\/\/www.peetri.edu.ee\/pohikool\/erasmus-opiranded\/2020-2022-projekt\/2020-2023-aasta-projekti-ja-koolituste-tutvustamine-kolleegidele-tegevused-opilastega\/#primaryimage"},"image":{"@id":"https:\/\/www.peetri.edu.ee\/pohikool\/erasmus-opiranded\/2020-2022-projekt\/2020-2023-aasta-projekti-ja-koolituste-tutvustamine-kolleegidele-tegevused-opilastega\/#primaryimage"},"thumbnailUrl":"https:\/\/www.peetri.edu.ee\/pohikool\/wp-content\/uploads\/sites\/3\/2021\/08\/logoEL-300x83.png","datePublished":"2023-08-30T14:23:55+00:00","dateModified":"2023-09-26T15:16:18+00:00","breadcrumb":{"@id":"https:\/\/www.peetri.edu.ee\/pohikool\/erasmus-opiranded\/2020-2022-projekt\/2020-2023-aasta-projekti-ja-koolituste-tutvustamine-kolleegidele-tegevused-opilastega\/#breadcrumb"},"inLanguage":"et","potentialAction":[{"@type":"ReadAction","target":["https:\/\/www.peetri.edu.ee\/pohikool\/erasmus-opiranded\/2020-2022-projekt\/2020-2023-aasta-projekti-ja-koolituste-tutvustamine-kolleegidele-tegevused-opilastega\/"]}]},{"@type":"ImageObject","inLanguage":"et","@id":"https:\/\/www.peetri.edu.ee\/pohikool\/erasmus-opiranded\/2020-2022-projekt\/2020-2023-aasta-projekti-ja-koolituste-tutvustamine-kolleegidele-tegevused-opilastega\/#primaryimage","url":"https:\/\/www.peetri.edu.ee\/pohikool\/wp-content\/uploads\/sites\/3\/2021\/08\/logoEL.png","contentUrl":"https:\/\/www.peetri.edu.ee\/pohikool\/wp-content\/uploads\/sites\/3\/2021\/08\/logoEL.png","width":480,"height":132},{"@type":"BreadcrumbList","@id":"https:\/\/www.peetri.edu.ee\/pohikool\/erasmus-opiranded\/2020-2022-projekt\/2020-2023-aasta-projekti-ja-koolituste-tutvustamine-kolleegidele-tegevused-opilastega\/#breadcrumb","itemListElement":[{"@type":"ListItem","position":1,"name":"Home","item":"https:\/\/www.peetri.edu.ee\/pohikool\/"},{"@type":"ListItem","position":2,"name":"Erasmus+ \u00f5pir\u00e4nded ja koost\u00f6\u00f6projektid","item":"https:\/\/www.peetri.edu.ee\/pohikool\/erasmus-opiranded\/"},{"@type":"ListItem","position":3,"name":"2020-2023 projekt","item":"https:\/\/www.peetri.edu.ee\/pohikool\/erasmus-opiranded\/2020-2022-projekt\/"},{"@type":"ListItem","position":4,"name":"2020-2023 aasta projekti ja koolituste tutvustamine kolleegidele. Tegevused \u00f5pilastega."}]},{"@type":"WebSite","@id":"https:\/\/www.peetri.edu.ee\/pohikool\/#website","url":"https:\/\/www.peetri.edu.ee\/pohikool\/","name":"Peetri P\u00f5hikool","description":"Igas inimeses on p\u00e4ike, laskem tal s\u00e4rada","potentialAction":[{"@type":"SearchAction","target":{"@type":"EntryPoint","urlTemplate":"https:\/\/www.peetri.edu.ee\/pohikool\/?s={search_term_string}"},"query-input":{"@type":"PropertyValueSpecification","valueRequired":true,"valueName":"search_term_string"}}],"inLanguage":"et"}]}},"acf":[],"_links":{"self":[{"href":"https:\/\/www.peetri.edu.ee\/pohikool\/wp-json\/wp\/v2\/pages\/7775","targetHints":{"allow":["GET"]}}],"collection":[{"href":"https:\/\/www.peetri.edu.ee\/pohikool\/wp-json\/wp\/v2\/pages"}],"about":[{"href":"https:\/\/www.peetri.edu.ee\/pohikool\/wp-json\/wp\/v2\/types\/page"}],"author":[{"embeddable":true,"href":"https:\/\/www.peetri.edu.ee\/pohikool\/wp-json\/wp\/v2\/users\/14"}],"replies":[{"embeddable":true,"href":"https:\/\/www.peetri.edu.ee\/pohikool\/wp-json\/wp\/v2\/comments?post=7775"}],"version-history":[{"count":5,"href":"https:\/\/www.peetri.edu.ee\/pohikool\/wp-json\/wp\/v2\/pages\/7775\/revisions"}],"predecessor-version":[{"id":8071,"href":"https:\/\/www.peetri.edu.ee\/pohikool\/wp-json\/wp\/v2\/pages\/7775\/revisions\/8071"}],"up":[{"embeddable":true,"href":"https:\/\/www.peetri.edu.ee\/pohikool\/wp-json\/wp\/v2\/pages\/5568"}],"wp:attachment":[{"href":"https:\/\/www.peetri.edu.ee\/pohikool\/wp-json\/wp\/v2\/media?parent=7775"}],"curies":[{"name":"wp","href":"https:\/\/api.w.org\/{rel}","templated":true}]}}