{"id":7232,"date":"2023-05-16T14:06:38","date_gmt":"2023-05-16T11:06:38","guid":{"rendered":"https:\/\/www.peetri.edu.ee\/pohikool\/?page_id=7232"},"modified":"2023-06-26T18:19:23","modified_gmt":"2023-06-26T15:19:23","slug":"tegevused","status":"publish","type":"page","link":"https:\/\/www.peetri.edu.ee\/pohikool\/erasmus-opiranded\/2021-2023-projekt\/tegevused\/","title":{"rendered":"Projekti ja koolituste tutvustamine kolleegidele. Tegevused \u00f5pilastega."},"content":{"rendered":"<p><img loading=\"lazy\" decoding=\"async\" class=\"alignnone wp-image-7197\" src=\"https:\/\/www.peetri.edu.ee\/pohikool\/wp-content\/uploads\/sites\/3\/2021\/08\/logoEL-300x83.png\" alt=\"\" width=\"217\" height=\"60\" \/>Erasmus+ projekti <b>\u201cKultuuridevaheline haridus ja integratsioon\u201d\u00a0<\/b>tutvustati \u00f5petajatele t\u00f6\u00f6koosolekutel ja sisekoolitustel. Tutvustati projekti eesm\u00e4rke, k\u00f5iki\u00a0 tegevusi, koolitusi ja \u00f5piv\u00e4ljundeid.<\/p>\n<p>K\u00f5ikidel Peetri kooli \u00f5petajatel oli v\u00f5imalik \u00f5pir\u00e4nnetel osaleda. Peale projekti tutvustust said soovijad oma osalemissoovist projekti meeskonnale\u00a0 teada anda.<\/p>\n<p>COVID-19 tingitud probleemide t\u00f5ttu\u00a0 said \u00f5petajad aktiivsemalt \u00f5pir\u00e4ndel osalema hakata alles\u00a0 2022 aasta kevadest.<\/p>\n<p>Kursustel osalenud \u00f5petajad viisid kolleegidele l\u00e4bi\u00a0 sisekoolitusi koos praktiliste juhistega. \u00d5petajad jagasid saadud teadmisi ja motiveerisid kolleege \u00f5pir\u00e4nnetel osalema. Projekti tutvustati kooli hoolekogus.<\/p>\n<p>\u00d5pir\u00e4ndelt saadud uute partneritega loodi uus\u00a0 eTwinningu projekt, kuhu kaastati projektis osalenud \u00f5petajaid.\u00a0 Projekti tegevustes rakendati\u00a0 \u00f5pir\u00e4nnetelt saadud teadmisi.<\/p>\n<p>Projektis osalenud \u00f5petajad on saadud \u00f5ppematerjale kasutanud oma ainetundides ning klassijuhatajatundides. \u00d5pir\u00e4nnetelt saadi uusi tutvusi, kellega koost\u00f6\u00f6d j\u00e4tkatakse.<\/p>\n<p>Projektis \u201cKultuuridevaheline haridus ja integratsioon\u201d\u00a0olevate \u00f5pir\u00e4nnete\u00a0 t\u00e4psemad kirjeldused lisati projekti kodulehele (<a href=\"http:\/\/profareng.weebly.com\/2021-2023.html\">http:\/\/profareng.weebly.com\/2021-2023.html<\/a>), kooli veebilehele\u00a0 ja l\u00fchikokkuv\u00f5tted avaldati valla veebilehes.<\/p>\n<p>\u00d5pir\u00e4nnetes osalejad suhtlevad koolitustel osalenud teiste riikide \u00f5petajatega ka p\u00e4rast \u00f5pir\u00e4nnete l\u00f5ppu. Projektis osalejad on andnud tagasisidet kursuse korraldajatele ja projekti aruannete keskkonnas, oma t\u00f6\u00f6st ja projekti m\u00f5just koolile tehti kokkuv\u00f5tteid, mida jagati kolleegidele.<\/p>\n<p><b>Projekti tutvustused \u00f5petajatele<br \/>\n<\/b>Peale rahastuse saamist tutuvustati projekti \u00f5petajatele.<br \/>\n<img loading=\"lazy\" decoding=\"async\" class=\"alignnone size-medium wp-image-7610\" src=\"https:\/\/www.peetri.edu.ee\/pohikool\/wp-content\/uploads\/sites\/3\/2023\/05\/\u00f5petajatele-2-300x169.jpg\" alt=\"\" width=\"300\" height=\"169\" \/><\/p>\n<p>Erasmus+ projekte tutvustas kooli haridustehnoloog ja kooli Erasmus+ projektide koordinaator koos P\u00e4rnu Koidula G\u00fcmnaasiumi haridustehnoloogiga\u00a0 festivali IduEdu 2023 t\u00f6\u00f6toas &#8220;eTwinning ja Erasmus+ k\u00e4sik\u00e4es:rahvuvahelisest veebip\u00f5hisest koost\u00f6\u00f6st \u00f5pir\u00e4ndeni&#8221;<\/p>\n<p><img loading=\"lazy\" decoding=\"async\" class=\"alignnone size-medium wp-image-7611\" src=\"https:\/\/www.peetri.edu.ee\/pohikool\/wp-content\/uploads\/sites\/3\/2023\/05\/iduEdu-300x200.jpg\" alt=\"\" width=\"300\" height=\"200\" \/>\u00a0\u00a0<img loading=\"lazy\" decoding=\"async\" class=\"alignnone  wp-image-7612\" src=\"https:\/\/www.peetri.edu.ee\/pohikool\/wp-content\/uploads\/sites\/3\/2023\/05\/iduedu2-300x169.jpg\" alt=\"\" width=\"353\" height=\"199\" \/><br \/>\nFoto: IduEdu festivali galeriist\u00a0 \u00a0 \u00a0 \u00a0 \u00a0 \u00a0 \u00a0 \u00a0 \u00a0 \u00a0 \u00a0 \u00a0 \u00a0 \u00a0 Foto:erakogu<\/p>\n<p><strong>Sisekoolitused \u00f5petajatele.<br \/>\n<\/strong>Koolitustel ja t\u00f6\u00f6varjutamisel osalenud \u00f5petajad jagasid oma teadmisi kolleegidele sisekoolituste kaudu.<\/p>\n<p><b>Intercultural and multicultural education<br \/>\n<img loading=\"lazy\" decoding=\"async\" class=\"alignnone size-medium wp-image-7613\" src=\"https:\/\/www.peetri.edu.ee\/pohikool\/wp-content\/uploads\/sites\/3\/2023\/05\/e_21.02_4_merilin-300x169.jpg\" alt=\"\" width=\"300\" height=\"169\" \/>\u00a0 \u00a0\u00a0 <img loading=\"lazy\" decoding=\"async\" class=\"alignnone size-medium wp-image-7614\" src=\"https:\/\/www.peetri.edu.ee\/pohikool\/wp-content\/uploads\/sites\/3\/2023\/05\/e_21.02_5_Anneli-300x169.jpg\" alt=\"\" width=\"300\" height=\"169\" \/><br \/>\n<\/b><\/p>\n<p><b>Integrating minority, migrant and refugee pupils in schools<br \/>\n<img loading=\"lazy\" decoding=\"async\" class=\"alignnone size-medium wp-image-7615\" src=\"https:\/\/www.peetri.edu.ee\/pohikool\/wp-content\/uploads\/sites\/3\/2023\/05\/e_21.03_1_Tuuli_inga-300x169.jpg\" alt=\"\" width=\"300\" height=\"169\" \/>\u00a0\u00a0 <img loading=\"lazy\" decoding=\"async\" class=\"alignnone size-medium wp-image-7616\" src=\"https:\/\/www.peetri.edu.ee\/pohikool\/wp-content\/uploads\/sites\/3\/2023\/05\/e_21.03_2_tuuli_inga-300x169.jpg\" alt=\"\" width=\"300\" height=\"169\" \/>\u00a0 \u00a0<img loading=\"lazy\" decoding=\"async\" class=\"alignnone size-medium wp-image-7617\" src=\"https:\/\/www.peetri.edu.ee\/pohikool\/wp-content\/uploads\/sites\/3\/2023\/05\/e_21.03_3_tuuli_inga-300x169.jpg\" alt=\"\" width=\"300\" height=\"169\" \/><\/b><\/p>\n<p><b>Intercultural education<br \/>\n<img loading=\"lazy\" decoding=\"async\" class=\"alignnone size-medium wp-image-7618\" src=\"https:\/\/www.peetri.edu.ee\/pohikool\/wp-content\/uploads\/sites\/3\/2023\/05\/e_28.03_1_Eliise_stina-300x169.jpg\" alt=\"\" width=\"300\" height=\"169\" \/>\u00a0\u00a0 <img loading=\"lazy\" decoding=\"async\" class=\"alignnone size-medium wp-image-7619\" src=\"https:\/\/www.peetri.edu.ee\/pohikool\/wp-content\/uploads\/sites\/3\/2023\/05\/e_28.03_2_eliise_sitna-300x169.jpg\" alt=\"\" width=\"300\" height=\"169\" \/>\u00a0\u00a0 <img loading=\"lazy\" decoding=\"async\" class=\"alignnone size-medium wp-image-7620\" src=\"https:\/\/www.peetri.edu.ee\/pohikool\/wp-content\/uploads\/sites\/3\/2023\/05\/e_28.03_3_eliise_stina-300x169.jpg\" alt=\"\" width=\"300\" height=\"169\" \/><\/p>\n<p><img loading=\"lazy\" decoding=\"async\" class=\"alignnone size-medium wp-image-7621\" src=\"https:\/\/www.peetri.edu.ee\/pohikool\/wp-content\/uploads\/sites\/3\/2023\/05\/e_28.03_4_eliise_stina-300x169.jpg\" alt=\"\" width=\"300\" height=\"169\" \/>\u00a0\u00a0 <img loading=\"lazy\" decoding=\"async\" class=\"alignnone size-medium wp-image-7622\" src=\"https:\/\/www.peetri.edu.ee\/pohikool\/wp-content\/uploads\/sites\/3\/2023\/05\/e_28.03_5_eliise_stina-300x169.jpg\" alt=\"\" width=\"300\" height=\"169\" \/><\/b><\/p>\n<p>T\u00f6\u00f6varjutamine Istanbulis<br \/>\n<img loading=\"lazy\" decoding=\"async\" class=\"alignnone size-medium wp-image-7623\" src=\"https:\/\/www.peetri.edu.ee\/pohikool\/wp-content\/uploads\/sites\/3\/2023\/05\/E_t\u00fcrgi1_mariann-300x169.jpg\" alt=\"\" width=\"300\" height=\"169\" \/>\u00a0\u00a0 <img loading=\"lazy\" decoding=\"async\" class=\"alignnone size-medium wp-image-7624\" src=\"https:\/\/www.peetri.edu.ee\/pohikool\/wp-content\/uploads\/sites\/3\/2023\/05\/E_t\u00fcrgi2_mariann-300x169.jpg\" alt=\"\" width=\"300\" height=\"169\" \/>\u00a0\u00a0 <img loading=\"lazy\" decoding=\"async\" class=\"alignnone size-medium wp-image-7625\" src=\"https:\/\/www.peetri.edu.ee\/pohikool\/wp-content\/uploads\/sites\/3\/2023\/05\/E_t\u00fcrgi3_mariann-300x169.jpg\" alt=\"\" width=\"300\" height=\"169\" \/><\/p>\n<p>T\u00f6\u00f6varjutamine Antalyas<br \/>\n<img loading=\"lazy\" decoding=\"async\" class=\"alignnone size-medium wp-image-7626\" src=\"https:\/\/www.peetri.edu.ee\/pohikool\/wp-content\/uploads\/sites\/3\/2023\/05\/E_21.02_1_t\u00fcrgi_1_t\u00fcrgi_a-300x169.jpg\" alt=\"\" width=\"300\" height=\"169\" \/>\u00a0\u00a0\u00a0<img loading=\"lazy\" decoding=\"async\" class=\"alignnone size-medium wp-image-7628\" src=\"https:\/\/www.peetri.edu.ee\/pohikool\/wp-content\/uploads\/sites\/3\/2023\/05\/e_21.02_3_t\u00fcrgi_a-300x169.jpg\" alt=\"\" width=\"300\" height=\"169\" \/><\/p>\n","protected":false},"excerpt":{"rendered":"<p>Erasmus+ projekti \u201cKultuuridevaheline haridus ja integratsioon\u201d\u00a0tutvustati \u00f5petajatele t\u00f6\u00f6koosolekutel ja sisekoolitustel. Tutvustati projekti eesm\u00e4rke, k\u00f5iki\u00a0 tegevusi, koolitusi ja \u00f5piv\u00e4ljundeid. K\u00f5ikidel Peetri&#8230;<\/p>\n","protected":false},"author":14,"featured_media":0,"parent":5572,"menu_order":0,"comment_status":"closed","ping_status":"closed","template":"","meta":{"_acf_changed":false,"footnotes":""},"class_list":["post-7232","page","type-page","status-publish","hentry"],"yoast_head":"<!-- This site is optimized with the Yoast SEO plugin v27.2 - https:\/\/yoast.com\/product\/yoast-seo-wordpress\/ -->\n<title>Projekti ja koolituste tutvustamine kolleegidele. Tegevused \u00f5pilastega. - Peetri P\u00f5hikool<\/title>\n<meta name=\"robots\" content=\"index, follow, max-snippet:-1, max-image-preview:large, max-video-preview:-1\" \/>\n<link rel=\"canonical\" href=\"https:\/\/www.peetri.edu.ee\/pohikool\/erasmus-opiranded\/2021-2023-projekt\/tegevused\/\" \/>\n<meta property=\"og:locale\" content=\"et_EE\" \/>\n<meta property=\"og:type\" content=\"article\" \/>\n<meta property=\"og:title\" content=\"Projekti ja koolituste tutvustamine kolleegidele. Tegevused \u00f5pilastega. - Peetri P\u00f5hikool\" \/>\n<meta property=\"og:description\" content=\"Erasmus+ projekti \u201cKultuuridevaheline haridus ja integratsioon\u201d\u00a0tutvustati \u00f5petajatele t\u00f6\u00f6koosolekutel ja sisekoolitustel. Tutvustati projekti eesm\u00e4rke, k\u00f5iki\u00a0 tegevusi, koolitusi ja \u00f5piv\u00e4ljundeid. K\u00f5ikidel Peetri...\" \/>\n<meta property=\"og:url\" content=\"https:\/\/www.peetri.edu.ee\/pohikool\/erasmus-opiranded\/2021-2023-projekt\/tegevused\/\" \/>\n<meta property=\"og:site_name\" content=\"Peetri P\u00f5hikool\" \/>\n<meta property=\"article:modified_time\" content=\"2023-06-26T15:19:23+00:00\" \/>\n<meta property=\"og:image\" content=\"https:\/\/www.peetri.edu.ee\/pohikool\/wp-content\/uploads\/sites\/3\/2021\/08\/logoEL-300x83.png\" \/>\n<meta name=\"twitter:card\" content=\"summary_large_image\" \/>\n<meta name=\"twitter:label1\" content=\"Est. reading time\" \/>\n\t<meta name=\"twitter:data1\" content=\"1 minut\" \/>\n<script type=\"application\/ld+json\" class=\"yoast-schema-graph\">{\"@context\":\"https:\/\/schema.org\",\"@graph\":[{\"@type\":\"WebPage\",\"@id\":\"https:\/\/www.peetri.edu.ee\/pohikool\/erasmus-opiranded\/2021-2023-projekt\/tegevused\/\",\"url\":\"https:\/\/www.peetri.edu.ee\/pohikool\/erasmus-opiranded\/2021-2023-projekt\/tegevused\/\",\"name\":\"Projekti ja koolituste tutvustamine kolleegidele. Tegevused \u00f5pilastega. - Peetri P\u00f5hikool\",\"isPartOf\":{\"@id\":\"https:\/\/www.peetri.edu.ee\/pohikool\/#website\"},\"primaryImageOfPage\":{\"@id\":\"https:\/\/www.peetri.edu.ee\/pohikool\/erasmus-opiranded\/2021-2023-projekt\/tegevused\/#primaryimage\"},\"image\":{\"@id\":\"https:\/\/www.peetri.edu.ee\/pohikool\/erasmus-opiranded\/2021-2023-projekt\/tegevused\/#primaryimage\"},\"thumbnailUrl\":\"https:\/\/www.peetri.edu.ee\/pohikool\/wp-content\/uploads\/sites\/3\/2021\/08\/logoEL-300x83.png\",\"datePublished\":\"2023-05-16T11:06:38+00:00\",\"dateModified\":\"2023-06-26T15:19:23+00:00\",\"breadcrumb\":{\"@id\":\"https:\/\/www.peetri.edu.ee\/pohikool\/erasmus-opiranded\/2021-2023-projekt\/tegevused\/#breadcrumb\"},\"inLanguage\":\"et\",\"potentialAction\":[{\"@type\":\"ReadAction\",\"target\":[\"https:\/\/www.peetri.edu.ee\/pohikool\/erasmus-opiranded\/2021-2023-projekt\/tegevused\/\"]}]},{\"@type\":\"ImageObject\",\"inLanguage\":\"et\",\"@id\":\"https:\/\/www.peetri.edu.ee\/pohikool\/erasmus-opiranded\/2021-2023-projekt\/tegevused\/#primaryimage\",\"url\":\"https:\/\/www.peetri.edu.ee\/pohikool\/wp-content\/uploads\/sites\/3\/2021\/08\/logoEL.png\",\"contentUrl\":\"https:\/\/www.peetri.edu.ee\/pohikool\/wp-content\/uploads\/sites\/3\/2021\/08\/logoEL.png\",\"width\":480,\"height\":132},{\"@type\":\"BreadcrumbList\",\"@id\":\"https:\/\/www.peetri.edu.ee\/pohikool\/erasmus-opiranded\/2021-2023-projekt\/tegevused\/#breadcrumb\",\"itemListElement\":[{\"@type\":\"ListItem\",\"position\":1,\"name\":\"Home\",\"item\":\"https:\/\/www.peetri.edu.ee\/pohikool\/\"},{\"@type\":\"ListItem\",\"position\":2,\"name\":\"Erasmus+ \u00f5pir\u00e4nded ja koost\u00f6\u00f6projektid\",\"item\":\"https:\/\/www.peetri.edu.ee\/pohikool\/erasmus-opiranded\/\"},{\"@type\":\"ListItem\",\"position\":3,\"name\":\"2021-2023 projekt\",\"item\":\"https:\/\/www.peetri.edu.ee\/pohikool\/erasmus-opiranded\/2021-2023-projekt\/\"},{\"@type\":\"ListItem\",\"position\":4,\"name\":\"Projekti ja koolituste tutvustamine kolleegidele. Tegevused \u00f5pilastega.\"}]},{\"@type\":\"WebSite\",\"@id\":\"https:\/\/www.peetri.edu.ee\/pohikool\/#website\",\"url\":\"https:\/\/www.peetri.edu.ee\/pohikool\/\",\"name\":\"Peetri P\u00f5hikool\",\"description\":\"Igas inimeses on p\u00e4ike, laskem tal s\u00e4rada\",\"potentialAction\":[{\"@type\":\"SearchAction\",\"target\":{\"@type\":\"EntryPoint\",\"urlTemplate\":\"https:\/\/www.peetri.edu.ee\/pohikool\/?s={search_term_string}\"},\"query-input\":{\"@type\":\"PropertyValueSpecification\",\"valueRequired\":true,\"valueName\":\"search_term_string\"}}],\"inLanguage\":\"et\"}]}<\/script>\n<!-- \/ Yoast SEO plugin. -->","yoast_head_json":{"title":"Projekti ja koolituste tutvustamine kolleegidele. Tegevused \u00f5pilastega. - Peetri P\u00f5hikool","robots":{"index":"index","follow":"follow","max-snippet":"max-snippet:-1","max-image-preview":"max-image-preview:large","max-video-preview":"max-video-preview:-1"},"canonical":"https:\/\/www.peetri.edu.ee\/pohikool\/erasmus-opiranded\/2021-2023-projekt\/tegevused\/","og_locale":"et_EE","og_type":"article","og_title":"Projekti ja koolituste tutvustamine kolleegidele. Tegevused \u00f5pilastega. - Peetri P\u00f5hikool","og_description":"Erasmus+ projekti \u201cKultuuridevaheline haridus ja integratsioon\u201d\u00a0tutvustati \u00f5petajatele t\u00f6\u00f6koosolekutel ja sisekoolitustel. Tutvustati projekti eesm\u00e4rke, k\u00f5iki\u00a0 tegevusi, koolitusi ja \u00f5piv\u00e4ljundeid. K\u00f5ikidel Peetri...","og_url":"https:\/\/www.peetri.edu.ee\/pohikool\/erasmus-opiranded\/2021-2023-projekt\/tegevused\/","og_site_name":"Peetri P\u00f5hikool","article_modified_time":"2023-06-26T15:19:23+00:00","og_image":[{"url":"https:\/\/www.peetri.edu.ee\/pohikool\/wp-content\/uploads\/sites\/3\/2021\/08\/logoEL-300x83.png","type":"","width":"","height":""}],"twitter_card":"summary_large_image","twitter_misc":{"Est. reading time":"1 minut"},"schema":{"@context":"https:\/\/schema.org","@graph":[{"@type":"WebPage","@id":"https:\/\/www.peetri.edu.ee\/pohikool\/erasmus-opiranded\/2021-2023-projekt\/tegevused\/","url":"https:\/\/www.peetri.edu.ee\/pohikool\/erasmus-opiranded\/2021-2023-projekt\/tegevused\/","name":"Projekti ja koolituste tutvustamine kolleegidele. Tegevused \u00f5pilastega. - Peetri P\u00f5hikool","isPartOf":{"@id":"https:\/\/www.peetri.edu.ee\/pohikool\/#website"},"primaryImageOfPage":{"@id":"https:\/\/www.peetri.edu.ee\/pohikool\/erasmus-opiranded\/2021-2023-projekt\/tegevused\/#primaryimage"},"image":{"@id":"https:\/\/www.peetri.edu.ee\/pohikool\/erasmus-opiranded\/2021-2023-projekt\/tegevused\/#primaryimage"},"thumbnailUrl":"https:\/\/www.peetri.edu.ee\/pohikool\/wp-content\/uploads\/sites\/3\/2021\/08\/logoEL-300x83.png","datePublished":"2023-05-16T11:06:38+00:00","dateModified":"2023-06-26T15:19:23+00:00","breadcrumb":{"@id":"https:\/\/www.peetri.edu.ee\/pohikool\/erasmus-opiranded\/2021-2023-projekt\/tegevused\/#breadcrumb"},"inLanguage":"et","potentialAction":[{"@type":"ReadAction","target":["https:\/\/www.peetri.edu.ee\/pohikool\/erasmus-opiranded\/2021-2023-projekt\/tegevused\/"]}]},{"@type":"ImageObject","inLanguage":"et","@id":"https:\/\/www.peetri.edu.ee\/pohikool\/erasmus-opiranded\/2021-2023-projekt\/tegevused\/#primaryimage","url":"https:\/\/www.peetri.edu.ee\/pohikool\/wp-content\/uploads\/sites\/3\/2021\/08\/logoEL.png","contentUrl":"https:\/\/www.peetri.edu.ee\/pohikool\/wp-content\/uploads\/sites\/3\/2021\/08\/logoEL.png","width":480,"height":132},{"@type":"BreadcrumbList","@id":"https:\/\/www.peetri.edu.ee\/pohikool\/erasmus-opiranded\/2021-2023-projekt\/tegevused\/#breadcrumb","itemListElement":[{"@type":"ListItem","position":1,"name":"Home","item":"https:\/\/www.peetri.edu.ee\/pohikool\/"},{"@type":"ListItem","position":2,"name":"Erasmus+ \u00f5pir\u00e4nded ja koost\u00f6\u00f6projektid","item":"https:\/\/www.peetri.edu.ee\/pohikool\/erasmus-opiranded\/"},{"@type":"ListItem","position":3,"name":"2021-2023 projekt","item":"https:\/\/www.peetri.edu.ee\/pohikool\/erasmus-opiranded\/2021-2023-projekt\/"},{"@type":"ListItem","position":4,"name":"Projekti ja koolituste tutvustamine kolleegidele. Tegevused \u00f5pilastega."}]},{"@type":"WebSite","@id":"https:\/\/www.peetri.edu.ee\/pohikool\/#website","url":"https:\/\/www.peetri.edu.ee\/pohikool\/","name":"Peetri P\u00f5hikool","description":"Igas inimeses on p\u00e4ike, laskem tal s\u00e4rada","potentialAction":[{"@type":"SearchAction","target":{"@type":"EntryPoint","urlTemplate":"https:\/\/www.peetri.edu.ee\/pohikool\/?s={search_term_string}"},"query-input":{"@type":"PropertyValueSpecification","valueRequired":true,"valueName":"search_term_string"}}],"inLanguage":"et"}]}},"acf":[],"_links":{"self":[{"href":"https:\/\/www.peetri.edu.ee\/pohikool\/wp-json\/wp\/v2\/pages\/7232","targetHints":{"allow":["GET"]}}],"collection":[{"href":"https:\/\/www.peetri.edu.ee\/pohikool\/wp-json\/wp\/v2\/pages"}],"about":[{"href":"https:\/\/www.peetri.edu.ee\/pohikool\/wp-json\/wp\/v2\/types\/page"}],"author":[{"embeddable":true,"href":"https:\/\/www.peetri.edu.ee\/pohikool\/wp-json\/wp\/v2\/users\/14"}],"replies":[{"embeddable":true,"href":"https:\/\/www.peetri.edu.ee\/pohikool\/wp-json\/wp\/v2\/comments?post=7232"}],"version-history":[{"count":5,"href":"https:\/\/www.peetri.edu.ee\/pohikool\/wp-json\/wp\/v2\/pages\/7232\/revisions"}],"predecessor-version":[{"id":12906,"href":"https:\/\/www.peetri.edu.ee\/pohikool\/wp-json\/wp\/v2\/pages\/7232\/revisions\/12906"}],"up":[{"embeddable":true,"href":"https:\/\/www.peetri.edu.ee\/pohikool\/wp-json\/wp\/v2\/pages\/5572"}],"wp:attachment":[{"href":"https:\/\/www.peetri.edu.ee\/pohikool\/wp-json\/wp\/v2\/media?parent=7232"}],"curies":[{"name":"wp","href":"https:\/\/api.w.org\/{rel}","templated":true}]}}