{"id":7184,"date":"2023-05-16T12:00:28","date_gmt":"2023-05-16T09:00:28","guid":{"rendered":"https:\/\/www.peetri.edu.ee\/pohikool\/?page_id=7184"},"modified":"2023-06-26T22:32:05","modified_gmt":"2023-06-26T19:32:05","slug":"multicultural-intercultural-education","status":"publish","type":"page","link":"https:\/\/www.peetri.edu.ee\/pohikool\/erasmus-opiranded\/2021-2023-projekt\/multicultural-intercultural-education\/","title":{"rendered":"Multicultural and Intercultural Education"},"content":{"rendered":"<p>&nbsp;<\/p>\n<p><img loading=\"lazy\" decoding=\"async\" class=\"wp-image-7197 alignleft\" src=\"https:\/\/www.peetri.edu.ee\/pohikool\/wp-content\/uploads\/sites\/3\/2021\/08\/logoEL-300x83.png\" alt=\"\" width=\"213\" height=\"59\" \/><\/p>\n<p><span style=\"font-weight: 500\"><span style=\"color: #000080\"><b>21.m\u00e4rts &#8211; 25. m\u00e4rts 2022<\/b><\/span> osalesid matemaatika\u00f5petaja Merilin ja hispaania keele \u00f5petaja Anneli koolitusel <span style=\"color: #000080\"><b>\u201cIntercultural and multicultural education\u201d<\/b><\/span> Malagas, Hispaanias.<\/span><\/p>\n<p>Koolituse teemaks oli rahvusvaheline ja multikultuurne haridus.\u00a0 \u00d5ppisime, kuidas teha muudatusi igap\u00e4evarutiinis ja koolikultuuris, nii et k\u00f5igil \u00f5pilastel oleks koolis hea olla.<\/p>\n<p><img loading=\"lazy\" decoding=\"async\" class=\" wp-image-7185 alignleft\" src=\"https:\/\/www.peetri.edu.ee\/pohikool\/wp-content\/uploads\/sites\/3\/2023\/05\/Malaga-300x169.jpg\" alt=\"\" width=\"307\" height=\"173\" \/><\/p>\n<p style=\"padding-left: 90px\">Koolitusel osales 10 inimest Eestist, Saksamaalt, Itaaliast, Belgiast, Poolast ja Sloveeniast. K\u00f5igi osalejate profiil oli erinev (lasteaed, huvikool, p\u00f5hikool, g\u00fcmnaasium, kutsekool). Iga tegevuse juures arutasime l\u00e4bi, kuidas igas erinevas vanusegrupis konkreetset teemat k\u00e4sitleda ja kuidas seda siduda koolitusel osalejate igap\u00e4evat\u00f6\u00f6ga. Koolitaja suunas iga tegevuse juures m\u00f5tlema, kas ja kuidas antud \u00fclesannet v\u00f5i teemat oma sihtr\u00fchma \u00f5pilastega k\u00e4sitleda.<\/p>\n<p><span style=\"font-weight: 400\">Arutlesime ja katsetasime enda peal palju erinevaid tegevusi, mida \u00f5pilastega teha, et kasvaks empaatiav\u00f5ime, teadlikkus ja austus erinevate kultuuride ja \u00fcldiselt erinevate inimeste suhtes. M\u00f5tisklesime selle \u00fcle, kuidas erinevate inimestega paremini l\u00e4bi saada ja kuidas toetada kaaslast, kellel on mure. M\u00f5tisklesime eelarvamustest, kiusamisest, suhetest, identiteedist, loovusest.\u00a0<\/span><\/p>\n<p>Iga tegevuse juures arutlesime, milliste teemade k\u00e4sitlemiseks (lisaks k\u00e4esolevale) saab sama tegevust kasutada. Koolitaja Iris \u00f5pib kunstiterapeudiks ja kogu koolituse v\u00e4ltel kasutasime erinevaid kunstiteraapia (tantsu, draama jne) v\u00f5tteid.<br \/>\nKoolituse l\u00e4bivaks teemaks oli ka <i>minfulness<\/i> ja erinevad tehnikad, kuidas tuua t\u00e4helepanu k\u00e4esolevasse hetke ja oma kehale ning kuidas seda rakendada erinevate tegevuste juures.<\/p>\n<p><img loading=\"lazy\" decoding=\"async\" class=\"size-medium wp-image-7186 alignleft\" src=\"https:\/\/www.peetri.edu.ee\/pohikool\/wp-content\/uploads\/sites\/3\/2023\/05\/Malaga3-300x225.jpg\" alt=\"\" width=\"300\" height=\"225\" \/><\/p>\n<p><img loading=\"lazy\" decoding=\"async\" class=\" wp-image-7187 alignleft\" src=\"https:\/\/www.peetri.edu.ee\/pohikool\/wp-content\/uploads\/sites\/3\/2023\/05\/Mlalaga2-300x169.jpg\" alt=\"\" width=\"396\" height=\"223\" \/><\/p>\n<p>&nbsp;<\/p>\n<p>&nbsp;<\/p>\n<p>&nbsp;<\/p>\n<p>&nbsp;<\/p>\n<p>&nbsp;<\/p>\n<p>Rohkem infot projekti veebililehel:<a href=\"http:\/\/profareng.weebly.com\/multicultural-and-intercultural-education---hispaania-malaga.html\">\u00a0http:\/\/profareng.weebly.com\/multicultural-and-intercultural-education&#8212;hispaania-malaga.html<\/a><\/p>\n<p>Anneli ja Merilin<\/p>\n","protected":false},"excerpt":{"rendered":"<p>&nbsp; 21.m\u00e4rts &#8211; 25. m\u00e4rts 2022 osalesid matemaatika\u00f5petaja Merilin ja hispaania keele \u00f5petaja Anneli koolitusel \u201cIntercultural and multicultural education\u201d Malagas,&#8230;<\/p>\n","protected":false},"author":14,"featured_media":0,"parent":5572,"menu_order":0,"comment_status":"closed","ping_status":"closed","template":"","meta":{"_acf_changed":false,"footnotes":""},"class_list":["post-7184","page","type-page","status-publish","hentry"],"yoast_head":"<!-- This site is optimized with the Yoast SEO plugin v27.2 - https:\/\/yoast.com\/product\/yoast-seo-wordpress\/ -->\n<title>Multicultural and Intercultural Education - Peetri P\u00f5hikool<\/title>\n<meta name=\"robots\" content=\"index, follow, max-snippet:-1, max-image-preview:large, max-video-preview:-1\" \/>\n<link rel=\"canonical\" href=\"https:\/\/www.peetri.edu.ee\/pohikool\/erasmus-opiranded\/2021-2023-projekt\/multicultural-intercultural-education\/\" \/>\n<meta property=\"og:locale\" content=\"et_EE\" \/>\n<meta property=\"og:type\" content=\"article\" \/>\n<meta property=\"og:title\" content=\"Multicultural and Intercultural Education - Peetri P\u00f5hikool\" \/>\n<meta property=\"og:description\" content=\"&nbsp; 21.m\u00e4rts &#8211; 25. m\u00e4rts 2022 osalesid matemaatika\u00f5petaja Merilin ja hispaania keele \u00f5petaja Anneli koolitusel \u201cIntercultural and multicultural education\u201d Malagas,...\" \/>\n<meta property=\"og:url\" content=\"https:\/\/www.peetri.edu.ee\/pohikool\/erasmus-opiranded\/2021-2023-projekt\/multicultural-intercultural-education\/\" \/>\n<meta property=\"og:site_name\" content=\"Peetri P\u00f5hikool\" \/>\n<meta property=\"article:modified_time\" content=\"2023-06-26T19:32:05+00:00\" \/>\n<meta property=\"og:image\" content=\"https:\/\/www.peetri.edu.ee\/pohikool\/wp-content\/uploads\/sites\/3\/2021\/08\/logoEL-300x83.png\" \/>\n<meta name=\"twitter:card\" content=\"summary_large_image\" \/>\n<meta name=\"twitter:label1\" content=\"Est. reading time\" \/>\n\t<meta name=\"twitter:data1\" content=\"1 minut\" \/>\n<script type=\"application\/ld+json\" class=\"yoast-schema-graph\">{\"@context\":\"https:\/\/schema.org\",\"@graph\":[{\"@type\":\"WebPage\",\"@id\":\"https:\/\/www.peetri.edu.ee\/pohikool\/erasmus-opiranded\/2021-2023-projekt\/multicultural-intercultural-education\/\",\"url\":\"https:\/\/www.peetri.edu.ee\/pohikool\/erasmus-opiranded\/2021-2023-projekt\/multicultural-intercultural-education\/\",\"name\":\"Multicultural and Intercultural Education - Peetri P\u00f5hikool\",\"isPartOf\":{\"@id\":\"https:\/\/www.peetri.edu.ee\/pohikool\/#website\"},\"primaryImageOfPage\":{\"@id\":\"https:\/\/www.peetri.edu.ee\/pohikool\/erasmus-opiranded\/2021-2023-projekt\/multicultural-intercultural-education\/#primaryimage\"},\"image\":{\"@id\":\"https:\/\/www.peetri.edu.ee\/pohikool\/erasmus-opiranded\/2021-2023-projekt\/multicultural-intercultural-education\/#primaryimage\"},\"thumbnailUrl\":\"https:\/\/www.peetri.edu.ee\/pohikool\/wp-content\/uploads\/sites\/3\/2021\/08\/logoEL-300x83.png\",\"datePublished\":\"2023-05-16T09:00:28+00:00\",\"dateModified\":\"2023-06-26T19:32:05+00:00\",\"breadcrumb\":{\"@id\":\"https:\/\/www.peetri.edu.ee\/pohikool\/erasmus-opiranded\/2021-2023-projekt\/multicultural-intercultural-education\/#breadcrumb\"},\"inLanguage\":\"et\",\"potentialAction\":[{\"@type\":\"ReadAction\",\"target\":[\"https:\/\/www.peetri.edu.ee\/pohikool\/erasmus-opiranded\/2021-2023-projekt\/multicultural-intercultural-education\/\"]}]},{\"@type\":\"ImageObject\",\"inLanguage\":\"et\",\"@id\":\"https:\/\/www.peetri.edu.ee\/pohikool\/erasmus-opiranded\/2021-2023-projekt\/multicultural-intercultural-education\/#primaryimage\",\"url\":\"https:\/\/www.peetri.edu.ee\/pohikool\/wp-content\/uploads\/sites\/3\/2021\/08\/logoEL.png\",\"contentUrl\":\"https:\/\/www.peetri.edu.ee\/pohikool\/wp-content\/uploads\/sites\/3\/2021\/08\/logoEL.png\",\"width\":480,\"height\":132},{\"@type\":\"BreadcrumbList\",\"@id\":\"https:\/\/www.peetri.edu.ee\/pohikool\/erasmus-opiranded\/2021-2023-projekt\/multicultural-intercultural-education\/#breadcrumb\",\"itemListElement\":[{\"@type\":\"ListItem\",\"position\":1,\"name\":\"Home\",\"item\":\"https:\/\/www.peetri.edu.ee\/pohikool\/\"},{\"@type\":\"ListItem\",\"position\":2,\"name\":\"Erasmus+ \u00f5pir\u00e4nded ja koost\u00f6\u00f6projektid\",\"item\":\"https:\/\/www.peetri.edu.ee\/pohikool\/erasmus-opiranded\/\"},{\"@type\":\"ListItem\",\"position\":3,\"name\":\"2021-2023 projekt\",\"item\":\"https:\/\/www.peetri.edu.ee\/pohikool\/erasmus-opiranded\/2021-2023-projekt\/\"},{\"@type\":\"ListItem\",\"position\":4,\"name\":\"Multicultural and Intercultural Education\"}]},{\"@type\":\"WebSite\",\"@id\":\"https:\/\/www.peetri.edu.ee\/pohikool\/#website\",\"url\":\"https:\/\/www.peetri.edu.ee\/pohikool\/\",\"name\":\"Peetri P\u00f5hikool\",\"description\":\"Igas inimeses on p\u00e4ike, laskem tal s\u00e4rada\",\"potentialAction\":[{\"@type\":\"SearchAction\",\"target\":{\"@type\":\"EntryPoint\",\"urlTemplate\":\"https:\/\/www.peetri.edu.ee\/pohikool\/?s={search_term_string}\"},\"query-input\":{\"@type\":\"PropertyValueSpecification\",\"valueRequired\":true,\"valueName\":\"search_term_string\"}}],\"inLanguage\":\"et\"}]}<\/script>\n<!-- \/ Yoast SEO plugin. -->","yoast_head_json":{"title":"Multicultural and Intercultural Education - Peetri P\u00f5hikool","robots":{"index":"index","follow":"follow","max-snippet":"max-snippet:-1","max-image-preview":"max-image-preview:large","max-video-preview":"max-video-preview:-1"},"canonical":"https:\/\/www.peetri.edu.ee\/pohikool\/erasmus-opiranded\/2021-2023-projekt\/multicultural-intercultural-education\/","og_locale":"et_EE","og_type":"article","og_title":"Multicultural and Intercultural Education - Peetri P\u00f5hikool","og_description":"&nbsp; 21.m\u00e4rts &#8211; 25. m\u00e4rts 2022 osalesid matemaatika\u00f5petaja Merilin ja hispaania keele \u00f5petaja Anneli koolitusel \u201cIntercultural and multicultural education\u201d Malagas,...","og_url":"https:\/\/www.peetri.edu.ee\/pohikool\/erasmus-opiranded\/2021-2023-projekt\/multicultural-intercultural-education\/","og_site_name":"Peetri P\u00f5hikool","article_modified_time":"2023-06-26T19:32:05+00:00","og_image":[{"url":"https:\/\/www.peetri.edu.ee\/pohikool\/wp-content\/uploads\/sites\/3\/2021\/08\/logoEL-300x83.png","type":"","width":"","height":""}],"twitter_card":"summary_large_image","twitter_misc":{"Est. reading time":"1 minut"},"schema":{"@context":"https:\/\/schema.org","@graph":[{"@type":"WebPage","@id":"https:\/\/www.peetri.edu.ee\/pohikool\/erasmus-opiranded\/2021-2023-projekt\/multicultural-intercultural-education\/","url":"https:\/\/www.peetri.edu.ee\/pohikool\/erasmus-opiranded\/2021-2023-projekt\/multicultural-intercultural-education\/","name":"Multicultural and Intercultural Education - Peetri P\u00f5hikool","isPartOf":{"@id":"https:\/\/www.peetri.edu.ee\/pohikool\/#website"},"primaryImageOfPage":{"@id":"https:\/\/www.peetri.edu.ee\/pohikool\/erasmus-opiranded\/2021-2023-projekt\/multicultural-intercultural-education\/#primaryimage"},"image":{"@id":"https:\/\/www.peetri.edu.ee\/pohikool\/erasmus-opiranded\/2021-2023-projekt\/multicultural-intercultural-education\/#primaryimage"},"thumbnailUrl":"https:\/\/www.peetri.edu.ee\/pohikool\/wp-content\/uploads\/sites\/3\/2021\/08\/logoEL-300x83.png","datePublished":"2023-05-16T09:00:28+00:00","dateModified":"2023-06-26T19:32:05+00:00","breadcrumb":{"@id":"https:\/\/www.peetri.edu.ee\/pohikool\/erasmus-opiranded\/2021-2023-projekt\/multicultural-intercultural-education\/#breadcrumb"},"inLanguage":"et","potentialAction":[{"@type":"ReadAction","target":["https:\/\/www.peetri.edu.ee\/pohikool\/erasmus-opiranded\/2021-2023-projekt\/multicultural-intercultural-education\/"]}]},{"@type":"ImageObject","inLanguage":"et","@id":"https:\/\/www.peetri.edu.ee\/pohikool\/erasmus-opiranded\/2021-2023-projekt\/multicultural-intercultural-education\/#primaryimage","url":"https:\/\/www.peetri.edu.ee\/pohikool\/wp-content\/uploads\/sites\/3\/2021\/08\/logoEL.png","contentUrl":"https:\/\/www.peetri.edu.ee\/pohikool\/wp-content\/uploads\/sites\/3\/2021\/08\/logoEL.png","width":480,"height":132},{"@type":"BreadcrumbList","@id":"https:\/\/www.peetri.edu.ee\/pohikool\/erasmus-opiranded\/2021-2023-projekt\/multicultural-intercultural-education\/#breadcrumb","itemListElement":[{"@type":"ListItem","position":1,"name":"Home","item":"https:\/\/www.peetri.edu.ee\/pohikool\/"},{"@type":"ListItem","position":2,"name":"Erasmus+ \u00f5pir\u00e4nded ja koost\u00f6\u00f6projektid","item":"https:\/\/www.peetri.edu.ee\/pohikool\/erasmus-opiranded\/"},{"@type":"ListItem","position":3,"name":"2021-2023 projekt","item":"https:\/\/www.peetri.edu.ee\/pohikool\/erasmus-opiranded\/2021-2023-projekt\/"},{"@type":"ListItem","position":4,"name":"Multicultural and Intercultural Education"}]},{"@type":"WebSite","@id":"https:\/\/www.peetri.edu.ee\/pohikool\/#website","url":"https:\/\/www.peetri.edu.ee\/pohikool\/","name":"Peetri P\u00f5hikool","description":"Igas inimeses on p\u00e4ike, laskem tal s\u00e4rada","potentialAction":[{"@type":"SearchAction","target":{"@type":"EntryPoint","urlTemplate":"https:\/\/www.peetri.edu.ee\/pohikool\/?s={search_term_string}"},"query-input":{"@type":"PropertyValueSpecification","valueRequired":true,"valueName":"search_term_string"}}],"inLanguage":"et"}]}},"acf":[],"_links":{"self":[{"href":"https:\/\/www.peetri.edu.ee\/pohikool\/wp-json\/wp\/v2\/pages\/7184","targetHints":{"allow":["GET"]}}],"collection":[{"href":"https:\/\/www.peetri.edu.ee\/pohikool\/wp-json\/wp\/v2\/pages"}],"about":[{"href":"https:\/\/www.peetri.edu.ee\/pohikool\/wp-json\/wp\/v2\/types\/page"}],"author":[{"embeddable":true,"href":"https:\/\/www.peetri.edu.ee\/pohikool\/wp-json\/wp\/v2\/users\/14"}],"replies":[{"embeddable":true,"href":"https:\/\/www.peetri.edu.ee\/pohikool\/wp-json\/wp\/v2\/comments?post=7184"}],"version-history":[{"count":5,"href":"https:\/\/www.peetri.edu.ee\/pohikool\/wp-json\/wp\/v2\/pages\/7184\/revisions"}],"predecessor-version":[{"id":7640,"href":"https:\/\/www.peetri.edu.ee\/pohikool\/wp-json\/wp\/v2\/pages\/7184\/revisions\/7640"}],"up":[{"embeddable":true,"href":"https:\/\/www.peetri.edu.ee\/pohikool\/wp-json\/wp\/v2\/pages\/5572"}],"wp:attachment":[{"href":"https:\/\/www.peetri.edu.ee\/pohikool\/wp-json\/wp\/v2\/media?parent=7184"}],"curies":[{"name":"wp","href":"https:\/\/api.w.org\/{rel}","templated":true}]}}