{"id":6799,"date":"2022-12-22T11:49:13","date_gmt":"2022-12-22T09:49:13","guid":{"rendered":"https:\/\/www.peetri.edu.ee\/pohikool\/?page_id=6799"},"modified":"2022-12-22T11:50:53","modified_gmt":"2022-12-22T09:50:53","slug":"projekti-ja-koolituste-tutvustamine-kolleegidele-uhistegevused-opilastega","status":"publish","type":"page","link":"https:\/\/www.peetri.edu.ee\/pohikool\/erasmus-opiranded\/2019-2021-projekt\/projekti-ja-koolituste-tutvustamine-kolleegidele-uhistegevused-opilastega\/","title":{"rendered":"Projekti ja koolituste tutvustamine kolleegidele. \u00dchistegevused \u00f5pilastega"},"content":{"rendered":"<p><img loading=\"lazy\" decoding=\"async\" class=\"alignleft size-medium wp-image-6751\" src=\"https:\/\/www.peetri.edu.ee\/pohikool\/wp-content\/uploads\/sites\/3\/2022\/12\/logo_erasmus-300x83.png\" alt=\"\" width=\"300\" height=\"83\" \/><\/p>\n<p><span style=\"font-weight: 400;\">Erasmus+ projekti \u201cKaasaegsete \u00f5ppemeetodite ja digitehnoloogiliste vahendite rakendamine \u00f5ppeprotsessis\u201d tutvustati \u00f5petajatele t\u00f6\u00f6koosolekutel ja sisekoolitustel. Tutvustati projekti eesm\u00e4rke, k\u00f5iki\u00a0 tegevusi, koolitusi ja \u00f5piv\u00e4ljundeid.\u00a0<\/span><\/p>\n<p><span style=\"font-weight: 400;\">K\u00f5ikidel Peetri kooli \u00f5petajatel oli v\u00f5imalik kursustel osaleda. Peale projekti tutvustust said soovijad oma osalemissoovist projekti meeskonnale\u00a0 teada anda. Kui \u00fchele \u00f5pir\u00e4nde kohale oli\u00a0 soovijaid rohkem, siis tuli esitada motivatsioonikiri.<\/span><\/p>\n<p><span style=\"font-weight: 400;\">COVID-19 tingitud probleemide t\u00f5ttu \u00f5pir\u00e4nded m\u00f5neks ajaks peatati. \u00d5petajad said aktiivsemalt \u00f5pir\u00e4ndel osalema hakata alles\u00a0 2021 aasta kevadest. 2021 aasta s\u00fcgisel tutvustati \u00f5petajatele uuesti Erasmus+ projekti ning kursustel osalenud \u00f5petajad viisid kolleegidele l\u00e4bi nii reaalseid kui ka virtuaalseid sisekoolitusi koos praktiliste tegevustega. Projekti tutvustati kooli hoolekogus.\u00a0<\/span><\/p>\n<p><span style=\"font-weight: 400;\">\u00d5pilastega loodi eTwinningu projekte ja 2022 aasta kevadel toimus 5. klasside \u00f5ues\u00f5ppep\u00e4ev ning 4. klasside teemap\u00e4ev, kus rakendati\u00a0 \u00f5pir\u00e4nnetelt saadud teadmisi. Projektis osalenud \u00f5petajad on saadud \u00f5ppematerjale kasutanud oma ainetundides ning klassijuhatajatundides. \u00d5pir\u00e4nnetelt saadi partnereid ka uute Erasmus+ projektide jaoks. Projektis osalenud \u00f5petajad andsid ideid ja m\u00f5tteid uue Erasmus+ projekti kirjutamiseks ning motiveerisid kolleege projektis osalema.\u00a0<\/span><\/p>\n<p><span style=\"font-weight: 400;\">Projektis \u201cKaasaegsete \u00f5ppemeetodite ja digitehnoloogiliste vahendite rakendamine<\/span><\/p>\n<p><span style=\"font-weight: 400;\">\u00f5ppeprotsessis\u201d olevate \u00f5pir\u00e4nnete sisu t\u00e4psemad kirjeldused lisati projekti kodulehele (<\/span><a href=\"http:\/\/profareng.weebly.com\/2019-2022-kaasaegsete-otildeppemeetodite-ja-digitehnoloogiliste-vahendite-8203rakendamine-otildeppeprotsessis.html\"><span style=\"font-weight: 400;\">http:\/\/profareng.weebly.com\/2019-2022-kaasaegsete-otildeppemeetodite-ja-digitehnoloogiliste-vahendite-8203rakendamine-otildeppeprotsessis.html<\/span><\/a><span style=\"font-weight: 400;\">), kooli eTwinningu grupis ja valla ajalehes. \u00d5pir\u00e4nnetes osalejad suhtlevad koolitustel osalenud teiste riikide \u00f5petajatega ka p\u00e4rast \u00f5pir\u00e4nnete l\u00f5ppu. Projektis osalejad on andnud tagasisidet kursuse korraldajatele ja projekti aruannete keskkonnas, oma t\u00f6\u00f6st ja projekti m\u00f5just koolile tehti kokkuv\u00f5tteid, mida jagati kolleegidele. <\/span><\/p>\n<p><strong>Sisekoolitused \u00f5petajatele.<\/strong><\/p>\n","protected":false},"excerpt":{"rendered":"<p>Erasmus+ projekti \u201cKaasaegsete \u00f5ppemeetodite ja digitehnoloogiliste vahendite rakendamine \u00f5ppeprotsessis\u201d tutvustati \u00f5petajatele t\u00f6\u00f6koosolekutel ja sisekoolitustel. Tutvustati projekti eesm\u00e4rke, k\u00f5iki\u00a0 tegevusi, koolitusi&#8230;<\/p>\n","protected":false},"author":1,"featured_media":0,"parent":3343,"menu_order":40,"comment_status":"closed","ping_status":"closed","template":"","meta":{"_acf_changed":false,"footnotes":""},"class_list":["post-6799","page","type-page","status-publish","hentry"],"yoast_head":"<!-- This site is optimized with the Yoast SEO plugin v27.2 - https:\/\/yoast.com\/product\/yoast-seo-wordpress\/ -->\n<title>Projekti ja koolituste tutvustamine kolleegidele. \u00dchistegevused \u00f5pilastega - Peetri P\u00f5hikool<\/title>\n<meta name=\"robots\" content=\"index, follow, max-snippet:-1, max-image-preview:large, max-video-preview:-1\" \/>\n<link rel=\"canonical\" href=\"https:\/\/www.peetri.edu.ee\/pohikool\/erasmus-opiranded\/2019-2021-projekt\/projekti-ja-koolituste-tutvustamine-kolleegidele-uhistegevused-opilastega\/\" \/>\n<meta property=\"og:locale\" content=\"et_EE\" \/>\n<meta property=\"og:type\" content=\"article\" \/>\n<meta property=\"og:title\" content=\"Projekti ja koolituste tutvustamine kolleegidele. \u00dchistegevused \u00f5pilastega - Peetri P\u00f5hikool\" \/>\n<meta property=\"og:description\" content=\"Erasmus+ projekti \u201cKaasaegsete \u00f5ppemeetodite ja digitehnoloogiliste vahendite rakendamine \u00f5ppeprotsessis\u201d tutvustati \u00f5petajatele t\u00f6\u00f6koosolekutel ja sisekoolitustel. Tutvustati projekti eesm\u00e4rke, k\u00f5iki\u00a0 tegevusi, koolitusi...\" \/>\n<meta property=\"og:url\" content=\"https:\/\/www.peetri.edu.ee\/pohikool\/erasmus-opiranded\/2019-2021-projekt\/projekti-ja-koolituste-tutvustamine-kolleegidele-uhistegevused-opilastega\/\" \/>\n<meta property=\"og:site_name\" content=\"Peetri P\u00f5hikool\" \/>\n<meta property=\"article:modified_time\" content=\"2022-12-22T09:50:53+00:00\" \/>\n<meta property=\"og:image\" content=\"https:\/\/www.peetri.edu.ee\/pohikool\/wp-content\/uploads\/sites\/3\/2022\/12\/logo_erasmus-300x83.png\" \/>\n<meta name=\"twitter:card\" content=\"summary_large_image\" \/>\n<meta name=\"twitter:label1\" content=\"Est. reading time\" \/>\n\t<meta name=\"twitter:data1\" content=\"1 minut\" \/>\n<script type=\"application\/ld+json\" class=\"yoast-schema-graph\">{\"@context\":\"https:\/\/schema.org\",\"@graph\":[{\"@type\":\"WebPage\",\"@id\":\"https:\/\/www.peetri.edu.ee\/pohikool\/erasmus-opiranded\/2019-2021-projekt\/projekti-ja-koolituste-tutvustamine-kolleegidele-uhistegevused-opilastega\/\",\"url\":\"https:\/\/www.peetri.edu.ee\/pohikool\/erasmus-opiranded\/2019-2021-projekt\/projekti-ja-koolituste-tutvustamine-kolleegidele-uhistegevused-opilastega\/\",\"name\":\"Projekti ja koolituste tutvustamine kolleegidele. \u00dchistegevused \u00f5pilastega - Peetri P\u00f5hikool\",\"isPartOf\":{\"@id\":\"https:\/\/www.peetri.edu.ee\/pohikool\/#website\"},\"primaryImageOfPage\":{\"@id\":\"https:\/\/www.peetri.edu.ee\/pohikool\/erasmus-opiranded\/2019-2021-projekt\/projekti-ja-koolituste-tutvustamine-kolleegidele-uhistegevused-opilastega\/#primaryimage\"},\"image\":{\"@id\":\"https:\/\/www.peetri.edu.ee\/pohikool\/erasmus-opiranded\/2019-2021-projekt\/projekti-ja-koolituste-tutvustamine-kolleegidele-uhistegevused-opilastega\/#primaryimage\"},\"thumbnailUrl\":\"https:\/\/www.peetri.edu.ee\/pohikool\/wp-content\/uploads\/sites\/3\/2022\/12\/logo_erasmus-300x83.png\",\"datePublished\":\"2022-12-22T09:49:13+00:00\",\"dateModified\":\"2022-12-22T09:50:53+00:00\",\"breadcrumb\":{\"@id\":\"https:\/\/www.peetri.edu.ee\/pohikool\/erasmus-opiranded\/2019-2021-projekt\/projekti-ja-koolituste-tutvustamine-kolleegidele-uhistegevused-opilastega\/#breadcrumb\"},\"inLanguage\":\"et\",\"potentialAction\":[{\"@type\":\"ReadAction\",\"target\":[\"https:\/\/www.peetri.edu.ee\/pohikool\/erasmus-opiranded\/2019-2021-projekt\/projekti-ja-koolituste-tutvustamine-kolleegidele-uhistegevused-opilastega\/\"]}]},{\"@type\":\"ImageObject\",\"inLanguage\":\"et\",\"@id\":\"https:\/\/www.peetri.edu.ee\/pohikool\/erasmus-opiranded\/2019-2021-projekt\/projekti-ja-koolituste-tutvustamine-kolleegidele-uhistegevused-opilastega\/#primaryimage\",\"url\":\"https:\/\/www.peetri.edu.ee\/pohikool\/wp-content\/uploads\/sites\/3\/2022\/12\/logo_erasmus.png\",\"contentUrl\":\"https:\/\/www.peetri.edu.ee\/pohikool\/wp-content\/uploads\/sites\/3\/2022\/12\/logo_erasmus.png\",\"width\":480,\"height\":132},{\"@type\":\"BreadcrumbList\",\"@id\":\"https:\/\/www.peetri.edu.ee\/pohikool\/erasmus-opiranded\/2019-2021-projekt\/projekti-ja-koolituste-tutvustamine-kolleegidele-uhistegevused-opilastega\/#breadcrumb\",\"itemListElement\":[{\"@type\":\"ListItem\",\"position\":1,\"name\":\"Home\",\"item\":\"https:\/\/www.peetri.edu.ee\/pohikool\/\"},{\"@type\":\"ListItem\",\"position\":2,\"name\":\"Erasmus+ \u00f5pir\u00e4nded ja koost\u00f6\u00f6projektid\",\"item\":\"https:\/\/www.peetri.edu.ee\/pohikool\/erasmus-opiranded\/\"},{\"@type\":\"ListItem\",\"position\":3,\"name\":\"2019-2022 projekt\",\"item\":\"https:\/\/www.peetri.edu.ee\/pohikool\/erasmus-opiranded\/2019-2021-projekt\/\"},{\"@type\":\"ListItem\",\"position\":4,\"name\":\"Projekti ja koolituste tutvustamine kolleegidele. \u00dchistegevused \u00f5pilastega\"}]},{\"@type\":\"WebSite\",\"@id\":\"https:\/\/www.peetri.edu.ee\/pohikool\/#website\",\"url\":\"https:\/\/www.peetri.edu.ee\/pohikool\/\",\"name\":\"Peetri P\u00f5hikool\",\"description\":\"Igas inimeses on p\u00e4ike, laskem tal s\u00e4rada\",\"potentialAction\":[{\"@type\":\"SearchAction\",\"target\":{\"@type\":\"EntryPoint\",\"urlTemplate\":\"https:\/\/www.peetri.edu.ee\/pohikool\/?s={search_term_string}\"},\"query-input\":{\"@type\":\"PropertyValueSpecification\",\"valueRequired\":true,\"valueName\":\"search_term_string\"}}],\"inLanguage\":\"et\"}]}<\/script>\n<!-- \/ Yoast SEO plugin. -->","yoast_head_json":{"title":"Projekti ja koolituste tutvustamine kolleegidele. \u00dchistegevused \u00f5pilastega - Peetri P\u00f5hikool","robots":{"index":"index","follow":"follow","max-snippet":"max-snippet:-1","max-image-preview":"max-image-preview:large","max-video-preview":"max-video-preview:-1"},"canonical":"https:\/\/www.peetri.edu.ee\/pohikool\/erasmus-opiranded\/2019-2021-projekt\/projekti-ja-koolituste-tutvustamine-kolleegidele-uhistegevused-opilastega\/","og_locale":"et_EE","og_type":"article","og_title":"Projekti ja koolituste tutvustamine kolleegidele. \u00dchistegevused \u00f5pilastega - Peetri P\u00f5hikool","og_description":"Erasmus+ projekti \u201cKaasaegsete \u00f5ppemeetodite ja digitehnoloogiliste vahendite rakendamine \u00f5ppeprotsessis\u201d tutvustati \u00f5petajatele t\u00f6\u00f6koosolekutel ja sisekoolitustel. Tutvustati projekti eesm\u00e4rke, k\u00f5iki\u00a0 tegevusi, koolitusi...","og_url":"https:\/\/www.peetri.edu.ee\/pohikool\/erasmus-opiranded\/2019-2021-projekt\/projekti-ja-koolituste-tutvustamine-kolleegidele-uhistegevused-opilastega\/","og_site_name":"Peetri P\u00f5hikool","article_modified_time":"2022-12-22T09:50:53+00:00","og_image":[{"url":"https:\/\/www.peetri.edu.ee\/pohikool\/wp-content\/uploads\/sites\/3\/2022\/12\/logo_erasmus-300x83.png","type":"","width":"","height":""}],"twitter_card":"summary_large_image","twitter_misc":{"Est. reading time":"1 minut"},"schema":{"@context":"https:\/\/schema.org","@graph":[{"@type":"WebPage","@id":"https:\/\/www.peetri.edu.ee\/pohikool\/erasmus-opiranded\/2019-2021-projekt\/projekti-ja-koolituste-tutvustamine-kolleegidele-uhistegevused-opilastega\/","url":"https:\/\/www.peetri.edu.ee\/pohikool\/erasmus-opiranded\/2019-2021-projekt\/projekti-ja-koolituste-tutvustamine-kolleegidele-uhistegevused-opilastega\/","name":"Projekti ja koolituste tutvustamine kolleegidele. \u00dchistegevused \u00f5pilastega - Peetri P\u00f5hikool","isPartOf":{"@id":"https:\/\/www.peetri.edu.ee\/pohikool\/#website"},"primaryImageOfPage":{"@id":"https:\/\/www.peetri.edu.ee\/pohikool\/erasmus-opiranded\/2019-2021-projekt\/projekti-ja-koolituste-tutvustamine-kolleegidele-uhistegevused-opilastega\/#primaryimage"},"image":{"@id":"https:\/\/www.peetri.edu.ee\/pohikool\/erasmus-opiranded\/2019-2021-projekt\/projekti-ja-koolituste-tutvustamine-kolleegidele-uhistegevused-opilastega\/#primaryimage"},"thumbnailUrl":"https:\/\/www.peetri.edu.ee\/pohikool\/wp-content\/uploads\/sites\/3\/2022\/12\/logo_erasmus-300x83.png","datePublished":"2022-12-22T09:49:13+00:00","dateModified":"2022-12-22T09:50:53+00:00","breadcrumb":{"@id":"https:\/\/www.peetri.edu.ee\/pohikool\/erasmus-opiranded\/2019-2021-projekt\/projekti-ja-koolituste-tutvustamine-kolleegidele-uhistegevused-opilastega\/#breadcrumb"},"inLanguage":"et","potentialAction":[{"@type":"ReadAction","target":["https:\/\/www.peetri.edu.ee\/pohikool\/erasmus-opiranded\/2019-2021-projekt\/projekti-ja-koolituste-tutvustamine-kolleegidele-uhistegevused-opilastega\/"]}]},{"@type":"ImageObject","inLanguage":"et","@id":"https:\/\/www.peetri.edu.ee\/pohikool\/erasmus-opiranded\/2019-2021-projekt\/projekti-ja-koolituste-tutvustamine-kolleegidele-uhistegevused-opilastega\/#primaryimage","url":"https:\/\/www.peetri.edu.ee\/pohikool\/wp-content\/uploads\/sites\/3\/2022\/12\/logo_erasmus.png","contentUrl":"https:\/\/www.peetri.edu.ee\/pohikool\/wp-content\/uploads\/sites\/3\/2022\/12\/logo_erasmus.png","width":480,"height":132},{"@type":"BreadcrumbList","@id":"https:\/\/www.peetri.edu.ee\/pohikool\/erasmus-opiranded\/2019-2021-projekt\/projekti-ja-koolituste-tutvustamine-kolleegidele-uhistegevused-opilastega\/#breadcrumb","itemListElement":[{"@type":"ListItem","position":1,"name":"Home","item":"https:\/\/www.peetri.edu.ee\/pohikool\/"},{"@type":"ListItem","position":2,"name":"Erasmus+ \u00f5pir\u00e4nded ja koost\u00f6\u00f6projektid","item":"https:\/\/www.peetri.edu.ee\/pohikool\/erasmus-opiranded\/"},{"@type":"ListItem","position":3,"name":"2019-2022 projekt","item":"https:\/\/www.peetri.edu.ee\/pohikool\/erasmus-opiranded\/2019-2021-projekt\/"},{"@type":"ListItem","position":4,"name":"Projekti ja koolituste tutvustamine kolleegidele. \u00dchistegevused \u00f5pilastega"}]},{"@type":"WebSite","@id":"https:\/\/www.peetri.edu.ee\/pohikool\/#website","url":"https:\/\/www.peetri.edu.ee\/pohikool\/","name":"Peetri P\u00f5hikool","description":"Igas inimeses on p\u00e4ike, laskem tal s\u00e4rada","potentialAction":[{"@type":"SearchAction","target":{"@type":"EntryPoint","urlTemplate":"https:\/\/www.peetri.edu.ee\/pohikool\/?s={search_term_string}"},"query-input":{"@type":"PropertyValueSpecification","valueRequired":true,"valueName":"search_term_string"}}],"inLanguage":"et"}]}},"acf":[],"_links":{"self":[{"href":"https:\/\/www.peetri.edu.ee\/pohikool\/wp-json\/wp\/v2\/pages\/6799","targetHints":{"allow":["GET"]}}],"collection":[{"href":"https:\/\/www.peetri.edu.ee\/pohikool\/wp-json\/wp\/v2\/pages"}],"about":[{"href":"https:\/\/www.peetri.edu.ee\/pohikool\/wp-json\/wp\/v2\/types\/page"}],"author":[{"embeddable":true,"href":"https:\/\/www.peetri.edu.ee\/pohikool\/wp-json\/wp\/v2\/users\/1"}],"replies":[{"embeddable":true,"href":"https:\/\/www.peetri.edu.ee\/pohikool\/wp-json\/wp\/v2\/comments?post=6799"}],"version-history":[{"count":3,"href":"https:\/\/www.peetri.edu.ee\/pohikool\/wp-json\/wp\/v2\/pages\/6799\/revisions"}],"predecessor-version":[{"id":6808,"href":"https:\/\/www.peetri.edu.ee\/pohikool\/wp-json\/wp\/v2\/pages\/6799\/revisions\/6808"}],"up":[{"embeddable":true,"href":"https:\/\/www.peetri.edu.ee\/pohikool\/wp-json\/wp\/v2\/pages\/3343"}],"wp:attachment":[{"href":"https:\/\/www.peetri.edu.ee\/pohikool\/wp-json\/wp\/v2\/media?parent=6799"}],"curies":[{"name":"wp","href":"https:\/\/api.w.org\/{rel}","templated":true}]}}