{"id":5801,"date":"2021-11-05T08:44:55","date_gmt":"2021-11-05T06:44:55","guid":{"rendered":"https:\/\/www.peetri.edu.ee\/pohikool\/?page_id=5801"},"modified":"2022-12-22T10:48:54","modified_gmt":"2022-12-22T08:48:54","slug":"team-building-school-play-fun-building-educators-communities","status":"publish","type":"page","link":"https:\/\/www.peetri.edu.ee\/pohikool\/erasmus-opiranded\/2019-2021-projekt\/team-building-school-play-fun-building-educators-communities\/","title":{"rendered":"Team Building for School: Play and Fun, Building Educators\u2019 Communities"},"content":{"rendered":"<p><img loading=\"lazy\" decoding=\"async\" class=\"size-medium wp-image-6751 alignleft\" src=\"https:\/\/www.peetri.edu.ee\/pohikool\/wp-content\/uploads\/sites\/3\/2022\/12\/logo_erasmus-300x83.png\" alt=\"\" width=\"300\" height=\"83\" \/><\/p>\n<p><span style=\"font-weight: 400;\">Koolitus ,,Team Building for School: Play and Fun, Building Educators\u2019 Communities\u201d toimus Hispaanias Barcelonas 09.08.2021-14.08.2021. Koolituse juhendaja oli Katie Steen. Koolitusel osalesid \u00f5petajad Eestist, Poolast ja Ungarist. <\/span><span style=\"font-weight: 400;\">Osalejate hulgas oli koolieelsete asutuste \u00f5petajaid ja I-IV kooliastme \u00f5petajaid.\u00a0<\/span><\/p>\n<p><span style=\"font-weight: 400;\">Koolitus kestis kuus p\u00e4eva ning selle aja v\u00e4ltel tutvustati osalejatele grupid\u00fcnaamika olemust ning praktilisi \u00fclesandeid, mille abil parendada meeskonnat\u00f6\u00f6 oskuseid. Tutvustatud tegevusi saab h\u00f5lpsalt l\u00f5imida klassitundide ja ainetundidega, mida oleme juba ise ka teinud.Koolitus oli v\u00e4ga tegevusterohke ning osalejad said aktiivselt k\u00f5ikides \u00fclesannetes kaasa l\u00fc\u00fca. Koolituse l\u00e4binud \u00f5petajad oskavad luua toetava ja koost\u00f6ise, loomingulise ja enesehinnangut t\u00f5stva \u00f5pikeskkonna.\u00a0<\/span><\/p>\n<p><span style=\"font-weight: 400;\">Koolitus oli v\u00e4ga praktiline &#8211; osalejad katsetasid k\u00f5ik tegevused ja \u00fclesanded ise l\u00e4bi. N\u00e4iteks oli vaja paarist\u00f6\u00f6na ehitada piiratud koguses spagettidest teibi ja n\u00f6\u00f6ri abil 30 cm k\u00f5rgune torn, mille otsas p\u00fcsiks vahukomm. Katsetasime, kuidas moodustada grupiga kinniste silmadega maapinnale n\u00f6\u00f6rist v\u00f5imalikult t\u00e4pne ringjoon ning kuidas p\u00f6\u00f6rata vaip \u00fcmber nii, et keegi vaibalt ei lahkuks. Veel proovisime laduda topsidest torni niimoodi, et igal r\u00fchmal oli kasutada \u00fcks kumm, mille k\u00fcljes olid n\u00f6\u00f6rijupid, mida t\u00f5mmates kumm venis ja selle sai topsile \u00fcmber panna ning sel viisil topse t\u00f5sta. See \u00fclesanne \u00f5petas, et \u00fchiselt tegutsedes j\u00f5utakse kiiremini p\u00fcstitatud eesm\u00e4rgini. <\/span><i><span style=\"font-weight: 400;\">Story telling<\/span><\/i><span style=\"font-weight: 400;\">\u2019u harjutuses joonistas iga r\u00fchmaliige alguses neli pilti, teadmata, mis neist edasi saab, ja hiljem oli neist piltidest vaja \u00fcks lugu v\u00e4lja m\u00f5elda ning\u00a0 teistele jutustada.\u00a0<\/span><\/p>\n<p><span style=\"font-weight: 400;\">Grupisiseselt \u00fcksteise paremaks tundmiseks joonistas iga\u00fcks endast portree (<\/span><i><span style=\"font-weight: 400;\">identity portrait<\/span><\/i><span style=\"font-weight: 400;\">), kus \u00fchel n\u00e4opoolel olid inimese jaoks olulised asjad. Tutvustatud \u00fclesanded aitasid koolitusel osalejatel vaadata iseendasse ning luua usaldusside teiste r\u00fchmaliikmetega. Need \u00fclesanded sobivad nii kooliealistele kui ka t\u00e4iskasvanutele.<\/span><\/p>\n","protected":false},"excerpt":{"rendered":"<p>Koolitus ,,Team Building for School: Play and Fun, Building Educators\u2019 Communities\u201d toimus Hispaanias Barcelonas 09.08.2021-14.08.2021. Koolituse juhendaja oli Katie Steen&#8230;.<\/p>\n","protected":false},"author":1,"featured_media":0,"parent":3343,"menu_order":20,"comment_status":"closed","ping_status":"closed","template":"","meta":{"_acf_changed":false,"footnotes":""},"class_list":["post-5801","page","type-page","status-publish","hentry"],"yoast_head":"<!-- This site is optimized with the Yoast SEO plugin v27.2 - https:\/\/yoast.com\/product\/yoast-seo-wordpress\/ -->\n<title>Team Building for School: Play and Fun, Building Educators\u2019 Communities - Peetri P\u00f5hikool<\/title>\n<meta name=\"robots\" content=\"index, follow, max-snippet:-1, max-image-preview:large, max-video-preview:-1\" \/>\n<link rel=\"canonical\" href=\"https:\/\/www.peetri.edu.ee\/pohikool\/erasmus-opiranded\/2019-2021-projekt\/team-building-school-play-fun-building-educators-communities\/\" \/>\n<meta property=\"og:locale\" content=\"et_EE\" \/>\n<meta property=\"og:type\" content=\"article\" \/>\n<meta property=\"og:title\" content=\"Team Building for School: Play and Fun, Building Educators\u2019 Communities - Peetri P\u00f5hikool\" \/>\n<meta property=\"og:description\" content=\"Koolitus ,,Team Building for School: Play and Fun, Building Educators\u2019 Communities\u201d toimus Hispaanias Barcelonas 09.08.2021-14.08.2021. Koolituse juhendaja oli Katie Steen....\" \/>\n<meta property=\"og:url\" content=\"https:\/\/www.peetri.edu.ee\/pohikool\/erasmus-opiranded\/2019-2021-projekt\/team-building-school-play-fun-building-educators-communities\/\" \/>\n<meta property=\"og:site_name\" content=\"Peetri P\u00f5hikool\" \/>\n<meta property=\"article:modified_time\" content=\"2022-12-22T08:48:54+00:00\" \/>\n<meta property=\"og:image\" content=\"https:\/\/www.peetri.edu.ee\/pohikool\/wp-content\/uploads\/sites\/3\/2022\/12\/logo_erasmus-300x83.png\" \/>\n<meta name=\"twitter:card\" content=\"summary_large_image\" \/>\n<meta name=\"twitter:label1\" content=\"Est. reading time\" \/>\n\t<meta name=\"twitter:data1\" content=\"1 minut\" \/>\n<script type=\"application\/ld+json\" class=\"yoast-schema-graph\">{\"@context\":\"https:\/\/schema.org\",\"@graph\":[{\"@type\":\"WebPage\",\"@id\":\"https:\/\/www.peetri.edu.ee\/pohikool\/erasmus-opiranded\/2019-2021-projekt\/team-building-school-play-fun-building-educators-communities\/\",\"url\":\"https:\/\/www.peetri.edu.ee\/pohikool\/erasmus-opiranded\/2019-2021-projekt\/team-building-school-play-fun-building-educators-communities\/\",\"name\":\"Team Building for School: Play and Fun, Building Educators\u2019 Communities - Peetri P\u00f5hikool\",\"isPartOf\":{\"@id\":\"https:\/\/www.peetri.edu.ee\/pohikool\/#website\"},\"primaryImageOfPage\":{\"@id\":\"https:\/\/www.peetri.edu.ee\/pohikool\/erasmus-opiranded\/2019-2021-projekt\/team-building-school-play-fun-building-educators-communities\/#primaryimage\"},\"image\":{\"@id\":\"https:\/\/www.peetri.edu.ee\/pohikool\/erasmus-opiranded\/2019-2021-projekt\/team-building-school-play-fun-building-educators-communities\/#primaryimage\"},\"thumbnailUrl\":\"https:\/\/www.peetri.edu.ee\/pohikool\/wp-content\/uploads\/sites\/3\/2022\/12\/logo_erasmus-300x83.png\",\"datePublished\":\"2021-11-05T06:44:55+00:00\",\"dateModified\":\"2022-12-22T08:48:54+00:00\",\"breadcrumb\":{\"@id\":\"https:\/\/www.peetri.edu.ee\/pohikool\/erasmus-opiranded\/2019-2021-projekt\/team-building-school-play-fun-building-educators-communities\/#breadcrumb\"},\"inLanguage\":\"et\",\"potentialAction\":[{\"@type\":\"ReadAction\",\"target\":[\"https:\/\/www.peetri.edu.ee\/pohikool\/erasmus-opiranded\/2019-2021-projekt\/team-building-school-play-fun-building-educators-communities\/\"]}]},{\"@type\":\"ImageObject\",\"inLanguage\":\"et\",\"@id\":\"https:\/\/www.peetri.edu.ee\/pohikool\/erasmus-opiranded\/2019-2021-projekt\/team-building-school-play-fun-building-educators-communities\/#primaryimage\",\"url\":\"https:\/\/www.peetri.edu.ee\/pohikool\/wp-content\/uploads\/sites\/3\/2022\/12\/logo_erasmus.png\",\"contentUrl\":\"https:\/\/www.peetri.edu.ee\/pohikool\/wp-content\/uploads\/sites\/3\/2022\/12\/logo_erasmus.png\",\"width\":480,\"height\":132},{\"@type\":\"BreadcrumbList\",\"@id\":\"https:\/\/www.peetri.edu.ee\/pohikool\/erasmus-opiranded\/2019-2021-projekt\/team-building-school-play-fun-building-educators-communities\/#breadcrumb\",\"itemListElement\":[{\"@type\":\"ListItem\",\"position\":1,\"name\":\"Home\",\"item\":\"https:\/\/www.peetri.edu.ee\/pohikool\/\"},{\"@type\":\"ListItem\",\"position\":2,\"name\":\"Erasmus+ \u00f5pir\u00e4nded ja koost\u00f6\u00f6projektid\",\"item\":\"https:\/\/www.peetri.edu.ee\/pohikool\/erasmus-opiranded\/\"},{\"@type\":\"ListItem\",\"position\":3,\"name\":\"2019-2022 projekt\",\"item\":\"https:\/\/www.peetri.edu.ee\/pohikool\/erasmus-opiranded\/2019-2021-projekt\/\"},{\"@type\":\"ListItem\",\"position\":4,\"name\":\"Team Building for School: Play and Fun, Building Educators\u2019 Communities\"}]},{\"@type\":\"WebSite\",\"@id\":\"https:\/\/www.peetri.edu.ee\/pohikool\/#website\",\"url\":\"https:\/\/www.peetri.edu.ee\/pohikool\/\",\"name\":\"Peetri P\u00f5hikool\",\"description\":\"Igas inimeses on p\u00e4ike, laskem tal s\u00e4rada\",\"potentialAction\":[{\"@type\":\"SearchAction\",\"target\":{\"@type\":\"EntryPoint\",\"urlTemplate\":\"https:\/\/www.peetri.edu.ee\/pohikool\/?s={search_term_string}\"},\"query-input\":{\"@type\":\"PropertyValueSpecification\",\"valueRequired\":true,\"valueName\":\"search_term_string\"}}],\"inLanguage\":\"et\"}]}<\/script>\n<!-- \/ Yoast SEO plugin. -->","yoast_head_json":{"title":"Team Building for School: Play and Fun, Building Educators\u2019 Communities - Peetri P\u00f5hikool","robots":{"index":"index","follow":"follow","max-snippet":"max-snippet:-1","max-image-preview":"max-image-preview:large","max-video-preview":"max-video-preview:-1"},"canonical":"https:\/\/www.peetri.edu.ee\/pohikool\/erasmus-opiranded\/2019-2021-projekt\/team-building-school-play-fun-building-educators-communities\/","og_locale":"et_EE","og_type":"article","og_title":"Team Building for School: Play and Fun, Building Educators\u2019 Communities - Peetri P\u00f5hikool","og_description":"Koolitus ,,Team Building for School: Play and Fun, Building Educators\u2019 Communities\u201d toimus Hispaanias Barcelonas 09.08.2021-14.08.2021. Koolituse juhendaja oli Katie Steen....","og_url":"https:\/\/www.peetri.edu.ee\/pohikool\/erasmus-opiranded\/2019-2021-projekt\/team-building-school-play-fun-building-educators-communities\/","og_site_name":"Peetri P\u00f5hikool","article_modified_time":"2022-12-22T08:48:54+00:00","og_image":[{"url":"https:\/\/www.peetri.edu.ee\/pohikool\/wp-content\/uploads\/sites\/3\/2022\/12\/logo_erasmus-300x83.png","type":"","width":"","height":""}],"twitter_card":"summary_large_image","twitter_misc":{"Est. reading time":"1 minut"},"schema":{"@context":"https:\/\/schema.org","@graph":[{"@type":"WebPage","@id":"https:\/\/www.peetri.edu.ee\/pohikool\/erasmus-opiranded\/2019-2021-projekt\/team-building-school-play-fun-building-educators-communities\/","url":"https:\/\/www.peetri.edu.ee\/pohikool\/erasmus-opiranded\/2019-2021-projekt\/team-building-school-play-fun-building-educators-communities\/","name":"Team Building for School: Play and Fun, Building Educators\u2019 Communities - Peetri P\u00f5hikool","isPartOf":{"@id":"https:\/\/www.peetri.edu.ee\/pohikool\/#website"},"primaryImageOfPage":{"@id":"https:\/\/www.peetri.edu.ee\/pohikool\/erasmus-opiranded\/2019-2021-projekt\/team-building-school-play-fun-building-educators-communities\/#primaryimage"},"image":{"@id":"https:\/\/www.peetri.edu.ee\/pohikool\/erasmus-opiranded\/2019-2021-projekt\/team-building-school-play-fun-building-educators-communities\/#primaryimage"},"thumbnailUrl":"https:\/\/www.peetri.edu.ee\/pohikool\/wp-content\/uploads\/sites\/3\/2022\/12\/logo_erasmus-300x83.png","datePublished":"2021-11-05T06:44:55+00:00","dateModified":"2022-12-22T08:48:54+00:00","breadcrumb":{"@id":"https:\/\/www.peetri.edu.ee\/pohikool\/erasmus-opiranded\/2019-2021-projekt\/team-building-school-play-fun-building-educators-communities\/#breadcrumb"},"inLanguage":"et","potentialAction":[{"@type":"ReadAction","target":["https:\/\/www.peetri.edu.ee\/pohikool\/erasmus-opiranded\/2019-2021-projekt\/team-building-school-play-fun-building-educators-communities\/"]}]},{"@type":"ImageObject","inLanguage":"et","@id":"https:\/\/www.peetri.edu.ee\/pohikool\/erasmus-opiranded\/2019-2021-projekt\/team-building-school-play-fun-building-educators-communities\/#primaryimage","url":"https:\/\/www.peetri.edu.ee\/pohikool\/wp-content\/uploads\/sites\/3\/2022\/12\/logo_erasmus.png","contentUrl":"https:\/\/www.peetri.edu.ee\/pohikool\/wp-content\/uploads\/sites\/3\/2022\/12\/logo_erasmus.png","width":480,"height":132},{"@type":"BreadcrumbList","@id":"https:\/\/www.peetri.edu.ee\/pohikool\/erasmus-opiranded\/2019-2021-projekt\/team-building-school-play-fun-building-educators-communities\/#breadcrumb","itemListElement":[{"@type":"ListItem","position":1,"name":"Home","item":"https:\/\/www.peetri.edu.ee\/pohikool\/"},{"@type":"ListItem","position":2,"name":"Erasmus+ \u00f5pir\u00e4nded ja koost\u00f6\u00f6projektid","item":"https:\/\/www.peetri.edu.ee\/pohikool\/erasmus-opiranded\/"},{"@type":"ListItem","position":3,"name":"2019-2022 projekt","item":"https:\/\/www.peetri.edu.ee\/pohikool\/erasmus-opiranded\/2019-2021-projekt\/"},{"@type":"ListItem","position":4,"name":"Team Building for School: Play and Fun, Building Educators\u2019 Communities"}]},{"@type":"WebSite","@id":"https:\/\/www.peetri.edu.ee\/pohikool\/#website","url":"https:\/\/www.peetri.edu.ee\/pohikool\/","name":"Peetri P\u00f5hikool","description":"Igas inimeses on p\u00e4ike, laskem tal s\u00e4rada","potentialAction":[{"@type":"SearchAction","target":{"@type":"EntryPoint","urlTemplate":"https:\/\/www.peetri.edu.ee\/pohikool\/?s={search_term_string}"},"query-input":{"@type":"PropertyValueSpecification","valueRequired":true,"valueName":"search_term_string"}}],"inLanguage":"et"}]}},"acf":[],"_links":{"self":[{"href":"https:\/\/www.peetri.edu.ee\/pohikool\/wp-json\/wp\/v2\/pages\/5801","targetHints":{"allow":["GET"]}}],"collection":[{"href":"https:\/\/www.peetri.edu.ee\/pohikool\/wp-json\/wp\/v2\/pages"}],"about":[{"href":"https:\/\/www.peetri.edu.ee\/pohikool\/wp-json\/wp\/v2\/types\/page"}],"author":[{"embeddable":true,"href":"https:\/\/www.peetri.edu.ee\/pohikool\/wp-json\/wp\/v2\/users\/1"}],"replies":[{"embeddable":true,"href":"https:\/\/www.peetri.edu.ee\/pohikool\/wp-json\/wp\/v2\/comments?post=5801"}],"version-history":[{"count":3,"href":"https:\/\/www.peetri.edu.ee\/pohikool\/wp-json\/wp\/v2\/pages\/5801\/revisions"}],"predecessor-version":[{"id":6769,"href":"https:\/\/www.peetri.edu.ee\/pohikool\/wp-json\/wp\/v2\/pages\/5801\/revisions\/6769"}],"up":[{"embeddable":true,"href":"https:\/\/www.peetri.edu.ee\/pohikool\/wp-json\/wp\/v2\/pages\/3343"}],"wp:attachment":[{"href":"https:\/\/www.peetri.edu.ee\/pohikool\/wp-json\/wp\/v2\/media?parent=5801"}],"curies":[{"name":"wp","href":"https:\/\/api.w.org\/{rel}","templated":true}]}}