{"id":5793,"date":"2021-11-05T08:34:53","date_gmt":"2021-11-05T06:34:53","guid":{"rendered":"https:\/\/www.peetri.edu.ee\/pohikool\/?page_id=5793"},"modified":"2022-12-22T10:43:17","modified_gmt":"2022-12-22T08:43:17","slug":"developing-21st-century-skills-classroom-critical-thinking","status":"publish","type":"page","link":"https:\/\/www.peetri.edu.ee\/pohikool\/erasmus-opiranded\/2019-2021-projekt\/developing-21st-century-skills-classroom-critical-thinking\/","title":{"rendered":"Developing 21st century skills in the classroom: CRITICAL THINKING"},"content":{"rendered":"<p><img loading=\"lazy\" decoding=\"async\" class=\"alignleft wp-image-6751 size-medium\" src=\"https:\/\/www.peetri.edu.ee\/pohikool\/wp-content\/uploads\/sites\/3\/2022\/12\/logo_erasmus-300x83.png\" alt=\"\" width=\"300\" height=\"83\" \/><\/p>\n<p><span style=\"font-weight: 400;\">2021 aasta aprillikuu koolivaheajal (17.04 &#8211;\u00a0 23.04) toimus Erasmus+ poolt rahastatud koolitus\u00a0 \u201cDeveloping 21st century skills in the classroom: CRITICAL THINKING\u201d Horvaatias. Esialgu oli projekti kaudu planeeritud Horvaatias koolitus \u201cThe 4 Cs: Creativity, Critical Thinking\u201d, aga keerulisest ajast tingituna esialgselt valitud koolitust ei toimunud.\u00a0\u00a0<\/span><\/p>\n<p><span style=\"font-weight: 400;\">Koolitusel osalesid \u00f5petajad Eestist ja Poolast, teised osalejad \u00fchinesid koolitusega veebis. Koolitus algas osalejate enesetutvustuse ja osalevate koolide kohta info jagamisega. Nagu Zoomi koosolekutele iseloomulik on, siis ka selline h\u00fcbriidkohtumine ei m\u00f6\u00f6dunud viperusteta.\u00a0<\/span><\/p>\n<p><span style=\"font-weight: 400;\">Kuna mitmed osalejad olid oma osaluse kas t\u00fchistanud v\u00f5i tegid kursust kaasa distantsilt l\u00e4bi Zoomi, siis esialgselt planeeritud ajakava korraldati veidi \u00fcmber ja erinevate koolituste materjalid \u00fchildati ja k\u00f5ik osalejad said midagi \u00fcksteise koolitustest kuulda, n\u00e4ha ja katsetada. Osalejad said n\u00e4ha, kuidas koolitajad lahendavad h\u00fcbriid\u00f5ppe k\u00fcsimuse.<\/span><\/p>\n<p><img loading=\"lazy\" decoding=\"async\" class=\"size-full wp-image-6748 alignleft\" src=\"https:\/\/www.peetri.edu.ee\/pohikool\/wp-content\/uploads\/sites\/3\/2022\/12\/2_pilt1.png\" alt=\"\" width=\"512\" height=\"254\" \/><\/p>\n<p><span style=\"font-weight: 400;\">Kriitilise m\u00f5tlemise koolitus keskendus selle olulise oskuse sidumisele \u00f5piprotsessiga. Kriitilise m\u00f5tlemise juured on Vana-Kreekas, kus Sokrates k\u00fcsitles inimesi ja pani kahtluse alla nende k\u00e4ibet\u00f5ed- ja arusaamad. Koolituse osadeks olid muuhulgas juhtumi anal\u00fc\u00fcs ja kriitilise m\u00f5tlemise integreerimine otsustusprotsessiga. Oli hea meelde tuletada, et me ei saa eeldada kriitilist m\u00f5tlemist lastelt ja noortelt, kes on oma olemuselt usaldavad. Meie roll \u00f5petajatena ongi tuua kriitiline m\u00f5tlemine klassiruumi, kus v\u00f5imalusi selle rakendamiseks on palju. Alates kriitilisest suhtumisest allikatesse kuni selleni, et \u00f5petajale, kui ta pole just reaalainete \u00f5petaja, ei kuulu t\u00f5e monopol.<\/span><\/p>\n<p><span style=\"font-weight: 400;\">Osalejate vahel toimusid arutelud, anal\u00fc\u00fcsitu juhtumeid, t\u00f6\u00f6tati r\u00fchmades meeskonnana ja jagati n\u00e4iteid. Saadi teadmisi, kuidas kaasata oma \u00f5pilasi interaktiivsete tegevuste kaudu, kasutades innovatsiooni ja aktiiv\u00f5pet ning luues \u00f5pilasekeskset klassiruumi. Toodi v\u00e4lja Bloomi taksonoomia kuus peamist kategooriat: teadmised, m\u00f5istmine, rakendamine, anal\u00fc\u00fcs, s\u00fcntees ja hindamine.\u00a0 Koolitusel anti juhiseid, kuidas olemasolevaid teadmisi, fakte, tehnikaid ja reegleid\u00a0 rakendades probleeme uutes olukordades lahendada ja juurde anti abistavaid k\u00fcsimusi.\u00a0 \u00d5petajatega jagati kaasahaaravaid tegevusi, millega arendage laste m\u00f5tlemisoskusi (<\/span><a href=\"https:\/\/drive.google.com\/file\/d\/1_O3Q2ZmB6B-dviE3Nrbhrp_u4TSbZI_t\/view?usp=sharing\"><span style=\"font-weight: 400;\">https:\/\/drive.google.com\/file\/d\/1_O3Q2ZmB6B-dviE3Nrbhrp_u4TSbZI_t\/view?usp=sharing<\/span><\/a><span style=\"font-weight: 400;\"> ,<\/span><a href=\"https:\/\/drive.google.com\/file\/d\/12p3yFiqd4HQG3iBrLlJ9hMcaai1iPmJb\/view?usp=sharing\"><span style=\"font-weight: 400;\">https:\/\/drive.google.com\/file\/d\/12p3yFiqd4HQG3iBrLlJ9hMcaai1iPmJb\/view?usp=sharing<\/span><\/a><span style=\"font-weight: 400;\"> ).<\/span><span style=\"font-weight: 400;\">\u00a0<\/span><\/p>\n<p><span style=\"font-weight: 400;\">Kursuse ajal\u00a0 sai t\u00e4iendada oma suhtlemise, kriitilise m\u00f5tlemise ning inglise keele oskust,\u00a0 teha koost\u00f6\u00f6d ja vahetada kogemusi, edendada ja s\u00fcvendada oma erialaseid ja \u00fcldp\u00e4devusi, \u00f5piti kasutama\u00a0 nii uuenduslikke \u00f5ppevahendeid ja tehnikaid, mis \u00f5petasid\u00a0 klassiruumi juhtimist\u00a0 ja kuidas\u00a0 suurendada oma \u00f5pilaste \u00f5pimotivatsiooni.\u00a0<\/span><\/p>\n<p><span style=\"font-weight: 400;\">Antud koolituse suur lisav\u00e4\u00e4rtus oli \u00f5ppida\u00a0 teiste riikide \u00f5petajate kogemustest ja kasutada saadud teadmisi ning \u00f5ppematerjale oma koolis.<\/span><\/p>\n","protected":false},"excerpt":{"rendered":"<p>2021 aasta aprillikuu koolivaheajal (17.04 &#8211;\u00a0 23.04) toimus Erasmus+ poolt rahastatud koolitus\u00a0 \u201cDeveloping 21st century skills in the classroom: CRITICAL&#8230;<\/p>\n","protected":false},"author":1,"featured_media":0,"parent":3343,"menu_order":5,"comment_status":"closed","ping_status":"closed","template":"","meta":{"_acf_changed":false,"footnotes":""},"class_list":["post-5793","page","type-page","status-publish","hentry"],"yoast_head":"<!-- This site is optimized with the Yoast SEO plugin v27.2 - https:\/\/yoast.com\/product\/yoast-seo-wordpress\/ -->\n<title>Developing 21st century skills in the classroom: CRITICAL THINKING - Peetri P\u00f5hikool<\/title>\n<meta name=\"robots\" content=\"index, follow, max-snippet:-1, max-image-preview:large, max-video-preview:-1\" \/>\n<link rel=\"canonical\" href=\"https:\/\/www.peetri.edu.ee\/pohikool\/erasmus-opiranded\/2019-2021-projekt\/developing-21st-century-skills-classroom-critical-thinking\/\" \/>\n<meta property=\"og:locale\" content=\"et_EE\" \/>\n<meta property=\"og:type\" content=\"article\" \/>\n<meta property=\"og:title\" content=\"Developing 21st century skills in the classroom: CRITICAL THINKING - Peetri P\u00f5hikool\" \/>\n<meta property=\"og:description\" content=\"2021 aasta aprillikuu koolivaheajal (17.04 &#8211;\u00a0 23.04) toimus Erasmus+ poolt rahastatud koolitus\u00a0 \u201cDeveloping 21st century skills in the classroom: CRITICAL...\" \/>\n<meta property=\"og:url\" content=\"https:\/\/www.peetri.edu.ee\/pohikool\/erasmus-opiranded\/2019-2021-projekt\/developing-21st-century-skills-classroom-critical-thinking\/\" \/>\n<meta property=\"og:site_name\" content=\"Peetri P\u00f5hikool\" \/>\n<meta property=\"article:modified_time\" content=\"2022-12-22T08:43:17+00:00\" \/>\n<meta property=\"og:image\" content=\"https:\/\/www.peetri.edu.ee\/pohikool\/wp-content\/uploads\/sites\/3\/2022\/12\/logo_erasmus-300x83.png\" \/>\n<meta name=\"twitter:card\" content=\"summary_large_image\" \/>\n<meta name=\"twitter:label1\" content=\"Est. reading time\" \/>\n\t<meta name=\"twitter:data1\" content=\"2 minutit\" \/>\n<script type=\"application\/ld+json\" class=\"yoast-schema-graph\">{\"@context\":\"https:\/\/schema.org\",\"@graph\":[{\"@type\":\"WebPage\",\"@id\":\"https:\/\/www.peetri.edu.ee\/pohikool\/erasmus-opiranded\/2019-2021-projekt\/developing-21st-century-skills-classroom-critical-thinking\/\",\"url\":\"https:\/\/www.peetri.edu.ee\/pohikool\/erasmus-opiranded\/2019-2021-projekt\/developing-21st-century-skills-classroom-critical-thinking\/\",\"name\":\"Developing 21st century skills in the classroom: CRITICAL THINKING - Peetri P\u00f5hikool\",\"isPartOf\":{\"@id\":\"https:\/\/www.peetri.edu.ee\/pohikool\/#website\"},\"primaryImageOfPage\":{\"@id\":\"https:\/\/www.peetri.edu.ee\/pohikool\/erasmus-opiranded\/2019-2021-projekt\/developing-21st-century-skills-classroom-critical-thinking\/#primaryimage\"},\"image\":{\"@id\":\"https:\/\/www.peetri.edu.ee\/pohikool\/erasmus-opiranded\/2019-2021-projekt\/developing-21st-century-skills-classroom-critical-thinking\/#primaryimage\"},\"thumbnailUrl\":\"https:\/\/www.peetri.edu.ee\/pohikool\/wp-content\/uploads\/sites\/3\/2022\/12\/logo_erasmus-300x83.png\",\"datePublished\":\"2021-11-05T06:34:53+00:00\",\"dateModified\":\"2022-12-22T08:43:17+00:00\",\"breadcrumb\":{\"@id\":\"https:\/\/www.peetri.edu.ee\/pohikool\/erasmus-opiranded\/2019-2021-projekt\/developing-21st-century-skills-classroom-critical-thinking\/#breadcrumb\"},\"inLanguage\":\"et\",\"potentialAction\":[{\"@type\":\"ReadAction\",\"target\":[\"https:\/\/www.peetri.edu.ee\/pohikool\/erasmus-opiranded\/2019-2021-projekt\/developing-21st-century-skills-classroom-critical-thinking\/\"]}]},{\"@type\":\"ImageObject\",\"inLanguage\":\"et\",\"@id\":\"https:\/\/www.peetri.edu.ee\/pohikool\/erasmus-opiranded\/2019-2021-projekt\/developing-21st-century-skills-classroom-critical-thinking\/#primaryimage\",\"url\":\"https:\/\/www.peetri.edu.ee\/pohikool\/wp-content\/uploads\/sites\/3\/2022\/12\/logo_erasmus.png\",\"contentUrl\":\"https:\/\/www.peetri.edu.ee\/pohikool\/wp-content\/uploads\/sites\/3\/2022\/12\/logo_erasmus.png\",\"width\":480,\"height\":132},{\"@type\":\"BreadcrumbList\",\"@id\":\"https:\/\/www.peetri.edu.ee\/pohikool\/erasmus-opiranded\/2019-2021-projekt\/developing-21st-century-skills-classroom-critical-thinking\/#breadcrumb\",\"itemListElement\":[{\"@type\":\"ListItem\",\"position\":1,\"name\":\"Home\",\"item\":\"https:\/\/www.peetri.edu.ee\/pohikool\/\"},{\"@type\":\"ListItem\",\"position\":2,\"name\":\"Erasmus+ \u00f5pir\u00e4nded ja koost\u00f6\u00f6projektid\",\"item\":\"https:\/\/www.peetri.edu.ee\/pohikool\/erasmus-opiranded\/\"},{\"@type\":\"ListItem\",\"position\":3,\"name\":\"2019-2022 projekt\",\"item\":\"https:\/\/www.peetri.edu.ee\/pohikool\/erasmus-opiranded\/2019-2021-projekt\/\"},{\"@type\":\"ListItem\",\"position\":4,\"name\":\"Developing 21st century skills in the classroom: CRITICAL THINKING\"}]},{\"@type\":\"WebSite\",\"@id\":\"https:\/\/www.peetri.edu.ee\/pohikool\/#website\",\"url\":\"https:\/\/www.peetri.edu.ee\/pohikool\/\",\"name\":\"Peetri P\u00f5hikool\",\"description\":\"Igas inimeses on p\u00e4ike, laskem tal s\u00e4rada\",\"potentialAction\":[{\"@type\":\"SearchAction\",\"target\":{\"@type\":\"EntryPoint\",\"urlTemplate\":\"https:\/\/www.peetri.edu.ee\/pohikool\/?s={search_term_string}\"},\"query-input\":{\"@type\":\"PropertyValueSpecification\",\"valueRequired\":true,\"valueName\":\"search_term_string\"}}],\"inLanguage\":\"et\"}]}<\/script>\n<!-- \/ Yoast SEO plugin. -->","yoast_head_json":{"title":"Developing 21st century skills in the classroom: CRITICAL THINKING - Peetri P\u00f5hikool","robots":{"index":"index","follow":"follow","max-snippet":"max-snippet:-1","max-image-preview":"max-image-preview:large","max-video-preview":"max-video-preview:-1"},"canonical":"https:\/\/www.peetri.edu.ee\/pohikool\/erasmus-opiranded\/2019-2021-projekt\/developing-21st-century-skills-classroom-critical-thinking\/","og_locale":"et_EE","og_type":"article","og_title":"Developing 21st century skills in the classroom: CRITICAL THINKING - Peetri P\u00f5hikool","og_description":"2021 aasta aprillikuu koolivaheajal (17.04 &#8211;\u00a0 23.04) toimus Erasmus+ poolt rahastatud koolitus\u00a0 \u201cDeveloping 21st century skills in the classroom: CRITICAL...","og_url":"https:\/\/www.peetri.edu.ee\/pohikool\/erasmus-opiranded\/2019-2021-projekt\/developing-21st-century-skills-classroom-critical-thinking\/","og_site_name":"Peetri P\u00f5hikool","article_modified_time":"2022-12-22T08:43:17+00:00","og_image":[{"url":"https:\/\/www.peetri.edu.ee\/pohikool\/wp-content\/uploads\/sites\/3\/2022\/12\/logo_erasmus-300x83.png","type":"","width":"","height":""}],"twitter_card":"summary_large_image","twitter_misc":{"Est. reading time":"2 minutit"},"schema":{"@context":"https:\/\/schema.org","@graph":[{"@type":"WebPage","@id":"https:\/\/www.peetri.edu.ee\/pohikool\/erasmus-opiranded\/2019-2021-projekt\/developing-21st-century-skills-classroom-critical-thinking\/","url":"https:\/\/www.peetri.edu.ee\/pohikool\/erasmus-opiranded\/2019-2021-projekt\/developing-21st-century-skills-classroom-critical-thinking\/","name":"Developing 21st century skills in the classroom: CRITICAL THINKING - Peetri P\u00f5hikool","isPartOf":{"@id":"https:\/\/www.peetri.edu.ee\/pohikool\/#website"},"primaryImageOfPage":{"@id":"https:\/\/www.peetri.edu.ee\/pohikool\/erasmus-opiranded\/2019-2021-projekt\/developing-21st-century-skills-classroom-critical-thinking\/#primaryimage"},"image":{"@id":"https:\/\/www.peetri.edu.ee\/pohikool\/erasmus-opiranded\/2019-2021-projekt\/developing-21st-century-skills-classroom-critical-thinking\/#primaryimage"},"thumbnailUrl":"https:\/\/www.peetri.edu.ee\/pohikool\/wp-content\/uploads\/sites\/3\/2022\/12\/logo_erasmus-300x83.png","datePublished":"2021-11-05T06:34:53+00:00","dateModified":"2022-12-22T08:43:17+00:00","breadcrumb":{"@id":"https:\/\/www.peetri.edu.ee\/pohikool\/erasmus-opiranded\/2019-2021-projekt\/developing-21st-century-skills-classroom-critical-thinking\/#breadcrumb"},"inLanguage":"et","potentialAction":[{"@type":"ReadAction","target":["https:\/\/www.peetri.edu.ee\/pohikool\/erasmus-opiranded\/2019-2021-projekt\/developing-21st-century-skills-classroom-critical-thinking\/"]}]},{"@type":"ImageObject","inLanguage":"et","@id":"https:\/\/www.peetri.edu.ee\/pohikool\/erasmus-opiranded\/2019-2021-projekt\/developing-21st-century-skills-classroom-critical-thinking\/#primaryimage","url":"https:\/\/www.peetri.edu.ee\/pohikool\/wp-content\/uploads\/sites\/3\/2022\/12\/logo_erasmus.png","contentUrl":"https:\/\/www.peetri.edu.ee\/pohikool\/wp-content\/uploads\/sites\/3\/2022\/12\/logo_erasmus.png","width":480,"height":132},{"@type":"BreadcrumbList","@id":"https:\/\/www.peetri.edu.ee\/pohikool\/erasmus-opiranded\/2019-2021-projekt\/developing-21st-century-skills-classroom-critical-thinking\/#breadcrumb","itemListElement":[{"@type":"ListItem","position":1,"name":"Home","item":"https:\/\/www.peetri.edu.ee\/pohikool\/"},{"@type":"ListItem","position":2,"name":"Erasmus+ \u00f5pir\u00e4nded ja koost\u00f6\u00f6projektid","item":"https:\/\/www.peetri.edu.ee\/pohikool\/erasmus-opiranded\/"},{"@type":"ListItem","position":3,"name":"2019-2022 projekt","item":"https:\/\/www.peetri.edu.ee\/pohikool\/erasmus-opiranded\/2019-2021-projekt\/"},{"@type":"ListItem","position":4,"name":"Developing 21st century skills in the classroom: CRITICAL THINKING"}]},{"@type":"WebSite","@id":"https:\/\/www.peetri.edu.ee\/pohikool\/#website","url":"https:\/\/www.peetri.edu.ee\/pohikool\/","name":"Peetri P\u00f5hikool","description":"Igas inimeses on p\u00e4ike, laskem tal s\u00e4rada","potentialAction":[{"@type":"SearchAction","target":{"@type":"EntryPoint","urlTemplate":"https:\/\/www.peetri.edu.ee\/pohikool\/?s={search_term_string}"},"query-input":{"@type":"PropertyValueSpecification","valueRequired":true,"valueName":"search_term_string"}}],"inLanguage":"et"}]}},"acf":[],"_links":{"self":[{"href":"https:\/\/www.peetri.edu.ee\/pohikool\/wp-json\/wp\/v2\/pages\/5793","targetHints":{"allow":["GET"]}}],"collection":[{"href":"https:\/\/www.peetri.edu.ee\/pohikool\/wp-json\/wp\/v2\/pages"}],"about":[{"href":"https:\/\/www.peetri.edu.ee\/pohikool\/wp-json\/wp\/v2\/types\/page"}],"author":[{"embeddable":true,"href":"https:\/\/www.peetri.edu.ee\/pohikool\/wp-json\/wp\/v2\/users\/1"}],"replies":[{"embeddable":true,"href":"https:\/\/www.peetri.edu.ee\/pohikool\/wp-json\/wp\/v2\/comments?post=5793"}],"version-history":[{"count":5,"href":"https:\/\/www.peetri.edu.ee\/pohikool\/wp-json\/wp\/v2\/pages\/5793\/revisions"}],"predecessor-version":[{"id":6761,"href":"https:\/\/www.peetri.edu.ee\/pohikool\/wp-json\/wp\/v2\/pages\/5793\/revisions\/6761"}],"up":[{"embeddable":true,"href":"https:\/\/www.peetri.edu.ee\/pohikool\/wp-json\/wp\/v2\/pages\/3343"}],"wp:attachment":[{"href":"https:\/\/www.peetri.edu.ee\/pohikool\/wp-json\/wp\/v2\/media?parent=5793"}],"curies":[{"name":"wp","href":"https:\/\/api.w.org\/{rel}","templated":true}]}}