{"id":4597,"date":"2020-08-19T11:33:38","date_gmt":"2020-08-19T08:33:38","guid":{"rendered":"https:\/\/www.peetri.edu.ee\/pohikool\/?page_id=4597"},"modified":"2024-12-03T08:40:47","modified_gmt":"2024-12-03T06:40:47","slug":"esindamine-20202021","status":"publish","type":"page","link":"https:\/\/www.peetri.edu.ee\/pohikool\/esindamine-20202021\/","title":{"rendered":"Esindamine 2020\/2021"},"content":{"rendered":"<h3>KOOLI ESINDAMINE 2020\/2021 \u00f5ppeaastal.<\/h3>\n<h4>Vabariiklik TV 10 Ol\u00fcmpiastarti II etapp, 29. august<\/h4>\n<ul>\n<li>4.klass Ron Marcus Laurik &#8211; kettaheide, pallivise<\/li>\n<li>4.klass Johanna Kukk &#8211; kaugush\u00fcpe, pallivise, 600m jooks<\/li>\n<li>4.klass Emili Kaul &#8211; kaugush\u00fcpe, pallivise ja 600 m jooks<\/li>\n<li>4.klass Oliver Lehismets &#8211; 1000 m jooks, pallivise<\/li>\n<li>5.klass K\u00e4sper Kalda &#8211; 1000 m jooks<\/li>\n<li>6.klass Henri Lehtsalu &#8211; kettaheide ja pallivise<\/li>\n<li>6.klass Anna S\u00f5erd &#8211; 600m jooks<\/li>\n<li>7.klass Simon Lelle &#8211; pallivise<\/li>\n<li>7.klass Marleen Ritari &#8211; kettaheide, pallivise, 600 m jooks<\/li>\n<\/ul>\n<h4>Vabariiklik TV 10 Ol\u00fcmpiastarti II etapp, 20. juuni<\/h4>\n<ul>\n<li>4.klass Emili Kaul &#8211;\u00a060 m t\u00f5kkejooks<\/li>\n<li>4.klass Johanna Kukk &#8211; 60 m t\u00f5kkejooks<\/li>\n<li>4.klass Ron Marcus Laurik &#8211; teivash\u00fcpe, 60m t\u00f5kkejooks, kaugush\u00fcpe<\/li>\n<li>5.klass Karl Jakob Loks &#8211; 60 m t\u00f5kkejooks,\u00a03. koht kaugush\u00fcpe, milles saavutas III koha tulemusega 4,68 meetrit<\/li>\n<li>6.klass Siim Lepp &#8211; k\u00f5rgush\u00fcpe, 60 m t\u00f5kkejooks, kuulit\u00f5uge<\/li>\n<li>6.klass Gregor Reigo &#8211; 60 m t\u00f5kkejooks<\/li>\n<li>6.klass Annabel Dunaiski &#8211; kuulit\u00f5uge<\/li>\n<li>Victoria Kampus &#8211; k\u00f5rguh\u00fcpe<\/li>\n<li>7.klass Marleen Ritari &#8211; 60m t\u00f5kkejooks, kuulit\u00f5uge ja k\u00f5rgush\u00fcppe<\/li>\n<li>7.klass Arto Schultz &#8211; kuulit\u00f5uge<\/li>\n<\/ul>\n<p><img loading=\"lazy\" decoding=\"async\" class=\"alignnone wp-image-5629\" src=\"https:\/\/www.peetri.edu.ee\/pohikool\/wp-content\/uploads\/sites\/3\/2020\/08\/Tv10_20.06-1024x768.jpg\" alt=\"\" width=\"389\" height=\"292\" \/> \u00a0<img loading=\"lazy\" decoding=\"async\" class=\"alignnone wp-image-5628\" src=\"https:\/\/www.peetri.edu.ee\/pohikool\/wp-content\/uploads\/sites\/3\/2020\/08\/TV10_20.06-2-1024x768.jpg\" alt=\"\" width=\"388\" height=\"291\" \/><\/p>\n<h4>Vabariiklik TV 10 Ol\u00fcmpiastarti I etapp,\u00a014. juuni<\/h4>\n<ul>\n<li>4.klass Emili Kaul &#8211; k\u00f5rgush\u00fcpe, 60m jooks<\/li>\n<li>4.klass Johanna Kukk &#8211; k\u00f5rgush\u00fcpe, 60m jooks<\/li>\n<li>4.klass Ron Marcus Laurik &#8211; k\u00f5rgush\u00fcpe, 60m jooks, kuulit\u00f5uge<\/li>\n<li>6.klass Siim Lepp &#8211; kaugush\u00fcpe, 60m jooks<\/li>\n<li>6.klass Gregor Reigo &#8211; kaugush\u00fcpe, 60m jooks<\/li>\n<li>6.klass Annabel Dunaiski &#8211; kaugush\u00fcpe, 60m jooks<\/li>\n<li>7.klass Marleen Ritari &#8211; kaugush\u00fcpe, 60m jooks ja teivash\u00fcpe, milles saavutas III koha<\/li>\n<\/ul>\n<p><img loading=\"lazy\" decoding=\"async\" class=\"alignnone wp-image-5473\" src=\"https:\/\/www.peetri.edu.ee\/pohikool\/wp-content\/uploads\/sites\/3\/2020\/08\/IMG_5481-1024x768.jpg\" alt=\"\" width=\"544\" height=\"408\" \/><\/p>\n<p style=\"text-align: center\">Fotol teivash\u00fcppe esikolmik<\/p>\n<h4>Sten Roosi nimeline muinasjutuv\u00f5istlus<\/h4>\n<p>Juhendaja\u00a0Janika Vaht<\/p>\n<ul>\n<li>Osales 8.C klass.\u00a0Siim Kurriku\u00a0muinasjutt p\u00e4lvis auhinna.<\/li>\n<\/ul>\n<h4>Geograafiaol\u00fcmpiaad riiklikvoor, 7.mai<\/h4>\n<p>juhendaja Kaija K\u00e4\u00e4rt<\/p>\n<ul>\n<li>8.klass Artur Erik Sepp, kes saavutas oma vanusegrupis III koha.<\/li>\n<li>9.klass Mattis Marcinkevicz<\/li>\n<\/ul>\n<h4>Tehnoloogia\u00f5petuse, k\u00e4sit\u00f6\u00f6 ja kodunduse ol\u00fcmpiaad 16.aprill<\/h4>\n<p>juhendaja Margit Alesmaa<\/p>\n<ul>\n<li>7.kl Elisabeth Kolk, kes saavutas oma vanusegrupis I koha<\/li>\n<\/ul>\n<h4>Geograafiaol\u00fcmpiaad 9.veebruar<\/h4>\n<p>juhendajad\u00a0Kaija K\u00e4\u00e4rt ja\u00a0Katrin Piiriselg<\/p>\n<ul>\n<li>7.kl\u00a0Jan Martti\u00a0Vainula<\/li>\n<li>8.kl\u00a0Artur Erik Sepp, kes 8.klasside arvestuses jagas II &#8211; III kohta.<\/li>\n<li>8.kl\u00a0Mia Liisa\u00a0M\u00e4nnik<\/li>\n<li>8.kl\u00a0Maria Metsla<\/li>\n<li>8.kl\u00a0Marianne\u00a0Loogma<\/li>\n<li>8.kl\u00a0Enelis Kertu\u00a0Kuld<\/li>\n<li>8.kl\u00a0Merill\u00a0Orumets<\/li>\n<li>8.kl\u00a0Salme\u00a0Reinsalu<\/li>\n<li>9.kl\u00a0Mattis\u00a0Marcinkevicz, kes saavutas oma vanusegrupis III koha<\/li>\n<li>9.kl\u00a0Kevin\u00a0Peekmann<\/li>\n<li>9.kl\u00a0Ekke-Emil\u00a0Kangur<\/li>\n<li>9.kl\u00a0Elisabeth\u00a0Teedla<\/li>\n<li>9.kl\u00a0Villem\u00a0Scheler<\/li>\n<li>9.kl\u00a0Emma\u00a0Kivilo<\/li>\n<li>9.kl\u00a0Kaisa-Katrina\u00a0Sillaste<\/li>\n<li>9.kl\u00a0Loretta\u00a0Parker<\/li>\n<li>9.kl\u00a0Karmel\u00a0S\u00f6\u00f6t<\/li>\n<li>9.kl Mia Kiivit<\/li>\n<li>9.kl\u00a0Artur\u00a0Vesmes<\/li>\n<\/ul>\n<h4>Kunstiol\u00fcmpiaad 6.veebruar<\/h4>\n<p>juhendajad \u00f5p Marell R\u00f5ss<\/p>\n<ul>\n<li>8.kl\u00a0Sandra Meriv\u00e4lja, kes saavutas I koha<\/li>\n<\/ul>\n<h4>\u00dchiskonna\u00f5petuse ol\u00fcmpiaad 5.veebruar<\/h4>\n<p>juhendajad \u00f5p Maarja Lainevoog<\/p>\n<ul>\n<li>6.kl Danna Toht, kes saavutas oma vanusegrupis II koha<\/li>\n<li>6.kl Hannaliina Hein<\/li>\n<li>6.kl\u00a0Oskar Robert Tagel<\/li>\n<li>7.kl\u00a0Marleen Hummal<\/li>\n<li>7.kl\u00a0Jan Martti Vainula<\/li>\n<\/ul>\n<h4>Bioloogiaol\u00fcmpiaad 30.jaanuar<\/h4>\n<p>juhendajad \u00f5p Reti Anmann ja\u00a0Evelin Kristin<\/p>\n<ul>\n<li>6.kl\u00a0Greta Joanna S\u00f6\u00f6t<\/li>\n<li>6.kl\u00a0Iiris Korbe<\/li>\n<li>6.kl\u00a0Liisa Maria V\u00e4rk<\/li>\n<li>7.kl\u00a0Helina Toomet<\/li>\n<li>7.kl\u00a0Henri Kala<\/li>\n<li>7.kl\u00a0Tristan Teng<\/li>\n<li>7.kl\u00a0Kristin Ait<\/li>\n<li>7.kl\u00a0Jan Martti Vainula<\/li>\n<li>7.kl Agnete Ermann<\/li>\n<li>8.kl\u00a0Anette-Liis Oidekivi<\/li>\n<li>8.kl\u00a0Salme Reinsalu<\/li>\n<li>8.kl\u00a0Maria Metsla<\/li>\n<li>8.kl\u00a0Marianne Loogma<\/li>\n<li>8.kl\u00a0Artur Erik Sepp<\/li>\n<li>8.kl Miriam Niit<\/li>\n<li>8.kl Mark Daniel Teder<\/li>\n<li>9.kl\u00a0Berit Raun<\/li>\n<li>9.kl\u00a0Ekke-Emil Kangur<\/li>\n<li>9.kl\u00a0Mattis Marcinkevicz<\/li>\n<li>9.kl\u00a0Emma Kivilo<\/li>\n<li>9.kl\u00a0Karmel Eliise S\u00f6\u00f6t<\/li>\n<\/ul>\n<h4>Matemaatikaol\u00fcmpiaad 27.jaanuar<\/h4>\n<p>juhendajad \u00f5p Kristina Matejuk, Tuuli Ojasalu, Piret Koppel ja\u00a0Signe Reidla<\/p>\n<ul>\n<li>7.kl\u00a0Jan Martti Vainula<\/li>\n<li>7.kl\u00a0Tristan Teng<\/li>\n<li>7.kl\u00a0Kristofer S\u00f5na<\/li>\n<li>8.kl\u00a0Artur Erik Sepp, kes 8.klasside arvestuses saavutas II koha.<\/li>\n<li>8.kl\u00a0Berit Guzas<\/li>\n<li>8.kl\u00a0Mattias Maalik<\/li>\n<li>8.kl\u00a0Marianne Loogma<\/li>\n<li>9.kl\u00a0Artur Vesmes<\/li>\n<li>9.kl Sander Lind<\/li>\n<li>9.kl\u00a0Kristjan Hunt<\/li>\n<li>9.kl\u00a0Kevin Peekmann<\/li>\n<li>9.kl\u00a0Loretta Parker<\/li>\n<\/ul>\n<h4>Emakeeleol\u00fcmpiaad 26.jaanuar<\/h4>\n<p>juhendajad \u00f5p K\u00fcllike Podnek<\/p>\n<ul>\n<li>8.kl\u00a0Miriam Niit<\/li>\n<li>9.kl\u00a0Keit Koreinik<\/li>\n<li>9.kl Karmel Eliise S\u00f6\u00f6t<\/li>\n<\/ul>\n<h4>Keemiaol\u00fcmpiaad l\u00f5ppvoor 23.jaanuar<\/h4>\n<p>juhendajad \u00f5p Aina Ong<\/p>\n<ul>\n<li>8.kl\u00a0Artur Erik Sepp<\/li>\n<li>8.kl\u00a0Gustav Emil Kalkun<\/li>\n<li>8.kl\u00a0Cristella Laan<\/li>\n<\/ul>\n<h4>Keemiaol\u00fcmpiaad Harjumaa piirkonnavoor 23.jaanuar<\/h4>\n<p>juhendajad \u00f5p Aina Ong<\/p>\n<ul>\n<li>8.kl\u00a0Artur Erik Sepp, kes saavutas oma vanusegrupis I koha<\/li>\n<li>8.kl\u00a0Gustav Emil Kalkun,\u00a0kes saavutas oma vanusegrupis II koha<\/li>\n<li>8.kl\u00a0Cristella Laan,\u00a0kes saavutas oma vanusegrupis III koha<\/li>\n<\/ul>\n<h4>Etluskonkursi\u00a0Harjumaa piirkonnavoor \u201cKoidulauliku valgel\u201d\u00a03. detsember<\/h4>\n<p>Juhendaja\u00a0Janika Vaht<\/p>\n<p>Salme Reinsalu 8.c klassist ja Anti Treiman 9.a klassist osalesid etluskonkursi \u201cKoidulauliku valgel\u201d Harjumaa piirkonnavoorus. 8.\u20139. klasside arvestuses saavutas Salme Reinsalu I\u2013II koha Lydia Koidula luuletusega \u201cJ\u00e4rv\u201d ning Triin Soometsa luuletusega \u201cK\u00f5igel on sama valem\u201d ja Anti Treiman III\u2013IV koha Lydia Koidula luuletusega \u201cPuhtad pihud\u201d ning Triin Soometsa luuletusega \u201cHaavad paranevad\u201d.<\/p>\n<p><img loading=\"lazy\" decoding=\"async\" class=\"alignnone wp-image-4964\" src=\"https:\/\/www.peetri.edu.ee\/pohikool\/wp-content\/uploads\/sites\/3\/2020\/12\/Etluskonkurss-1024x794.jpg\" alt=\"\" width=\"413\" height=\"320\" \/><\/p>\n<h4>\u00d5pilasleiutajate riiklik konkurss 1.detsember<\/h4>\n<p>Juhendas Signe Reidla<\/p>\n<p>II kooliastme arvestuses pa\u0308lvisid III preemia Grete Hallikivi, Luisa Marie Lemmik ja Loreta Viirg t\u00f6\u00f6ga \u201eRobotliblikas Siini ja tema eluts\u00fckkel\u201c eest<\/p>\n<h4><b>Rahvusvaheline digitehnoloogiav\u00f5istlus Ventpils IT Challenge.\u00a0<\/b><span style=\"font-weight: 400\">Kaugvoor ehk eelvoor toimus 2. septembrist kuni 18. oktoobrini ning f<\/span><span style=\"font-weight: 400\">inaalvoor toimub 23. novembrist kuni 27. novembrini.<\/span><\/h4>\n<p>Juhendajad \u00f5petaja Signe Reidla ja\u00a0Helen Pullinen<\/p>\n<ul>\n<li>9.a klassi v\u00f5istkond EestiMjeees: Fred Vessin, Anti Treiman, Kristjan Hunt<\/li>\n<li>8. b klassi v\u00f5istkond Sangarid: Karl-Martin Lokk, Renmer Silvester Neidla ja Ruben Zolkin p\u00e4\u00e4sesid\u00a0<span style=\"font-weight: 400\">C vanusegrupis (7.-9.kl)\u00a0<\/span>finaali.<\/li>\n<li>6.e klassi v\u00f5istkond SmartTeens: Beatrix Vali, Eliise Aedmaa, Oskar Robert Tagel p\u00e4\u00e4sesid\u00a0<span style=\"font-weight: 400\">B vanusegrupis (4.-6.kl)\u00a0<\/span>finaali.<\/li>\n<li>5.d klassi v\u00f5istkond Butterflies: Grete Hallikivi, Loreta Viirg, Luisa Marie Lemmik<\/li>\n<li>5.c klassi v\u00f5istkond ITPro\u00b4s: Johan Joost, Janette Kala, Erik Arula<\/li>\n<li>5.c klassi v\u00f5istkond Estonian K\u00b4s: Kaspar Pruul, K\u00e4sper Kalda, Karoliina Tarkus p\u00e4\u00e4sesid B vanusegrupis (4.-6.kl) finaali.<\/li>\n<li>5.a klassi v\u00f5istkond Nutiprof: Kris Aerton Kotli, Kentin V\u00e4lk, Karl Jakob Loks<\/li>\n<li>5.a klassi v\u00f5istkond TuTu: Melany Lember, Bert Joost, Ronne Himma<\/li>\n<li>3d ja 4 b klassi v\u00f5istkond XBOX.H.M.H: Marken Vesik, Hugo Leinatamm, Henri Vahar<\/li>\n<\/ul>\n<h4>Programmeerin ise 2.- 3. klassidele\u00a017.november<\/h4>\n<ul>\n<li>3.kl Marken Vesik ja Georg Purin, kes saavutasid 3.klasside arvestuses II koha<\/li>\n<li>2.kl\u00a0Stefan Aruv\u00e4li ja Kaspar Roosipuu<\/li>\n<\/ul>\n<h4>Harjumaa koolidevahelised sisekergej\u00f5ustiku meistriv\u00f5istlused 12.11 (8.-9.kl) ja 19.11 (4.-7.kl)<\/h4>\n<p>Kuni 5. klass<\/p>\n<p>Oliver Lehismets \u2013 2. koht 600 m jooks<br \/>\nK\u00e4sper Kalda \u2013 3. koht 600 m jooks<br \/>\nRon Marcus Laurik \u2013 1. koht k\u00f5rgush\u00fcpe, 3. koht kaugush\u00fcpe<br \/>\nKarl Jakob Loks \u2013 2. koht 60 m jooks<\/p>\n<p>Emili Kaul \u2013 1. koht 300 m jooks, 2. koht k\u00f5rgush\u00fcpe<br \/>\nJohanna Kukk \u2013 3. koht 300 m jooks<\/p>\n<p>6.-7. klass<\/p>\n<p>Daniil Smolin \u2013 2. koht kuulit\u00f5uge<\/p>\n<p>Anna S\u00f5erd \u2013 1. koht 600 m jooks<\/p>\n<p>8.-9. klass<\/p>\n<p>Eon Velleramm \u2013 2. koht k\u00f5rgush\u00fcpe, 3. koht 1000 m jooks<\/p>\n<p>Peetri Lasteaed-P\u00f5hikool on see aasta ka Harjumaa p\u00f5hikoolide arvestuses parim kool kergej\u00f5ustikus. Karika v\u00f5itmiseks tuleb olla edukas kahel v\u00f5istlusel staadioniteatejookudes ja sisekergej\u00f5ustikus.<\/p>\n<h4>\u00dcleriigiline nutiviktoriin \u201cNutt tuleb peale\u201d\u00a09.-13. november<\/h4>\n<p>Ait\u00e4h 3.D klass meie kooli esindamast!<\/p>\n<h4>Harjumaa koolidevahelised meistriv\u00f5istlused murdmaateatejooksus 15.oktoober<\/h4>\n<p>Kuni 5. klassi t\u00fcdrukute arvestuses saavutati II koht. V\u00f5istkonda kuulusid\u00a0Isabel Luiga, Elis Ajaots, Kirsi Koel, Emili Kaul, Johanna Kukk<\/p>\n<p><img loading=\"lazy\" decoding=\"async\" class=\"alignnone wp-image-4991\" src=\"https:\/\/www.peetri.edu.ee\/pohikool\/wp-content\/uploads\/sites\/3\/2020\/08\/IMG_5431-2-murdmaateade-1024x768.jpg\" alt=\"\" width=\"423\" height=\"317\" \/><\/p>\n<h4>Harjumaa koolidevahelised meistriv\u00f5istlused jalgpallis 6.oktoober<\/h4>\n<p>6.-7. klassi poiste arvestuses saavutati II koht. V\u00f5istkonda kuulusid Tony Varjund, Jan Martti Vainula, Tristan Teng, Robin Ait, Hugo S\u00f5nitsar, Eerik Paltser, Daniil Smolin, Tony Tristan Laurik, Markus Kesa, Kervin Sikaste<\/p>\n<p><img loading=\"lazy\" decoding=\"async\" class=\"alignnone wp-image-4996\" src=\"https:\/\/www.peetri.edu.ee\/pohikool\/wp-content\/uploads\/sites\/3\/2020\/08\/IMG_5418-2-jalgpall-meie-v\u00f5istkond-1024x768.jpg\" alt=\"\" width=\"364\" height=\"273\" \/> <img loading=\"lazy\" decoding=\"async\" class=\"alignnone wp-image-4997\" src=\"https:\/\/www.peetri.edu.ee\/pohikool\/wp-content\/uploads\/sites\/3\/2020\/08\/IMG_5422-2-jalka-esikolmik-1024x768.jpg\" alt=\"\" width=\"364\" height=\"273\" \/><\/p>\n<h4>TV-10 OS\u00a0finaalv\u00f5istlus\u00a019.-20.09<\/h4>\n<p>Meie kool esines sel aastal vabariiklikul TV-10 OS v\u00f5istlussarjas edukalt, j\u00f5udes septembri keskel Tartus toimuvale finaalv\u00f5istlusele. Seal saavutati 10. koht.<\/p>\n<ul>\n<li>Ron Marcus Laurik osales nooremate poiste\u00a0mitmev\u00f5istlusel.<\/li>\n<li>Henri Lehtsalu\u00a0osales nooremate poiste\u00a0mitmev\u00f5istlusel.<\/li>\n<li>Annabel Dunaiski\u00a0osales nooremate t\u00fcdrukute mitmev\u00f5istlusel.<\/li>\n<li>Emili Kaul\u00a0osales nooremate t\u00fcdrukute mitmev\u00f5istlusel.<\/li>\n<li>Marleen Ritari\u00a0osales vanemate t\u00fcdrukute mitmev\u00f5istlusel.<\/li>\n<li>Eon Velleram osales vanemate poiste mitmev\u00f5istlusel.<\/li>\n<\/ul>\n<p><img loading=\"lazy\" decoding=\"async\" class=\"alignnone wp-image-5000\" src=\"https:\/\/www.peetri.edu.ee\/pohikool\/wp-content\/uploads\/sites\/3\/2020\/08\/IMG_5400-2-tv10-finaal-rongk\u00e4ik-1024x768.jpg\" alt=\"\" width=\"404\" height=\"303\" \/><\/p>\n<h4>Harjumaa koolidevahelised meistriv\u00f5istlused staadioniteatejooksudes 18.09<\/h4>\n<ul>\n<li>Kuni 5. klasside arvestuses saavutasid:<br \/>\n1.koha 4 X 400 m jooksus Oliver Lehismets, K\u00e4sper Kalda, Ron Marcus Laurik, Karl Jakob Loks<br \/>\n1.koha pendelteatejooksus Oliver Lehismets, K\u00e4sper Kalda, Karl Jakob Loks, Ron Marcus Laurik, Glen Jair, Melany Lember, Johanna Kukk, Emili Kaul, Isabel Luiga, Pia Toomv\u00e4li<br \/>\n2.koha 4 X 400 m jooksus Emili Kaul, Johanna Kukk, Isabel Luiga, Pia Toomv\u00e4li<\/li>\n<li>6.-7. klassi arvestuses saavutasid 3. koha 4 X 800 m jooksus Arto Schultz, Daniil Smolin, Tony Tristan Laurik, Eerik Paltser<\/li>\n<li>8.-9. klassi arvestuses saavutasid 3.koha 4 X 100 m jooksus Eon Velleramm, Romet Tooding, Marcus L\u00f5omets, Villem Scheler ning 3.koha koht 4 X 800 m jooksus Eon Velleramm, Romet Tooding, Marcus L\u00f5omets, Ralf Sebastian Pohlak<\/li>\n<\/ul>\n<h4>Harjumaa koolinoorte TV-10 OS mitmev\u00f5istlus kergej\u00f5ustikus 15.september<\/h4>\n<ul>\n<li>3. koht \u2013 Daniil Smolin<\/li>\n<li>3. koht \u2013 Eon Velleramm<\/li>\n<\/ul>\n<h4>Vabariiklik TV-10 OS IV etapp kergej\u00f5ustikus Rakveres 6.september<\/h4>\n<ul>\n<li>4. koht \u2013 Daniil Smolin palliviskes<\/li>\n<li>6. koht \u2013 Eon Velleramm 1000 m jooksus<\/li>\n<\/ul>\n","protected":false},"excerpt":{"rendered":"<p>KOOLI ESINDAMINE 2020\/2021 \u00f5ppeaastal. Vabariiklik TV 10 Ol\u00fcmpiastarti II etapp, 29. august 4.klass Ron Marcus Laurik &#8211; kettaheide, pallivise 4.klass&#8230;<\/p>\n","protected":false},"author":1,"featured_media":0,"parent":0,"menu_order":0,"comment_status":"closed","ping_status":"closed","template":"","meta":{"_acf_changed":false,"footnotes":""},"class_list":["post-4597","page","type-page","status-publish","hentry"],"yoast_head":"<!-- This site is optimized with the Yoast SEO plugin v27.5 - https:\/\/yoast.com\/product\/yoast-seo-wordpress\/ -->\n<title>Esindamine 2020\/2021 - Peetri P\u00f5hikool<\/title>\n<meta name=\"robots\" content=\"index, follow, max-snippet:-1, max-image-preview:large, max-video-preview:-1\" \/>\n<link rel=\"canonical\" href=\"https:\/\/www.peetri.edu.ee\/pohikool\/esindamine-20202021\/\" \/>\n<meta property=\"og:locale\" content=\"et_EE\" \/>\n<meta property=\"og:type\" content=\"article\" \/>\n<meta property=\"og:title\" content=\"Esindamine 2020\/2021 - Peetri P\u00f5hikool\" \/>\n<meta property=\"og:description\" content=\"KOOLI ESINDAMINE 2020\/2021 \u00f5ppeaastal. Vabariiklik TV 10 Ol\u00fcmpiastarti II etapp, 29. august 4.klass Ron Marcus Laurik &#8211; kettaheide, pallivise 4.klass...\" \/>\n<meta property=\"og:url\" content=\"https:\/\/www.peetri.edu.ee\/pohikool\/esindamine-20202021\/\" \/>\n<meta property=\"og:site_name\" content=\"Peetri P\u00f5hikool\" \/>\n<meta property=\"article:modified_time\" content=\"2024-12-03T06:40:47+00:00\" \/>\n<meta property=\"og:image\" content=\"https:\/\/www.peetri.edu.ee\/pohikool\/wp-content\/uploads\/sites\/3\/2020\/08\/Tv10_20.06.jpg\" \/>\n\t<meta property=\"og:image:width\" content=\"4032\" \/>\n\t<meta property=\"og:image:height\" content=\"3024\" \/>\n\t<meta property=\"og:image:type\" content=\"image\/jpeg\" \/>\n<meta name=\"twitter:card\" content=\"summary_large_image\" \/>\n<meta name=\"twitter:label1\" content=\"Est. reading time\" \/>\n\t<meta name=\"twitter:data1\" content=\"9 minutit\" \/>\n<script type=\"application\/ld+json\" class=\"yoast-schema-graph\">{\"@context\":\"https:\\\/\\\/schema.org\",\"@graph\":[{\"@type\":\"WebPage\",\"@id\":\"https:\\\/\\\/www.peetri.edu.ee\\\/pohikool\\\/esindamine-20202021\\\/\",\"url\":\"https:\\\/\\\/www.peetri.edu.ee\\\/pohikool\\\/esindamine-20202021\\\/\",\"name\":\"Esindamine 2020\\\/2021 - Peetri P\u00f5hikool\",\"isPartOf\":{\"@id\":\"https:\\\/\\\/www.peetri.edu.ee\\\/pohikool\\\/#website\"},\"primaryImageOfPage\":{\"@id\":\"https:\\\/\\\/www.peetri.edu.ee\\\/pohikool\\\/esindamine-20202021\\\/#primaryimage\"},\"image\":{\"@id\":\"https:\\\/\\\/www.peetri.edu.ee\\\/pohikool\\\/esindamine-20202021\\\/#primaryimage\"},\"thumbnailUrl\":\"https:\\\/\\\/www.peetri.edu.ee\\\/pohikool\\\/wp-content\\\/uploads\\\/sites\\\/3\\\/2020\\\/08\\\/Tv10_20.06-1024x768.jpg\",\"datePublished\":\"2020-08-19T08:33:38+00:00\",\"dateModified\":\"2024-12-03T06:40:47+00:00\",\"breadcrumb\":{\"@id\":\"https:\\\/\\\/www.peetri.edu.ee\\\/pohikool\\\/esindamine-20202021\\\/#breadcrumb\"},\"inLanguage\":\"et\",\"potentialAction\":[{\"@type\":\"ReadAction\",\"target\":[\"https:\\\/\\\/www.peetri.edu.ee\\\/pohikool\\\/esindamine-20202021\\\/\"]}]},{\"@type\":\"ImageObject\",\"inLanguage\":\"et\",\"@id\":\"https:\\\/\\\/www.peetri.edu.ee\\\/pohikool\\\/esindamine-20202021\\\/#primaryimage\",\"url\":\"https:\\\/\\\/www.peetri.edu.ee\\\/pohikool\\\/wp-content\\\/uploads\\\/sites\\\/3\\\/2020\\\/08\\\/Tv10_20.06.jpg\",\"contentUrl\":\"https:\\\/\\\/www.peetri.edu.ee\\\/pohikool\\\/wp-content\\\/uploads\\\/sites\\\/3\\\/2020\\\/08\\\/Tv10_20.06.jpg\",\"width\":4032,\"height\":3024},{\"@type\":\"BreadcrumbList\",\"@id\":\"https:\\\/\\\/www.peetri.edu.ee\\\/pohikool\\\/esindamine-20202021\\\/#breadcrumb\",\"itemListElement\":[{\"@type\":\"ListItem\",\"position\":1,\"name\":\"Home\",\"item\":\"https:\\\/\\\/www.peetri.edu.ee\\\/pohikool\\\/\"},{\"@type\":\"ListItem\",\"position\":2,\"name\":\"Esindamine 2020\\\/2021\"}]},{\"@type\":\"WebSite\",\"@id\":\"https:\\\/\\\/www.peetri.edu.ee\\\/pohikool\\\/#website\",\"url\":\"https:\\\/\\\/www.peetri.edu.ee\\\/pohikool\\\/\",\"name\":\"Peetri P\u00f5hikool\",\"description\":\"Igas inimeses on p\u00e4ike, laskem tal s\u00e4rada\",\"potentialAction\":[{\"@type\":\"SearchAction\",\"target\":{\"@type\":\"EntryPoint\",\"urlTemplate\":\"https:\\\/\\\/www.peetri.edu.ee\\\/pohikool\\\/?s={search_term_string}\"},\"query-input\":{\"@type\":\"PropertyValueSpecification\",\"valueRequired\":true,\"valueName\":\"search_term_string\"}}],\"inLanguage\":\"et\"}]}<\/script>\n<!-- \/ Yoast SEO plugin. -->","yoast_head_json":{"title":"Esindamine 2020\/2021 - Peetri P\u00f5hikool","robots":{"index":"index","follow":"follow","max-snippet":"max-snippet:-1","max-image-preview":"max-image-preview:large","max-video-preview":"max-video-preview:-1"},"canonical":"https:\/\/www.peetri.edu.ee\/pohikool\/esindamine-20202021\/","og_locale":"et_EE","og_type":"article","og_title":"Esindamine 2020\/2021 - Peetri P\u00f5hikool","og_description":"KOOLI ESINDAMINE 2020\/2021 \u00f5ppeaastal. Vabariiklik TV 10 Ol\u00fcmpiastarti II etapp, 29. august 4.klass Ron Marcus Laurik &#8211; kettaheide, pallivise 4.klass...","og_url":"https:\/\/www.peetri.edu.ee\/pohikool\/esindamine-20202021\/","og_site_name":"Peetri P\u00f5hikool","article_modified_time":"2024-12-03T06:40:47+00:00","og_image":[{"width":4032,"height":3024,"url":"https:\/\/www.peetri.edu.ee\/pohikool\/wp-content\/uploads\/sites\/3\/2020\/08\/Tv10_20.06.jpg","type":"image\/jpeg"}],"twitter_card":"summary_large_image","twitter_misc":{"Est. reading time":"9 minutit"},"schema":{"@context":"https:\/\/schema.org","@graph":[{"@type":"WebPage","@id":"https:\/\/www.peetri.edu.ee\/pohikool\/esindamine-20202021\/","url":"https:\/\/www.peetri.edu.ee\/pohikool\/esindamine-20202021\/","name":"Esindamine 2020\/2021 - Peetri P\u00f5hikool","isPartOf":{"@id":"https:\/\/www.peetri.edu.ee\/pohikool\/#website"},"primaryImageOfPage":{"@id":"https:\/\/www.peetri.edu.ee\/pohikool\/esindamine-20202021\/#primaryimage"},"image":{"@id":"https:\/\/www.peetri.edu.ee\/pohikool\/esindamine-20202021\/#primaryimage"},"thumbnailUrl":"https:\/\/www.peetri.edu.ee\/pohikool\/wp-content\/uploads\/sites\/3\/2020\/08\/Tv10_20.06-1024x768.jpg","datePublished":"2020-08-19T08:33:38+00:00","dateModified":"2024-12-03T06:40:47+00:00","breadcrumb":{"@id":"https:\/\/www.peetri.edu.ee\/pohikool\/esindamine-20202021\/#breadcrumb"},"inLanguage":"et","potentialAction":[{"@type":"ReadAction","target":["https:\/\/www.peetri.edu.ee\/pohikool\/esindamine-20202021\/"]}]},{"@type":"ImageObject","inLanguage":"et","@id":"https:\/\/www.peetri.edu.ee\/pohikool\/esindamine-20202021\/#primaryimage","url":"https:\/\/www.peetri.edu.ee\/pohikool\/wp-content\/uploads\/sites\/3\/2020\/08\/Tv10_20.06.jpg","contentUrl":"https:\/\/www.peetri.edu.ee\/pohikool\/wp-content\/uploads\/sites\/3\/2020\/08\/Tv10_20.06.jpg","width":4032,"height":3024},{"@type":"BreadcrumbList","@id":"https:\/\/www.peetri.edu.ee\/pohikool\/esindamine-20202021\/#breadcrumb","itemListElement":[{"@type":"ListItem","position":1,"name":"Home","item":"https:\/\/www.peetri.edu.ee\/pohikool\/"},{"@type":"ListItem","position":2,"name":"Esindamine 2020\/2021"}]},{"@type":"WebSite","@id":"https:\/\/www.peetri.edu.ee\/pohikool\/#website","url":"https:\/\/www.peetri.edu.ee\/pohikool\/","name":"Peetri P\u00f5hikool","description":"Igas inimeses on p\u00e4ike, laskem tal s\u00e4rada","potentialAction":[{"@type":"SearchAction","target":{"@type":"EntryPoint","urlTemplate":"https:\/\/www.peetri.edu.ee\/pohikool\/?s={search_term_string}"},"query-input":{"@type":"PropertyValueSpecification","valueRequired":true,"valueName":"search_term_string"}}],"inLanguage":"et"}]}},"acf":[],"_links":{"self":[{"href":"https:\/\/www.peetri.edu.ee\/pohikool\/wp-json\/wp\/v2\/pages\/4597","targetHints":{"allow":["GET"]}}],"collection":[{"href":"https:\/\/www.peetri.edu.ee\/pohikool\/wp-json\/wp\/v2\/pages"}],"about":[{"href":"https:\/\/www.peetri.edu.ee\/pohikool\/wp-json\/wp\/v2\/types\/page"}],"author":[{"embeddable":true,"href":"https:\/\/www.peetri.edu.ee\/pohikool\/wp-json\/wp\/v2\/users\/1"}],"replies":[{"embeddable":true,"href":"https:\/\/www.peetri.edu.ee\/pohikool\/wp-json\/wp\/v2\/comments?post=4597"}],"version-history":[{"count":5,"href":"https:\/\/www.peetri.edu.ee\/pohikool\/wp-json\/wp\/v2\/pages\/4597\/revisions"}],"predecessor-version":[{"id":5631,"href":"https:\/\/www.peetri.edu.ee\/pohikool\/wp-json\/wp\/v2\/pages\/4597\/revisions\/5631"}],"wp:attachment":[{"href":"https:\/\/www.peetri.edu.ee\/pohikool\/wp-json\/wp\/v2\/media?parent=4597"}],"curies":[{"name":"wp","href":"https:\/\/api.w.org\/{rel}","templated":true}]}}