{"id":417,"date":"2017-08-14T10:42:43","date_gmt":"2017-08-14T07:42:43","guid":{"rendered":"https:\/\/www.peetri.edu.ee\/pohikool\/?page_id=417"},"modified":"2017-08-14T10:43:36","modified_gmt":"2017-08-14T07:43:36","slug":"20132014-2","status":"publish","type":"page","link":"https:\/\/www.peetri.edu.ee\/pohikool\/meie-kool\/projektid\/comenius-2013-2015\/20132014-2\/","title":{"rendered":"2013\/2014"},"content":{"rendered":"<h3>Projekti tegevused 2013\/2014 \u00f5ppeaastal<\/h3>\n<table>\n<thead>\n<tr>\n<td>Aeg<\/td>\n<td>Tegevus<\/td>\n<\/tr>\n<\/thead>\n<tbody>\n<tr>\n<td>September 2013<\/td>\n<td>\n<ul>\n<li>Projekti tutvustamine \u00f5pilastele, \u00f5petajatele, vanematele ja kohalikule kogukonnale.<\/li>\n<li>Projekti eesm\u00e4rkide ja tegevuste\u00a0 arutlemine.<\/li>\n<li>Projekti tutvustus kohalikus ajalehes.<\/li>\n<li>Comeniuse nurga loomine.<\/li>\n<li>Legendide ja m\u00fc\u00fctide uurimine.<\/li>\n<\/ul>\n<\/td>\n<\/tr>\n<tr>\n<td>Oktoober 2013<\/td>\n<td>\n<ul>\n<li>Kooli tutvustuse tegemine ja esitluse loomine<\/li>\n<li>Projekti logode konkurss.<\/li>\n<li>Rahvariiete kohta info otsimine.<\/li>\n<\/ul>\n<\/td>\n<\/tr>\n<tr>\n<td>November 2013<\/td>\n<td>\n<ul>\n<li>1. Projekti koosolek L\u00e4tis, Rezeknes.<\/li>\n<li>Tegevuste detailplaneering.<\/li>\n<li>Projekti 1. Kohtumise kirjeldamine kohalikus ajalehes.<\/li>\n<li>Kohtumine eakate inimestega v\u00f5i muuseumide k\u00fclastamine.<\/li>\n<li><a href=\"http:\/\/www.jyri.edu.ee\/static\/files\/078\/dets_rae_sonumid.jpg\">Rae S\u00f5numites avaldatud artikkel projektist<\/a><\/li>\n<\/ul>\n<\/td>\n<\/tr>\n<tr>\n<td>Detsember 2013<\/td>\n<td>\n<ul>\n<li>Kogutud materjali t\u00f6\u00f6tlemine, huvitavama riietuse v\u00e4lja valimine.<\/li>\n<li>Videokonverents.<\/li>\n<li>Valitud materjali t\u00f5lkimine ja esitluse loomine.<\/li>\n<li>Valitud kost\u00fc\u00fcmidest joonistuste ja nukkude tegemine.<\/li>\n<\/ul>\n<\/td>\n<\/tr>\n<tr>\n<td>Jaanuar 2014<\/td>\n<td>\n<ul>\n<li>Valitud kost\u00fc\u00fcmide erinevuste ja sarnasuste leidmine.<\/li>\n<li>Essee kirjutamine.<\/li>\n<li>Materjalide avaldamine veebilehel.<\/li>\n<li>Tulemuste tutvustamine koolis.<\/li>\n<li>N\u00e4ituse korraldamine.<\/li>\n<\/ul>\n<\/td>\n<\/tr>\n<tr>\n<td>Veebruar 2014<\/td>\n<td>\n<ul>\n<li>2. Projekti koosolek Rumeenias.<\/li>\n<li>Kokkuv\u00f5tete tegemine.<\/li>\n<li>Tegevuste detailplaneering.<\/li>\n<li>Hariduss\u00fcsteemi ja \u00f5ppemeetodite v\u00f5rdlemine.<\/li>\n<\/ul>\n<\/td>\n<\/tr>\n<tr>\n<td>M\u00e4rts 2014<\/td>\n<td>\n<ul>\n<li>Rahvalaulude otsimine raamatutest. Raamatukogu k\u00fclastamine.<\/li>\n<li>Laulude valimine (6 laulu:\u00a0 2 t\u00f6\u00f6laulu, 2 igap\u00e4evaelu kajastavat laulu, 2 pidup\u00e4eva laulu)<\/li>\n<li>Kontserdi \u00a0korraldamine.<\/li>\n<li>Laulude salvestamine, t\u00f5lkimine ja esitluste loomine.<\/li>\n<\/ul>\n<\/td>\n<\/tr>\n<tr>\n<td>Aprill 2014<\/td>\n<td>\n<ul>\n<li>Info jagamine partneritega.<\/li>\n<li>Veebikohtumine.<\/li>\n<li>Essee kirjutamine.<\/li>\n<li>Materjalide avaldamine veebilehel.<\/li>\n<li>Projektitegevuste tutvustamine vanematele, eakatele.<\/li>\n<li>Infolehtede tegemine (laulude tekstid,\u00a0 kes laulavad ja millal lauldi)<\/li>\n<\/ul>\n<\/td>\n<\/tr>\n<tr>\n<td>Mai 2014<\/td>\n<td>\n<ul>\n<li>3. Projekti koosolek Eestis.<\/li>\n<li>Projekti eesm\u00e4rkide arutlemine.<\/li>\n<li>Kokkuv\u00f5tete tegemine.<\/li>\n<li>Tegevuste detailplaneering.<\/li>\n<li>Hariduss\u00fcsteemide-\u00f5ppemeetodite v\u00f5rdlemine.<\/li>\n<li>J\u00e4rgmise etapi \u00fclesannete kinnitamine.<\/li>\n<\/ul>\n<\/td>\n<\/tr>\n<tr>\n<td>Juuni 2014<\/td>\n<td>\n<ul>\n<li>Projekti esimese aasta tegevuste presenteerimine.<\/li>\n<\/ul>\n<\/td>\n<\/tr>\n<\/tbody>\n<\/table>\n","protected":false},"excerpt":{"rendered":"<p>Projekti tegevused 2013\/2014 \u00f5ppeaastal Aeg Tegevus September 2013 Projekti tutvustamine \u00f5pilastele, \u00f5petajatele, vanematele ja kohalikule kogukonnale. Projekti eesm\u00e4rkide ja tegevuste\u00a0&#8230;<\/p>\n","protected":false},"author":1,"featured_media":0,"parent":402,"menu_order":50,"comment_status":"closed","ping_status":"closed","template":"","meta":{"_acf_changed":false,"footnotes":""},"class_list":["post-417","page","type-page","status-publish","hentry"],"yoast_head":"<!-- This site is optimized with the Yoast SEO plugin v27.5 - https:\/\/yoast.com\/product\/yoast-seo-wordpress\/ -->\n<title>2013\/2014 - Peetri P\u00f5hikool<\/title>\n<meta name=\"robots\" content=\"index, follow, max-snippet:-1, max-image-preview:large, max-video-preview:-1\" \/>\n<link rel=\"canonical\" href=\"https:\/\/www.peetri.edu.ee\/pohikool\/meie-kool\/projektid\/comenius-2013-2015\/20132014-2\/\" \/>\n<meta property=\"og:locale\" content=\"et_EE\" \/>\n<meta property=\"og:type\" content=\"article\" \/>\n<meta property=\"og:title\" content=\"2013\/2014 - Peetri P\u00f5hikool\" \/>\n<meta property=\"og:description\" content=\"Projekti tegevused 2013\/2014 \u00f5ppeaastal Aeg Tegevus September 2013 Projekti tutvustamine \u00f5pilastele, \u00f5petajatele, vanematele ja kohalikule kogukonnale. Projekti eesm\u00e4rkide ja tegevuste\u00a0...\" \/>\n<meta property=\"og:url\" content=\"https:\/\/www.peetri.edu.ee\/pohikool\/meie-kool\/projektid\/comenius-2013-2015\/20132014-2\/\" \/>\n<meta property=\"og:site_name\" content=\"Peetri P\u00f5hikool\" \/>\n<meta property=\"article:modified_time\" content=\"2017-08-14T07:43:36+00:00\" \/>\n<meta name=\"twitter:card\" content=\"summary_large_image\" \/>\n<meta name=\"twitter:label1\" content=\"Est. reading time\" \/>\n\t<meta name=\"twitter:data1\" content=\"1 minut\" \/>\n<script type=\"application\/ld+json\" class=\"yoast-schema-graph\">{\"@context\":\"https:\\\/\\\/schema.org\",\"@graph\":[{\"@type\":\"WebPage\",\"@id\":\"https:\\\/\\\/www.peetri.edu.ee\\\/pohikool\\\/meie-kool\\\/projektid\\\/comenius-2013-2015\\\/20132014-2\\\/\",\"url\":\"https:\\\/\\\/www.peetri.edu.ee\\\/pohikool\\\/meie-kool\\\/projektid\\\/comenius-2013-2015\\\/20132014-2\\\/\",\"name\":\"2013\\\/2014 - Peetri P\u00f5hikool\",\"isPartOf\":{\"@id\":\"https:\\\/\\\/www.peetri.edu.ee\\\/pohikool\\\/#website\"},\"datePublished\":\"2017-08-14T07:42:43+00:00\",\"dateModified\":\"2017-08-14T07:43:36+00:00\",\"breadcrumb\":{\"@id\":\"https:\\\/\\\/www.peetri.edu.ee\\\/pohikool\\\/meie-kool\\\/projektid\\\/comenius-2013-2015\\\/20132014-2\\\/#breadcrumb\"},\"inLanguage\":\"et\",\"potentialAction\":[{\"@type\":\"ReadAction\",\"target\":[\"https:\\\/\\\/www.peetri.edu.ee\\\/pohikool\\\/meie-kool\\\/projektid\\\/comenius-2013-2015\\\/20132014-2\\\/\"]}]},{\"@type\":\"BreadcrumbList\",\"@id\":\"https:\\\/\\\/www.peetri.edu.ee\\\/pohikool\\\/meie-kool\\\/projektid\\\/comenius-2013-2015\\\/20132014-2\\\/#breadcrumb\",\"itemListElement\":[{\"@type\":\"ListItem\",\"position\":1,\"name\":\"Home\",\"item\":\"https:\\\/\\\/www.peetri.edu.ee\\\/pohikool\\\/\"},{\"@type\":\"ListItem\",\"position\":2,\"name\":\"Meie kool\",\"item\":\"https:\\\/\\\/www.peetri.edu.ee\\\/pohikool\\\/\"},{\"@type\":\"ListItem\",\"position\":3,\"name\":\"Projektid\",\"item\":\"https:\\\/\\\/www.peetri.edu.ee\\\/pohikool\\\/meie-kool\\\/projektid\\\/\"},{\"@type\":\"ListItem\",\"position\":4,\"name\":\"Comenius 2013-2015\",\"item\":\"https:\\\/\\\/www.peetri.edu.ee\\\/pohikool\\\/meie-kool\\\/projektid\\\/comenius-2013-2015\\\/\"},{\"@type\":\"ListItem\",\"position\":5,\"name\":\"2013\\\/2014\"}]},{\"@type\":\"WebSite\",\"@id\":\"https:\\\/\\\/www.peetri.edu.ee\\\/pohikool\\\/#website\",\"url\":\"https:\\\/\\\/www.peetri.edu.ee\\\/pohikool\\\/\",\"name\":\"Peetri P\u00f5hikool\",\"description\":\"Igas inimeses on p\u00e4ike, laskem tal s\u00e4rada\",\"potentialAction\":[{\"@type\":\"SearchAction\",\"target\":{\"@type\":\"EntryPoint\",\"urlTemplate\":\"https:\\\/\\\/www.peetri.edu.ee\\\/pohikool\\\/?s={search_term_string}\"},\"query-input\":{\"@type\":\"PropertyValueSpecification\",\"valueRequired\":true,\"valueName\":\"search_term_string\"}}],\"inLanguage\":\"et\"}]}<\/script>\n<!-- \/ Yoast SEO plugin. -->","yoast_head_json":{"title":"2013\/2014 - Peetri P\u00f5hikool","robots":{"index":"index","follow":"follow","max-snippet":"max-snippet:-1","max-image-preview":"max-image-preview:large","max-video-preview":"max-video-preview:-1"},"canonical":"https:\/\/www.peetri.edu.ee\/pohikool\/meie-kool\/projektid\/comenius-2013-2015\/20132014-2\/","og_locale":"et_EE","og_type":"article","og_title":"2013\/2014 - Peetri P\u00f5hikool","og_description":"Projekti tegevused 2013\/2014 \u00f5ppeaastal Aeg Tegevus September 2013 Projekti tutvustamine \u00f5pilastele, \u00f5petajatele, vanematele ja kohalikule kogukonnale. Projekti eesm\u00e4rkide ja tegevuste\u00a0...","og_url":"https:\/\/www.peetri.edu.ee\/pohikool\/meie-kool\/projektid\/comenius-2013-2015\/20132014-2\/","og_site_name":"Peetri P\u00f5hikool","article_modified_time":"2017-08-14T07:43:36+00:00","twitter_card":"summary_large_image","twitter_misc":{"Est. reading time":"1 minut"},"schema":{"@context":"https:\/\/schema.org","@graph":[{"@type":"WebPage","@id":"https:\/\/www.peetri.edu.ee\/pohikool\/meie-kool\/projektid\/comenius-2013-2015\/20132014-2\/","url":"https:\/\/www.peetri.edu.ee\/pohikool\/meie-kool\/projektid\/comenius-2013-2015\/20132014-2\/","name":"2013\/2014 - Peetri P\u00f5hikool","isPartOf":{"@id":"https:\/\/www.peetri.edu.ee\/pohikool\/#website"},"datePublished":"2017-08-14T07:42:43+00:00","dateModified":"2017-08-14T07:43:36+00:00","breadcrumb":{"@id":"https:\/\/www.peetri.edu.ee\/pohikool\/meie-kool\/projektid\/comenius-2013-2015\/20132014-2\/#breadcrumb"},"inLanguage":"et","potentialAction":[{"@type":"ReadAction","target":["https:\/\/www.peetri.edu.ee\/pohikool\/meie-kool\/projektid\/comenius-2013-2015\/20132014-2\/"]}]},{"@type":"BreadcrumbList","@id":"https:\/\/www.peetri.edu.ee\/pohikool\/meie-kool\/projektid\/comenius-2013-2015\/20132014-2\/#breadcrumb","itemListElement":[{"@type":"ListItem","position":1,"name":"Home","item":"https:\/\/www.peetri.edu.ee\/pohikool\/"},{"@type":"ListItem","position":2,"name":"Meie kool","item":"https:\/\/www.peetri.edu.ee\/pohikool\/"},{"@type":"ListItem","position":3,"name":"Projektid","item":"https:\/\/www.peetri.edu.ee\/pohikool\/meie-kool\/projektid\/"},{"@type":"ListItem","position":4,"name":"Comenius 2013-2015","item":"https:\/\/www.peetri.edu.ee\/pohikool\/meie-kool\/projektid\/comenius-2013-2015\/"},{"@type":"ListItem","position":5,"name":"2013\/2014"}]},{"@type":"WebSite","@id":"https:\/\/www.peetri.edu.ee\/pohikool\/#website","url":"https:\/\/www.peetri.edu.ee\/pohikool\/","name":"Peetri P\u00f5hikool","description":"Igas inimeses on p\u00e4ike, laskem tal s\u00e4rada","potentialAction":[{"@type":"SearchAction","target":{"@type":"EntryPoint","urlTemplate":"https:\/\/www.peetri.edu.ee\/pohikool\/?s={search_term_string}"},"query-input":{"@type":"PropertyValueSpecification","valueRequired":true,"valueName":"search_term_string"}}],"inLanguage":"et"}]}},"acf":[],"_links":{"self":[{"href":"https:\/\/www.peetri.edu.ee\/pohikool\/wp-json\/wp\/v2\/pages\/417","targetHints":{"allow":["GET"]}}],"collection":[{"href":"https:\/\/www.peetri.edu.ee\/pohikool\/wp-json\/wp\/v2\/pages"}],"about":[{"href":"https:\/\/www.peetri.edu.ee\/pohikool\/wp-json\/wp\/v2\/types\/page"}],"author":[{"embeddable":true,"href":"https:\/\/www.peetri.edu.ee\/pohikool\/wp-json\/wp\/v2\/users\/1"}],"replies":[{"embeddable":true,"href":"https:\/\/www.peetri.edu.ee\/pohikool\/wp-json\/wp\/v2\/comments?post=417"}],"version-history":[{"count":2,"href":"https:\/\/www.peetri.edu.ee\/pohikool\/wp-json\/wp\/v2\/pages\/417\/revisions"}],"predecessor-version":[{"id":419,"href":"https:\/\/www.peetri.edu.ee\/pohikool\/wp-json\/wp\/v2\/pages\/417\/revisions\/419"}],"up":[{"embeddable":true,"href":"https:\/\/www.peetri.edu.ee\/pohikool\/wp-json\/wp\/v2\/pages\/402"}],"wp:attachment":[{"href":"https:\/\/www.peetri.edu.ee\/pohikool\/wp-json\/wp\/v2\/media?parent=417"}],"curies":[{"name":"wp","href":"https:\/\/api.w.org\/{rel}","templated":true}]}}