{"id":393,"date":"2017-08-14T10:22:21","date_gmt":"2017-08-14T07:22:21","guid":{"rendered":"https:\/\/www.peetri.edu.ee\/pohikool\/?page_id=393"},"modified":"2026-01-21T10:58:47","modified_gmt":"2026-01-21T08:58:47","slug":"mtu-tms-peetri-kool","status":"publish","type":"page","link":"https:\/\/www.peetri.edu.ee\/pohikool\/meie-kool\/mtu-tms-peetri-kool\/","title":{"rendered":"PEETRI KOOLI SELTS MT\u00dc"},"content":{"rendered":"<h3>PEETRI KOOLI SELTS MT\u00dc on 2. jaanuaril 2025 loodud mittetulundus\u00fching.<\/h3>\n<p>MT\u00dc eesm\u00e4rgiks on toetada Peetri Lasteaed-P\u00f5hikooli \u00f5ppe- ja huvitegevust ning panustada koolikeskkonna ja koolielu arengusse ning traditsioonidel hoidmise kaasaaitamisele.<\/p>\n<p>MT\u00dc kuulub alates 01.02.2026 tulumaksusoodustustega mittetulundus\u00fchingute nimekirja.<\/p>\n<p>MT\u00dc kaudu kogutakse annetusi ja korraldatakse heategevuslikke algatusi, et aidata ellu viia kooli jaoks olulisi tegevusi ja projekte. Teeme tihedat koost\u00f6\u00f6d kooli juhtkonna ja hoolekoguga, et kogutud toetused j\u00f5uaksid just sinna, kus neist on k\u00f5ige rohkem kasu.<\/p>\n<p>Peetri Kooli Seltsi on oodatud toetama ja sellega liituma k\u00f5ik lapsevanemad ja kogukonna liikmed, kes soovivad anda oma panuse kooli arengusse \u2013 olgu see rahalise toetuse, ideede v\u00f5i vabatahtliku abi kaudu.<\/p>\n<p>Annetusi Peetri Kooli Seltsi tegevuse toetuseks saab teha arveldusarvele:<br \/><strong>Mittetulundus\u00fching Peetri Kooli Selts<\/strong><br \/><strong>IBAN: EE977700771011311431<\/strong><\/p>\n\n\n\n","protected":false},"excerpt":{"rendered":"<p>PEETRI KOOLI SELTS MT\u00dc on 2. jaanuaril 2025 loodud mittetulundus\u00fching. MT\u00dc eesm\u00e4rgiks on toetada Peetri Lasteaed-P\u00f5hikooli \u00f5ppe- ja huvitegevust ning&#8230;<\/p>\n","protected":false},"author":1,"featured_media":0,"parent":18,"menu_order":120,"comment_status":"closed","ping_status":"closed","template":"","meta":{"_acf_changed":false,"footnotes":""},"class_list":["post-393","page","type-page","status-publish","hentry"],"yoast_head":"<!-- This site is optimized with the Yoast SEO plugin v27.2 - https:\/\/yoast.com\/product\/yoast-seo-wordpress\/ -->\n<title>PEETRI KOOLI SELTS MT\u00dc - Peetri P\u00f5hikool<\/title>\n<meta name=\"robots\" content=\"index, follow, max-snippet:-1, max-image-preview:large, max-video-preview:-1\" \/>\n<link rel=\"canonical\" href=\"https:\/\/www.peetri.edu.ee\/pohikool\/meie-kool\/mtu-tms-peetri-kool\/\" \/>\n<meta property=\"og:locale\" content=\"et_EE\" \/>\n<meta property=\"og:type\" content=\"article\" \/>\n<meta property=\"og:title\" content=\"PEETRI KOOLI SELTS MT\u00dc - Peetri P\u00f5hikool\" \/>\n<meta property=\"og:description\" content=\"PEETRI KOOLI SELTS MT\u00dc on 2. jaanuaril 2025 loodud mittetulundus\u00fching. MT\u00dc eesm\u00e4rgiks on toetada Peetri Lasteaed-P\u00f5hikooli \u00f5ppe- ja huvitegevust ning...\" \/>\n<meta property=\"og:url\" content=\"https:\/\/www.peetri.edu.ee\/pohikool\/meie-kool\/mtu-tms-peetri-kool\/\" \/>\n<meta property=\"og:site_name\" content=\"Peetri P\u00f5hikool\" \/>\n<meta property=\"article:modified_time\" content=\"2026-01-21T08:58:47+00:00\" \/>\n<meta name=\"twitter:card\" content=\"summary_large_image\" \/>\n<meta name=\"twitter:label1\" content=\"Est. reading time\" \/>\n\t<meta name=\"twitter:data1\" content=\"1 minut\" \/>\n<script type=\"application\/ld+json\" class=\"yoast-schema-graph\">{\"@context\":\"https:\/\/schema.org\",\"@graph\":[{\"@type\":\"WebPage\",\"@id\":\"https:\/\/www.peetri.edu.ee\/pohikool\/meie-kool\/mtu-tms-peetri-kool\/\",\"url\":\"https:\/\/www.peetri.edu.ee\/pohikool\/meie-kool\/mtu-tms-peetri-kool\/\",\"name\":\"PEETRI KOOLI SELTS MT\u00dc - Peetri P\u00f5hikool\",\"isPartOf\":{\"@id\":\"https:\/\/www.peetri.edu.ee\/pohikool\/#website\"},\"datePublished\":\"2017-08-14T07:22:21+00:00\",\"dateModified\":\"2026-01-21T08:58:47+00:00\",\"breadcrumb\":{\"@id\":\"https:\/\/www.peetri.edu.ee\/pohikool\/meie-kool\/mtu-tms-peetri-kool\/#breadcrumb\"},\"inLanguage\":\"et\",\"potentialAction\":[{\"@type\":\"ReadAction\",\"target\":[\"https:\/\/www.peetri.edu.ee\/pohikool\/meie-kool\/mtu-tms-peetri-kool\/\"]}]},{\"@type\":\"BreadcrumbList\",\"@id\":\"https:\/\/www.peetri.edu.ee\/pohikool\/meie-kool\/mtu-tms-peetri-kool\/#breadcrumb\",\"itemListElement\":[{\"@type\":\"ListItem\",\"position\":1,\"name\":\"Home\",\"item\":\"https:\/\/www.peetri.edu.ee\/pohikool\/\"},{\"@type\":\"ListItem\",\"position\":2,\"name\":\"Meie kool\",\"item\":\"https:\/\/www.peetri.edu.ee\/pohikool\/\"},{\"@type\":\"ListItem\",\"position\":3,\"name\":\"PEETRI KOOLI SELTS MT\u00dc\"}]},{\"@type\":\"WebSite\",\"@id\":\"https:\/\/www.peetri.edu.ee\/pohikool\/#website\",\"url\":\"https:\/\/www.peetri.edu.ee\/pohikool\/\",\"name\":\"Peetri P\u00f5hikool\",\"description\":\"Igas inimeses on p\u00e4ike, laskem tal s\u00e4rada\",\"potentialAction\":[{\"@type\":\"SearchAction\",\"target\":{\"@type\":\"EntryPoint\",\"urlTemplate\":\"https:\/\/www.peetri.edu.ee\/pohikool\/?s={search_term_string}\"},\"query-input\":{\"@type\":\"PropertyValueSpecification\",\"valueRequired\":true,\"valueName\":\"search_term_string\"}}],\"inLanguage\":\"et\"}]}<\/script>\n<!-- \/ Yoast SEO plugin. -->","yoast_head_json":{"title":"PEETRI KOOLI SELTS MT\u00dc - Peetri P\u00f5hikool","robots":{"index":"index","follow":"follow","max-snippet":"max-snippet:-1","max-image-preview":"max-image-preview:large","max-video-preview":"max-video-preview:-1"},"canonical":"https:\/\/www.peetri.edu.ee\/pohikool\/meie-kool\/mtu-tms-peetri-kool\/","og_locale":"et_EE","og_type":"article","og_title":"PEETRI KOOLI SELTS MT\u00dc - Peetri P\u00f5hikool","og_description":"PEETRI KOOLI SELTS MT\u00dc on 2. jaanuaril 2025 loodud mittetulundus\u00fching. MT\u00dc eesm\u00e4rgiks on toetada Peetri Lasteaed-P\u00f5hikooli \u00f5ppe- ja huvitegevust ning...","og_url":"https:\/\/www.peetri.edu.ee\/pohikool\/meie-kool\/mtu-tms-peetri-kool\/","og_site_name":"Peetri P\u00f5hikool","article_modified_time":"2026-01-21T08:58:47+00:00","twitter_card":"summary_large_image","twitter_misc":{"Est. reading time":"1 minut"},"schema":{"@context":"https:\/\/schema.org","@graph":[{"@type":"WebPage","@id":"https:\/\/www.peetri.edu.ee\/pohikool\/meie-kool\/mtu-tms-peetri-kool\/","url":"https:\/\/www.peetri.edu.ee\/pohikool\/meie-kool\/mtu-tms-peetri-kool\/","name":"PEETRI KOOLI SELTS MT\u00dc - Peetri P\u00f5hikool","isPartOf":{"@id":"https:\/\/www.peetri.edu.ee\/pohikool\/#website"},"datePublished":"2017-08-14T07:22:21+00:00","dateModified":"2026-01-21T08:58:47+00:00","breadcrumb":{"@id":"https:\/\/www.peetri.edu.ee\/pohikool\/meie-kool\/mtu-tms-peetri-kool\/#breadcrumb"},"inLanguage":"et","potentialAction":[{"@type":"ReadAction","target":["https:\/\/www.peetri.edu.ee\/pohikool\/meie-kool\/mtu-tms-peetri-kool\/"]}]},{"@type":"BreadcrumbList","@id":"https:\/\/www.peetri.edu.ee\/pohikool\/meie-kool\/mtu-tms-peetri-kool\/#breadcrumb","itemListElement":[{"@type":"ListItem","position":1,"name":"Home","item":"https:\/\/www.peetri.edu.ee\/pohikool\/"},{"@type":"ListItem","position":2,"name":"Meie kool","item":"https:\/\/www.peetri.edu.ee\/pohikool\/"},{"@type":"ListItem","position":3,"name":"PEETRI KOOLI SELTS MT\u00dc"}]},{"@type":"WebSite","@id":"https:\/\/www.peetri.edu.ee\/pohikool\/#website","url":"https:\/\/www.peetri.edu.ee\/pohikool\/","name":"Peetri P\u00f5hikool","description":"Igas inimeses on p\u00e4ike, laskem tal s\u00e4rada","potentialAction":[{"@type":"SearchAction","target":{"@type":"EntryPoint","urlTemplate":"https:\/\/www.peetri.edu.ee\/pohikool\/?s={search_term_string}"},"query-input":{"@type":"PropertyValueSpecification","valueRequired":true,"valueName":"search_term_string"}}],"inLanguage":"et"}]}},"acf":[],"_links":{"self":[{"href":"https:\/\/www.peetri.edu.ee\/pohikool\/wp-json\/wp\/v2\/pages\/393","targetHints":{"allow":["GET"]}}],"collection":[{"href":"https:\/\/www.peetri.edu.ee\/pohikool\/wp-json\/wp\/v2\/pages"}],"about":[{"href":"https:\/\/www.peetri.edu.ee\/pohikool\/wp-json\/wp\/v2\/types\/page"}],"author":[{"embeddable":true,"href":"https:\/\/www.peetri.edu.ee\/pohikool\/wp-json\/wp\/v2\/users\/1"}],"replies":[{"embeddable":true,"href":"https:\/\/www.peetri.edu.ee\/pohikool\/wp-json\/wp\/v2\/comments?post=393"}],"version-history":[{"count":3,"href":"https:\/\/www.peetri.edu.ee\/pohikool\/wp-json\/wp\/v2\/pages\/393\/revisions"}],"predecessor-version":[{"id":13780,"href":"https:\/\/www.peetri.edu.ee\/pohikool\/wp-json\/wp\/v2\/pages\/393\/revisions\/13780"}],"up":[{"embeddable":true,"href":"https:\/\/www.peetri.edu.ee\/pohikool\/wp-json\/wp\/v2\/pages\/18"}],"wp:attachment":[{"href":"https:\/\/www.peetri.edu.ee\/pohikool\/wp-json\/wp\/v2\/media?parent=393"}],"curies":[{"name":"wp","href":"https:\/\/api.w.org\/{rel}","templated":true}]}}