{"id":3505,"date":"2019-09-03T11:36:32","date_gmt":"2019-09-03T08:36:32","guid":{"rendered":"https:\/\/www.peetri.edu.ee\/pohikool\/?page_id=3505"},"modified":"2024-08-10T08:45:39","modified_gmt":"2024-08-10T05:45:39","slug":"20192020-2","status":"publish","type":"page","link":"https:\/\/www.peetri.edu.ee\/pohikool\/meie-kool\/pildigalerii\/20192020-2\/","title":{"rendered":"Pildid 2019\/2020"},"content":{"rendered":"<h2>Mai<\/h2>\n<ul>\n<li>\n<h3>2020.05.22 <a href=\"https:\/\/drive.google.com\/drive\/folders\/1DXEUdR8kztBdPx1ScVqZ--0D5scUEiyo?usp=sharing\">R\u00f5\u00f5mumeeter<\/a><\/h3>\n<\/li>\n<li>\n<h3>2020.06.12\u00a0<a href=\"https:\/\/drive.google.com\/drive\/folders\/1N-Yk5beKA6t7kA9E3LxtUqE6mo92CbRX?usp=sharing\">9.klassi l\u00f5puaktus<\/a><\/h3>\n<\/li>\n<\/ul>\n<h2>M\u00e4rts<\/h2>\n<ul>\n<li>\n<h3>2020.03.03 <a href=\"https:\/\/drive.google.com\/drive\/folders\/1yVhwsdZnQbPYXfeqFgPTal-HUs74QaD-?usp=sharing\">Tantsuvahetunnid<\/a><\/h3>\n<\/li>\n<li>\n<h3>2020.03.10 <a href=\"https:\/\/drive.google.com\/drive\/folders\/1jFbm8hSl6At9nJ8_o38KuOL6b1CTIQ84?usp=sharing\">1.-4.klassil k\u00fclas kirjanik Markus Saksatamm\u00a0<\/a><\/h3>\n<\/li>\n<li>\n<h3>2020.03.10 <a href=\"https:\/\/drive.google.com\/open?id=1cpS19Pkb6v14ysxiAgryaGBneN53DeRK\">T\u00e4helepanu, start<\/a><\/h3>\n<\/li>\n<li>\n<h3>2020.03.11 <a href=\"https:\/\/drive.google.com\/open?id=1Bd-82MUTVvvUrXTWj8MnmoXSToyRQ5AI\">7.kl koost\u00f6\u00f6p\u00e4ev, T. Niinemets k\u00fclas<\/a><\/h3>\n<\/li>\n<li>\n<h3>2020.03.12 <a href=\"https:\/\/drive.google.com\/drive\/folders\/1-Rkz_Yj6_cxrb3b6bIniAzTcSzLsecmJ?usp=sharing\">Lugude jutustamine<\/a><\/h3>\n<\/li>\n<\/ul>\n<h2>Veebruar<\/h2>\n<ul>\n<li>\n<h3>2020.02.05 <a href=\"https:\/\/drive.google.com\/drive\/folders\/1YNorxNFXZ-3JIXo8eHIlzRcTmoRSE-uV?usp=sharing\">Mattias Turovski kohtumine 5.klassidega<\/a><\/h3>\n<\/li>\n<li>\n<h3>2020.02.14 <a href=\"https:\/\/drive.google.com\/drive\/folders\/1csz4VhXZJWv_3nd5ZlehoFypn3wmoCE_?usp=sharing\">S\u00f5brap\u00e4ev<\/a><\/h3>\n<\/li>\n<li>\n<h3>2020.02.17 <a href=\"https:\/\/drive.google.com\/drive\/folders\/1TY0UAfYvQbPHKH6XzZ2GiYCNdv_m7AaJ?usp=sharing\">Vene laat<\/a><\/h3>\n<\/li>\n<li>\n<h3>2020.02.21 <a href=\"https:\/\/drive.google.com\/drive\/folders\/1OWNA3btCc6emYCblKcJifqfub7PnATDP?usp=sharing\">EV s\u00fcnnip\u00e4eva aktused<\/a><\/h3>\n<\/li>\n<\/ul>\n<h2>Jaanuar<\/h2>\n<ul>\n<li>\n<h3>2020.01.13 <a href=\"https:\/\/drive.google.com\/drive\/folders\/12srHvoyvW-3r7xBQChPLME6csDbe0ZYN?usp=sharing\">Talveteemaline tordiv\u00f5istlus<\/a><\/h3>\n<\/li>\n<li>\n<h3>2020.01.20-24 <a href=\"https:\/\/drive.google.com\/open?id=1pOYdJCVjNfIWClpTVM55f80EbHBnFDhH\">Stiilin\u00e4dal<\/a><\/h3>\n<\/li>\n<li>\n<h3>2020.01.30 <a href=\"https:\/\/drive.google.com\/drive\/folders\/1J7n2n5Cu_BbI8V_NjBWANXqOeivIoSRJ?usp=sharing\">Playback<\/a><\/h3>\n<\/li>\n<\/ul>\n<h2>Detsember<\/h2>\n<ul>\n<li>\n<h3>2019.12.03 <a href=\"https:\/\/drive.google.com\/drive\/folders\/1DIOvsHY3gNyZ3z3d5IYt8iNOp8JeQcSX?usp=sharing\">7.klasside koost\u00f6\u00f6p\u00e4ev<\/a><\/h3>\n<\/li>\n<li>\n<h3>2019.12.06\u00a0<a href=\"https:\/\/drive.google.com\/drive\/folders\/1TWygEA4KoQNUo385WaMEySyil0x0LlaJ?usp=sharing\">J\u00f5ululaat<\/a><\/h3>\n<\/li>\n<li>\n<h3><span style=\"text-align: left; color: #222222; line-height: 25px; text-indent: 0px; letter-spacing: normal; font-family: 'Montserrat',sans-serif; font-size: 17.53px; font-style: normal; font-variant: normal; text-decoration: none; float: none; background-color: transparent;\">2019.12.19 <\/span><a href=\"https:\/\/drive.google.com\/drive\/folders\/18Aie6jiBC2D_tBKeFeLoS8WuJh9ku-XY?usp=sharing\">J\u00f5uluetendus &#8220;P\u00e4rlip\u00fc\u00fcdja&#8221;<\/a><\/h3>\n<\/li>\n<li>\n<h3>2019.12.20 <a href=\"https:\/\/drive.google.com\/open?id=1Q_CMXc_ttpzLBeR9hDZiq6Nf6gRhn1v7\">Pidulik j\u00f5ulul\u00f5una<\/a><\/h3>\n<\/li>\n<\/ul>\n<h2>November<\/h2>\n<ul>\n<li>\n<h3>2019.11.14\u00a0<a href=\"https:\/\/drive.google.com\/open?id=1X_CpOUsCwWx-ZxxylukUKR-3jjxBStO8\">Ideest teostuseni n\u00e4itus<\/a><\/h3>\n<\/li>\n<li>\n<h3>2019.11.14 <a href=\"https:\/\/drive.google.com\/drive\/folders\/1_Sb3UHxRJaRlgph8X3FugX4it1PRSppm?usp=sharing\">Pannkoogip\u00e4ev<\/a><\/h3>\n<\/li>\n<li>\n<h3>2019.11.14 <a href=\"https:\/\/drive.google.com\/drive\/folders\/1AyKYp2OWkkx-IMP1b93YUXkbym0_3_wD?usp=sharing\">Eurovisoon<\/a><\/h3>\n<\/li>\n<\/ul>\n<h2>Oktoober<\/h2>\n<ul>\n<li>\n<h3>2019.10.01 <a href=\"https:\/\/drive.google.com\/drive\/folders\/1LwkjphxBM0LUlOXtnqYJPLLSp2r1_Jku?usp=sharing\">Muusikan\u00e4dal<\/a><\/h3>\n<\/li>\n<li>\n<h3>2019.10.07 <a href=\"https:\/\/drive.google.com\/drive\/folders\/1G3uCZqsfGnMt-kHe2GGVcd2T-tonH2JP?usp=sharing\">Koolikontsert &#8211; Nele-Liis Vaiksoo ja<\/a><a href=\"https:\/\/drive.google.com\/drive\/folders\/1G3uCZqsfGnMt-kHe2GGVcd2T-tonH2JP?usp=sharing\"> Olav<\/a><a href=\"https:\/\/drive.google.com\/drive\/folders\/1G3uCZqsfGnMt-kHe2GGVcd2T-tonH2JP?usp=sharing\"> Ehala<\/a><\/h3>\n<\/li>\n<li>\n<h3>2019.10.15 <a href=\"https:\/\/drive.google.com\/drive\/folders\/1HK-EKmHSySS5mW4OkTzqIWJaYG8mmpC9?usp=sharing\">Koolikonts<\/a><a href=\"https:\/\/drive.google.com\/drive\/folders\/1HK-EKmHSySS5mW4OkTzqIWJaYG8mmpC9?usp=sharing\">ert<\/a><strong><a href=\"https:\/\/drive.google.com\/drive\/folders\/1HK-EKmHSySS5mW4OkTzqIWJaYG8mmpC9?usp=sharing\"> &#8211;<\/a><\/strong><a href=\"https:\/\/drive.google.com\/drive\/folders\/1HK-EKmHSySS5mW4OkTzqIWJaYG8mmpC9?usp=sharing\"> James<\/a><a href=\"https:\/\/drive.google.com\/drive\/folders\/1HK-EKmHSySS5mW4OkTzqIWJaYG8mmpC9?usp=sharing\"> Werts<\/a><\/h3>\n<\/li>\n<li>\n<h3>2019.10.18\u00a0<a href=\"https:\/\/drive.google.com\/drive\/folders\/1tdz8ei5szX4cd-rKOA56qgj_pzGC-AIg?usp=sharing\">Peakokad koolides<\/a><\/h3>\n<\/li>\n<\/ul>\n<h2>September<\/h2>\n<ul>\n<li>\n<h3>2019.09.26 <a href=\"https:\/\/drive.google.com\/drive\/folders\/1qj8nLC9aCGCPYM0RzTGZEgtaC_cgEjoU?usp=sharing\">Spordip\u00e4ev<\/a><\/h3>\n<\/li>\n<li>\n<h3>2019.09.25 <a href=\"https:\/\/drive.google.com\/drive\/folders\/1cnYkyNFS_zaANHOSxGJvkvcuf8vqG3R1?usp=sharing\">Spordiviktoriin<\/a><\/h3>\n<\/li>\n<li>\n<h3>2019.09.24 <a href=\"https:\/\/drive.google.com\/drive\/folders\/1gsc_sW1N3y2tl9ABssvGDVnjmkran94n?usp=sharing\">Spordip\u00e4ev<\/a><\/h3>\n<\/li>\n<li>\n<h3>2019.09.16 <a href=\"https:\/\/drive.google.com\/drive\/folders\/1uUwZdS25FEMj-HOCdQstYviXsoqFeyfA?usp=sharing\">S\u00fcgislaat<\/a><\/h3>\n<\/li>\n<li>\n<h3>2019.09.3.-4 <a href=\"https:\/\/drive.google.com\/drive\/folders\/1u6r_3NEFTZ9VRgmzGm5nurCvpfDT25Ly?usp=sharing\">LME p\u00e4evad<\/a><\/h3>\n<\/li>\n<li>\n<h3>2019.09.02 <a href=\"https:\/\/drive.google.com\/drive\/folders\/1d3mfY-eMC-JKDsmeOVMhksgR24B9yE8v?usp=sharing\">1.septembri aktus 2.-9.kl<\/a><\/h3>\n<\/li>\n<\/ul>\n","protected":false},"excerpt":{"rendered":"<p>Mai 2020.05.22 R\u00f5\u00f5mumeeter 2020.06.12\u00a09.klassi l\u00f5puaktus M\u00e4rts 2020.03.03 Tantsuvahetunnid 2020.03.10 1.-4.klassil k\u00fclas kirjanik Markus Saksatamm\u00a0 2020.03.10 T\u00e4helepanu, start 2020.03.11 7.kl koost\u00f6\u00f6p\u00e4ev,&#8230;<\/p>\n","protected":false},"author":1,"featured_media":0,"parent":363,"menu_order":5,"comment_status":"closed","ping_status":"closed","template":"","meta":{"_acf_changed":false,"footnotes":""},"class_list":["post-3505","page","type-page","status-publish","hentry"],"yoast_head":"<!-- This site is optimized with the Yoast SEO plugin v27.2 - https:\/\/yoast.com\/product\/yoast-seo-wordpress\/ -->\n<title>Pildid 2019\/2020 - Peetri P\u00f5hikool<\/title>\n<meta name=\"robots\" content=\"index, follow, max-snippet:-1, max-image-preview:large, max-video-preview:-1\" \/>\n<link rel=\"canonical\" href=\"https:\/\/www.peetri.edu.ee\/pohikool\/meie-kool\/pildigalerii\/20192020-2\/\" \/>\n<meta property=\"og:locale\" content=\"et_EE\" \/>\n<meta property=\"og:type\" content=\"article\" \/>\n<meta property=\"og:title\" content=\"Pildid 2019\/2020 - Peetri P\u00f5hikool\" \/>\n<meta property=\"og:description\" content=\"Mai 2020.05.22 R\u00f5\u00f5mumeeter 2020.06.12\u00a09.klassi l\u00f5puaktus M\u00e4rts 2020.03.03 Tantsuvahetunnid 2020.03.10 1.-4.klassil k\u00fclas kirjanik Markus Saksatamm\u00a0 2020.03.10 T\u00e4helepanu, start 2020.03.11 7.kl koost\u00f6\u00f6p\u00e4ev,...\" \/>\n<meta property=\"og:url\" content=\"https:\/\/www.peetri.edu.ee\/pohikool\/meie-kool\/pildigalerii\/20192020-2\/\" \/>\n<meta property=\"og:site_name\" content=\"Peetri P\u00f5hikool\" \/>\n<meta property=\"article:modified_time\" content=\"2024-08-10T05:45:39+00:00\" \/>\n<meta name=\"twitter:card\" content=\"summary_large_image\" \/>\n<meta name=\"twitter:label1\" content=\"Est. reading time\" \/>\n\t<meta name=\"twitter:data1\" content=\"1 minut\" \/>\n<script type=\"application\/ld+json\" class=\"yoast-schema-graph\">{\"@context\":\"https:\/\/schema.org\",\"@graph\":[{\"@type\":\"WebPage\",\"@id\":\"https:\/\/www.peetri.edu.ee\/pohikool\/meie-kool\/pildigalerii\/20192020-2\/\",\"url\":\"https:\/\/www.peetri.edu.ee\/pohikool\/meie-kool\/pildigalerii\/20192020-2\/\",\"name\":\"Pildid 2019\/2020 - Peetri P\u00f5hikool\",\"isPartOf\":{\"@id\":\"https:\/\/www.peetri.edu.ee\/pohikool\/#website\"},\"datePublished\":\"2019-09-03T08:36:32+00:00\",\"dateModified\":\"2024-08-10T05:45:39+00:00\",\"breadcrumb\":{\"@id\":\"https:\/\/www.peetri.edu.ee\/pohikool\/meie-kool\/pildigalerii\/20192020-2\/#breadcrumb\"},\"inLanguage\":\"et\",\"potentialAction\":[{\"@type\":\"ReadAction\",\"target\":[\"https:\/\/www.peetri.edu.ee\/pohikool\/meie-kool\/pildigalerii\/20192020-2\/\"]}]},{\"@type\":\"BreadcrumbList\",\"@id\":\"https:\/\/www.peetri.edu.ee\/pohikool\/meie-kool\/pildigalerii\/20192020-2\/#breadcrumb\",\"itemListElement\":[{\"@type\":\"ListItem\",\"position\":1,\"name\":\"Home\",\"item\":\"https:\/\/www.peetri.edu.ee\/pohikool\/\"},{\"@type\":\"ListItem\",\"position\":2,\"name\":\"Meie kool\",\"item\":\"https:\/\/www.peetri.edu.ee\/pohikool\/\"},{\"@type\":\"ListItem\",\"position\":3,\"name\":\"Pildigalerii\",\"item\":\"https:\/\/www.peetri.edu.ee\/pohikool\/meie-kool\/pildigalerii\/\"},{\"@type\":\"ListItem\",\"position\":4,\"name\":\"Pildid 2019\/2020\"}]},{\"@type\":\"WebSite\",\"@id\":\"https:\/\/www.peetri.edu.ee\/pohikool\/#website\",\"url\":\"https:\/\/www.peetri.edu.ee\/pohikool\/\",\"name\":\"Peetri P\u00f5hikool\",\"description\":\"Igas inimeses on p\u00e4ike, laskem tal s\u00e4rada\",\"potentialAction\":[{\"@type\":\"SearchAction\",\"target\":{\"@type\":\"EntryPoint\",\"urlTemplate\":\"https:\/\/www.peetri.edu.ee\/pohikool\/?s={search_term_string}\"},\"query-input\":{\"@type\":\"PropertyValueSpecification\",\"valueRequired\":true,\"valueName\":\"search_term_string\"}}],\"inLanguage\":\"et\"}]}<\/script>\n<!-- \/ Yoast SEO plugin. -->","yoast_head_json":{"title":"Pildid 2019\/2020 - Peetri P\u00f5hikool","robots":{"index":"index","follow":"follow","max-snippet":"max-snippet:-1","max-image-preview":"max-image-preview:large","max-video-preview":"max-video-preview:-1"},"canonical":"https:\/\/www.peetri.edu.ee\/pohikool\/meie-kool\/pildigalerii\/20192020-2\/","og_locale":"et_EE","og_type":"article","og_title":"Pildid 2019\/2020 - Peetri P\u00f5hikool","og_description":"Mai 2020.05.22 R\u00f5\u00f5mumeeter 2020.06.12\u00a09.klassi l\u00f5puaktus M\u00e4rts 2020.03.03 Tantsuvahetunnid 2020.03.10 1.-4.klassil k\u00fclas kirjanik Markus Saksatamm\u00a0 2020.03.10 T\u00e4helepanu, start 2020.03.11 7.kl koost\u00f6\u00f6p\u00e4ev,...","og_url":"https:\/\/www.peetri.edu.ee\/pohikool\/meie-kool\/pildigalerii\/20192020-2\/","og_site_name":"Peetri P\u00f5hikool","article_modified_time":"2024-08-10T05:45:39+00:00","twitter_card":"summary_large_image","twitter_misc":{"Est. reading time":"1 minut"},"schema":{"@context":"https:\/\/schema.org","@graph":[{"@type":"WebPage","@id":"https:\/\/www.peetri.edu.ee\/pohikool\/meie-kool\/pildigalerii\/20192020-2\/","url":"https:\/\/www.peetri.edu.ee\/pohikool\/meie-kool\/pildigalerii\/20192020-2\/","name":"Pildid 2019\/2020 - Peetri P\u00f5hikool","isPartOf":{"@id":"https:\/\/www.peetri.edu.ee\/pohikool\/#website"},"datePublished":"2019-09-03T08:36:32+00:00","dateModified":"2024-08-10T05:45:39+00:00","breadcrumb":{"@id":"https:\/\/www.peetri.edu.ee\/pohikool\/meie-kool\/pildigalerii\/20192020-2\/#breadcrumb"},"inLanguage":"et","potentialAction":[{"@type":"ReadAction","target":["https:\/\/www.peetri.edu.ee\/pohikool\/meie-kool\/pildigalerii\/20192020-2\/"]}]},{"@type":"BreadcrumbList","@id":"https:\/\/www.peetri.edu.ee\/pohikool\/meie-kool\/pildigalerii\/20192020-2\/#breadcrumb","itemListElement":[{"@type":"ListItem","position":1,"name":"Home","item":"https:\/\/www.peetri.edu.ee\/pohikool\/"},{"@type":"ListItem","position":2,"name":"Meie kool","item":"https:\/\/www.peetri.edu.ee\/pohikool\/"},{"@type":"ListItem","position":3,"name":"Pildigalerii","item":"https:\/\/www.peetri.edu.ee\/pohikool\/meie-kool\/pildigalerii\/"},{"@type":"ListItem","position":4,"name":"Pildid 2019\/2020"}]},{"@type":"WebSite","@id":"https:\/\/www.peetri.edu.ee\/pohikool\/#website","url":"https:\/\/www.peetri.edu.ee\/pohikool\/","name":"Peetri P\u00f5hikool","description":"Igas inimeses on p\u00e4ike, laskem tal s\u00e4rada","potentialAction":[{"@type":"SearchAction","target":{"@type":"EntryPoint","urlTemplate":"https:\/\/www.peetri.edu.ee\/pohikool\/?s={search_term_string}"},"query-input":{"@type":"PropertyValueSpecification","valueRequired":true,"valueName":"search_term_string"}}],"inLanguage":"et"}]}},"acf":[],"_links":{"self":[{"href":"https:\/\/www.peetri.edu.ee\/pohikool\/wp-json\/wp\/v2\/pages\/3505","targetHints":{"allow":["GET"]}}],"collection":[{"href":"https:\/\/www.peetri.edu.ee\/pohikool\/wp-json\/wp\/v2\/pages"}],"about":[{"href":"https:\/\/www.peetri.edu.ee\/pohikool\/wp-json\/wp\/v2\/types\/page"}],"author":[{"embeddable":true,"href":"https:\/\/www.peetri.edu.ee\/pohikool\/wp-json\/wp\/v2\/users\/1"}],"replies":[{"embeddable":true,"href":"https:\/\/www.peetri.edu.ee\/pohikool\/wp-json\/wp\/v2\/comments?post=3505"}],"version-history":[{"count":5,"href":"https:\/\/www.peetri.edu.ee\/pohikool\/wp-json\/wp\/v2\/pages\/3505\/revisions"}],"predecessor-version":[{"id":12192,"href":"https:\/\/www.peetri.edu.ee\/pohikool\/wp-json\/wp\/v2\/pages\/3505\/revisions\/12192"}],"up":[{"embeddable":true,"href":"https:\/\/www.peetri.edu.ee\/pohikool\/wp-json\/wp\/v2\/pages\/363"}],"wp:attachment":[{"href":"https:\/\/www.peetri.edu.ee\/pohikool\/wp-json\/wp\/v2\/media?parent=3505"}],"curies":[{"name":"wp","href":"https:\/\/api.w.org\/{rel}","templated":true}]}}