{"id":227,"date":"2017-08-11T16:00:56","date_gmt":"2017-08-11T13:00:56","guid":{"rendered":"https:\/\/www.peetri.edu.ee\/pohikool\/?page_id=227"},"modified":"2022-10-11T09:59:34","modified_gmt":"2022-10-11T06:59:34","slug":"taotlused","status":"publish","type":"page","link":"https:\/\/www.peetri.edu.ee\/pohikool\/meie-kool\/dokumentatsioon\/taotlused\/","title":{"rendered":"Taotlused"},"content":{"rendered":"<ul>\n<li><a href=\"http:\/\/piksel.ee\/arno\/rae\"><strong>Kooli astumise taotlus ja koolist lahkumise taotlus<\/strong> esitada\u00a0Rae valla haridusteenuste haldamise s\u00fcsteemis <strong>ARNO<\/strong><\/a><\/li>\n<li><span style=\"color: #0000ff\"><strong><a href=\"https:\/\/piksel.ee\/spoku\/rae\/index.php?module=205&amp;op=1&amp;valdkond=55\">P\u00f5hikooli l\u00f5petamine puuduliku aasta- v\u00f5i eksamihindega<\/a><\/strong><\/span><\/li>\n<li><a href=\"https:\/\/piksel.ee\/spoku\/rae\/index.php?module=205&amp;op=1&amp;valdkond=55\"><strong>Esmase \u00f5pilaspileti taotlus<\/strong><\/a><\/li>\n<li><a href=\"https:\/\/piksel.ee\/spoku\/rae\/index.php?module=205&amp;op=1&amp;valdkond=55\"><strong>\u00d5pilaspileti duplikaadi taotlus<\/strong><\/a><\/li>\n<li><a href=\"https:\/\/piksel.ee\/spoku\/rae\/index.php?module=205&amp;op=1&amp;valdkond=55\"><strong>Kodu\u00f5ppele j\u00e4\u00e4mise taotlus<\/strong><\/a><\/li>\n<li><strong><a href=\"https:\/\/piksel.ee\/spoku\/rae\/index.php?module=205&amp;op=1&amp;valdkond=55\">Garderoobikapi \u00fc\u00fcrimise taotlus<\/a><\/strong><\/li>\n<li><a href=\"https:\/\/piksel.ee\/spoku\/rae\/index.php?module=205&amp;op=1&amp;valdkond=55\"><strong>Avaldus tugiteenuse rakendamiseks<\/strong><\/a><\/li>\n<li><a href=\"https:\/\/piksel.ee\/spoku\/rae\/index.php?module=205&amp;op=1&amp;valdkond=55\"><strong>Pikap\u00e4evas\u00f6\u00f6gi taotlus<\/strong><\/a><\/li>\n<li><a href=\"https:\/\/piksel.ee\/arno\/rae\/avaleht\"><strong>Pikap\u00e4evar\u00fchma taotlus<\/strong><\/a><\/li>\n<li><strong><a href=\"https:\/\/piksel.ee\/spoku\/rae\/index.php?module=205&amp;op=1&amp;valdkond=55\">Loovainetest (liikumine, kunst, muusika) vabastamise taotlus<\/a><\/strong><\/li>\n<li><strong>Huviringis osalemise taotlus<\/strong><\/li>\n<\/ul>\n","protected":false},"excerpt":{"rendered":"<p>Kooli astumise taotlus ja koolist lahkumise taotlus esitada\u00a0Rae valla haridusteenuste haldamise s\u00fcsteemis ARNO P\u00f5hikooli l\u00f5petamine puuduliku aasta- v\u00f5i eksamihindega Esmase&#8230;<\/p>\n","protected":false},"author":1,"featured_media":0,"parent":225,"menu_order":10,"comment_status":"closed","ping_status":"closed","template":"","meta":{"_acf_changed":false,"footnotes":""},"class_list":["post-227","page","type-page","status-publish","hentry"],"yoast_head":"<!-- This site is optimized with the Yoast SEO plugin v27.5 - https:\/\/yoast.com\/product\/yoast-seo-wordpress\/ -->\n<title>Taotlused - Peetri P\u00f5hikool<\/title>\n<meta name=\"robots\" content=\"index, follow, max-snippet:-1, max-image-preview:large, max-video-preview:-1\" \/>\n<link rel=\"canonical\" href=\"https:\/\/www.peetri.edu.ee\/pohikool\/meie-kool\/dokumentatsioon\/taotlused\/\" \/>\n<meta property=\"og:locale\" content=\"et_EE\" \/>\n<meta property=\"og:type\" content=\"article\" \/>\n<meta property=\"og:title\" content=\"Taotlused - Peetri P\u00f5hikool\" \/>\n<meta property=\"og:description\" content=\"Kooli astumise taotlus ja koolist lahkumise taotlus esitada\u00a0Rae valla haridusteenuste haldamise s\u00fcsteemis ARNO P\u00f5hikooli l\u00f5petamine puuduliku aasta- v\u00f5i eksamihindega Esmase...\" \/>\n<meta property=\"og:url\" content=\"https:\/\/www.peetri.edu.ee\/pohikool\/meie-kool\/dokumentatsioon\/taotlused\/\" \/>\n<meta property=\"og:site_name\" content=\"Peetri P\u00f5hikool\" \/>\n<meta property=\"article:modified_time\" content=\"2022-10-11T06:59:34+00:00\" \/>\n<meta name=\"twitter:card\" content=\"summary_large_image\" \/>\n<script type=\"application\/ld+json\" class=\"yoast-schema-graph\">{\"@context\":\"https:\\\/\\\/schema.org\",\"@graph\":[{\"@type\":\"WebPage\",\"@id\":\"https:\\\/\\\/www.peetri.edu.ee\\\/pohikool\\\/meie-kool\\\/dokumentatsioon\\\/taotlused\\\/\",\"url\":\"https:\\\/\\\/www.peetri.edu.ee\\\/pohikool\\\/meie-kool\\\/dokumentatsioon\\\/taotlused\\\/\",\"name\":\"Taotlused - Peetri P\u00f5hikool\",\"isPartOf\":{\"@id\":\"https:\\\/\\\/www.peetri.edu.ee\\\/pohikool\\\/#website\"},\"datePublished\":\"2017-08-11T13:00:56+00:00\",\"dateModified\":\"2022-10-11T06:59:34+00:00\",\"breadcrumb\":{\"@id\":\"https:\\\/\\\/www.peetri.edu.ee\\\/pohikool\\\/meie-kool\\\/dokumentatsioon\\\/taotlused\\\/#breadcrumb\"},\"inLanguage\":\"et\",\"potentialAction\":[{\"@type\":\"ReadAction\",\"target\":[\"https:\\\/\\\/www.peetri.edu.ee\\\/pohikool\\\/meie-kool\\\/dokumentatsioon\\\/taotlused\\\/\"]}]},{\"@type\":\"BreadcrumbList\",\"@id\":\"https:\\\/\\\/www.peetri.edu.ee\\\/pohikool\\\/meie-kool\\\/dokumentatsioon\\\/taotlused\\\/#breadcrumb\",\"itemListElement\":[{\"@type\":\"ListItem\",\"position\":1,\"name\":\"Home\",\"item\":\"https:\\\/\\\/www.peetri.edu.ee\\\/pohikool\\\/\"},{\"@type\":\"ListItem\",\"position\":2,\"name\":\"Meie kool\",\"item\":\"https:\\\/\\\/www.peetri.edu.ee\\\/pohikool\\\/\"},{\"@type\":\"ListItem\",\"position\":3,\"name\":\"Dokumentatsioon\",\"item\":\"https:\\\/\\\/www.peetri.edu.ee\\\/pohikool\\\/meie-kool\\\/dokumentatsioon\\\/\"},{\"@type\":\"ListItem\",\"position\":4,\"name\":\"Taotlused\"}]},{\"@type\":\"WebSite\",\"@id\":\"https:\\\/\\\/www.peetri.edu.ee\\\/pohikool\\\/#website\",\"url\":\"https:\\\/\\\/www.peetri.edu.ee\\\/pohikool\\\/\",\"name\":\"Peetri P\u00f5hikool\",\"description\":\"Igas inimeses on p\u00e4ike, laskem tal s\u00e4rada\",\"potentialAction\":[{\"@type\":\"SearchAction\",\"target\":{\"@type\":\"EntryPoint\",\"urlTemplate\":\"https:\\\/\\\/www.peetri.edu.ee\\\/pohikool\\\/?s={search_term_string}\"},\"query-input\":{\"@type\":\"PropertyValueSpecification\",\"valueRequired\":true,\"valueName\":\"search_term_string\"}}],\"inLanguage\":\"et\"}]}<\/script>\n<!-- \/ Yoast SEO plugin. -->","yoast_head_json":{"title":"Taotlused - Peetri P\u00f5hikool","robots":{"index":"index","follow":"follow","max-snippet":"max-snippet:-1","max-image-preview":"max-image-preview:large","max-video-preview":"max-video-preview:-1"},"canonical":"https:\/\/www.peetri.edu.ee\/pohikool\/meie-kool\/dokumentatsioon\/taotlused\/","og_locale":"et_EE","og_type":"article","og_title":"Taotlused - Peetri P\u00f5hikool","og_description":"Kooli astumise taotlus ja koolist lahkumise taotlus esitada\u00a0Rae valla haridusteenuste haldamise s\u00fcsteemis ARNO P\u00f5hikooli l\u00f5petamine puuduliku aasta- v\u00f5i eksamihindega Esmase...","og_url":"https:\/\/www.peetri.edu.ee\/pohikool\/meie-kool\/dokumentatsioon\/taotlused\/","og_site_name":"Peetri P\u00f5hikool","article_modified_time":"2022-10-11T06:59:34+00:00","twitter_card":"summary_large_image","schema":{"@context":"https:\/\/schema.org","@graph":[{"@type":"WebPage","@id":"https:\/\/www.peetri.edu.ee\/pohikool\/meie-kool\/dokumentatsioon\/taotlused\/","url":"https:\/\/www.peetri.edu.ee\/pohikool\/meie-kool\/dokumentatsioon\/taotlused\/","name":"Taotlused - Peetri P\u00f5hikool","isPartOf":{"@id":"https:\/\/www.peetri.edu.ee\/pohikool\/#website"},"datePublished":"2017-08-11T13:00:56+00:00","dateModified":"2022-10-11T06:59:34+00:00","breadcrumb":{"@id":"https:\/\/www.peetri.edu.ee\/pohikool\/meie-kool\/dokumentatsioon\/taotlused\/#breadcrumb"},"inLanguage":"et","potentialAction":[{"@type":"ReadAction","target":["https:\/\/www.peetri.edu.ee\/pohikool\/meie-kool\/dokumentatsioon\/taotlused\/"]}]},{"@type":"BreadcrumbList","@id":"https:\/\/www.peetri.edu.ee\/pohikool\/meie-kool\/dokumentatsioon\/taotlused\/#breadcrumb","itemListElement":[{"@type":"ListItem","position":1,"name":"Home","item":"https:\/\/www.peetri.edu.ee\/pohikool\/"},{"@type":"ListItem","position":2,"name":"Meie kool","item":"https:\/\/www.peetri.edu.ee\/pohikool\/"},{"@type":"ListItem","position":3,"name":"Dokumentatsioon","item":"https:\/\/www.peetri.edu.ee\/pohikool\/meie-kool\/dokumentatsioon\/"},{"@type":"ListItem","position":4,"name":"Taotlused"}]},{"@type":"WebSite","@id":"https:\/\/www.peetri.edu.ee\/pohikool\/#website","url":"https:\/\/www.peetri.edu.ee\/pohikool\/","name":"Peetri P\u00f5hikool","description":"Igas inimeses on p\u00e4ike, laskem tal s\u00e4rada","potentialAction":[{"@type":"SearchAction","target":{"@type":"EntryPoint","urlTemplate":"https:\/\/www.peetri.edu.ee\/pohikool\/?s={search_term_string}"},"query-input":{"@type":"PropertyValueSpecification","valueRequired":true,"valueName":"search_term_string"}}],"inLanguage":"et"}]}},"acf":[],"_links":{"self":[{"href":"https:\/\/www.peetri.edu.ee\/pohikool\/wp-json\/wp\/v2\/pages\/227","targetHints":{"allow":["GET"]}}],"collection":[{"href":"https:\/\/www.peetri.edu.ee\/pohikool\/wp-json\/wp\/v2\/pages"}],"about":[{"href":"https:\/\/www.peetri.edu.ee\/pohikool\/wp-json\/wp\/v2\/types\/page"}],"author":[{"embeddable":true,"href":"https:\/\/www.peetri.edu.ee\/pohikool\/wp-json\/wp\/v2\/users\/1"}],"replies":[{"embeddable":true,"href":"https:\/\/www.peetri.edu.ee\/pohikool\/wp-json\/wp\/v2\/comments?post=227"}],"version-history":[{"count":5,"href":"https:\/\/www.peetri.edu.ee\/pohikool\/wp-json\/wp\/v2\/pages\/227\/revisions"}],"predecessor-version":[{"id":6594,"href":"https:\/\/www.peetri.edu.ee\/pohikool\/wp-json\/wp\/v2\/pages\/227\/revisions\/6594"}],"up":[{"embeddable":true,"href":"https:\/\/www.peetri.edu.ee\/pohikool\/wp-json\/wp\/v2\/pages\/225"}],"wp:attachment":[{"href":"https:\/\/www.peetri.edu.ee\/pohikool\/wp-json\/wp\/v2\/media?parent=227"}],"curies":[{"name":"wp","href":"https:\/\/api.w.org\/{rel}","templated":true}]}}