{"id":222,"date":"2017-08-11T15:46:42","date_gmt":"2017-08-11T12:46:42","guid":{"rendered":"https:\/\/www.peetri.edu.ee\/pohikool\/?page_id=222"},"modified":"2026-01-05T10:36:19","modified_gmt":"2026-01-05T08:36:19","slug":"hoolekogu","status":"publish","type":"page","link":"https:\/\/www.peetri.edu.ee\/pohikool\/meie-kool\/inimesed\/hoolekogu\/","title":{"rendered":"Hoolekogu"},"content":{"rendered":"<h3>Peetri Lasteaed-P\u00f5hikooli hoolekogu liikmed<\/h3>\n<ul>\n<li>Triin Liik\u00a0(hoolekogu esimees)<\/li>\n<li>Peeter P\u00e4rtel<\/li>\n<li>Geila Sildaru-Francis<\/li>\n<li>Kadri Bank-Jugaste<\/li>\n<li>Martin Lokk<\/li>\n<li>Jana Rosenfeld<\/li>\n<li>Paavo Pauklin<\/li>\n<li>Tanel Laud<\/li>\n<li>Norbert Hurt<\/li>\n<li>Pille Soobik (\u00f5petajate esindaja)<\/li>\n<li>Helin Freimuth (\u00f5petajate esindaja)<\/li>\n<li>Joonatan Kummer (\u00f5pilasesinduse esindaja)<\/li>\n<li>Marju Aolaid (Rae valla esindaja)<\/li>\n<\/ul>\n<p><a href=\"mailto:peetri.hoolekogu@gmail.com\">peetri.hoolekogu@gmail.com<\/a><\/p>\n<p><em>Kinnitatud Rae Vallavalitsuse 21.10.2025 korraldusega nr 1644 ja 16.12.2025 korraldusega nr 1976<\/em><\/p>\n","protected":false},"excerpt":{"rendered":"<p>Peetri Lasteaed-P\u00f5hikooli hoolekogu liikmed Triin Liik\u00a0(hoolekogu esimees) Peeter P\u00e4rtel Geila Sildaru-Francis Kadri Bank-Jugaste Martin Lokk Jana Rosenfeld Paavo Pauklin Tanel&#8230;<\/p>\n","protected":false},"author":1,"featured_media":0,"parent":214,"menu_order":30,"comment_status":"closed","ping_status":"closed","template":"","meta":{"_acf_changed":false,"footnotes":""},"class_list":["post-222","page","type-page","status-publish","hentry"],"yoast_head":"<!-- This site is optimized with the Yoast SEO plugin v27.2 - https:\/\/yoast.com\/product\/yoast-seo-wordpress\/ -->\n<title>Hoolekogu - Peetri P\u00f5hikool<\/title>\n<meta name=\"robots\" content=\"index, follow, max-snippet:-1, max-image-preview:large, max-video-preview:-1\" \/>\n<link rel=\"canonical\" href=\"https:\/\/www.peetri.edu.ee\/pohikool\/meie-kool\/inimesed\/hoolekogu\/\" \/>\n<meta property=\"og:locale\" content=\"et_EE\" \/>\n<meta property=\"og:type\" content=\"article\" \/>\n<meta property=\"og:title\" content=\"Hoolekogu - Peetri P\u00f5hikool\" \/>\n<meta property=\"og:description\" content=\"Peetri Lasteaed-P\u00f5hikooli hoolekogu liikmed Triin Liik\u00a0(hoolekogu esimees) Peeter P\u00e4rtel Geila Sildaru-Francis Kadri Bank-Jugaste Martin Lokk Jana Rosenfeld Paavo Pauklin Tanel...\" \/>\n<meta property=\"og:url\" content=\"https:\/\/www.peetri.edu.ee\/pohikool\/meie-kool\/inimesed\/hoolekogu\/\" \/>\n<meta property=\"og:site_name\" content=\"Peetri P\u00f5hikool\" \/>\n<meta property=\"article:modified_time\" content=\"2026-01-05T08:36:19+00:00\" \/>\n<meta name=\"twitter:card\" content=\"summary_large_image\" \/>\n<meta name=\"twitter:label1\" content=\"Est. reading time\" \/>\n\t<meta name=\"twitter:data1\" content=\"1 minut\" \/>\n<script type=\"application\/ld+json\" class=\"yoast-schema-graph\">{\"@context\":\"https:\/\/schema.org\",\"@graph\":[{\"@type\":\"WebPage\",\"@id\":\"https:\/\/www.peetri.edu.ee\/pohikool\/meie-kool\/inimesed\/hoolekogu\/\",\"url\":\"https:\/\/www.peetri.edu.ee\/pohikool\/meie-kool\/inimesed\/hoolekogu\/\",\"name\":\"Hoolekogu - Peetri P\u00f5hikool\",\"isPartOf\":{\"@id\":\"https:\/\/www.peetri.edu.ee\/pohikool\/#website\"},\"datePublished\":\"2017-08-11T12:46:42+00:00\",\"dateModified\":\"2026-01-05T08:36:19+00:00\",\"breadcrumb\":{\"@id\":\"https:\/\/www.peetri.edu.ee\/pohikool\/meie-kool\/inimesed\/hoolekogu\/#breadcrumb\"},\"inLanguage\":\"et\",\"potentialAction\":[{\"@type\":\"ReadAction\",\"target\":[\"https:\/\/www.peetri.edu.ee\/pohikool\/meie-kool\/inimesed\/hoolekogu\/\"]}]},{\"@type\":\"BreadcrumbList\",\"@id\":\"https:\/\/www.peetri.edu.ee\/pohikool\/meie-kool\/inimesed\/hoolekogu\/#breadcrumb\",\"itemListElement\":[{\"@type\":\"ListItem\",\"position\":1,\"name\":\"Home\",\"item\":\"https:\/\/www.peetri.edu.ee\/pohikool\/\"},{\"@type\":\"ListItem\",\"position\":2,\"name\":\"Meie kool\",\"item\":\"https:\/\/www.peetri.edu.ee\/pohikool\/\"},{\"@type\":\"ListItem\",\"position\":3,\"name\":\"Inimesed\",\"item\":\"https:\/\/www.peetri.edu.ee\/pohikool\/meie-kool\/inimesed\/\"},{\"@type\":\"ListItem\",\"position\":4,\"name\":\"Hoolekogu\"}]},{\"@type\":\"WebSite\",\"@id\":\"https:\/\/www.peetri.edu.ee\/pohikool\/#website\",\"url\":\"https:\/\/www.peetri.edu.ee\/pohikool\/\",\"name\":\"Peetri P\u00f5hikool\",\"description\":\"Igas inimeses on p\u00e4ike, laskem tal s\u00e4rada\",\"potentialAction\":[{\"@type\":\"SearchAction\",\"target\":{\"@type\":\"EntryPoint\",\"urlTemplate\":\"https:\/\/www.peetri.edu.ee\/pohikool\/?s={search_term_string}\"},\"query-input\":{\"@type\":\"PropertyValueSpecification\",\"valueRequired\":true,\"valueName\":\"search_term_string\"}}],\"inLanguage\":\"et\"}]}<\/script>\n<!-- \/ Yoast SEO plugin. -->","yoast_head_json":{"title":"Hoolekogu - Peetri P\u00f5hikool","robots":{"index":"index","follow":"follow","max-snippet":"max-snippet:-1","max-image-preview":"max-image-preview:large","max-video-preview":"max-video-preview:-1"},"canonical":"https:\/\/www.peetri.edu.ee\/pohikool\/meie-kool\/inimesed\/hoolekogu\/","og_locale":"et_EE","og_type":"article","og_title":"Hoolekogu - Peetri P\u00f5hikool","og_description":"Peetri Lasteaed-P\u00f5hikooli hoolekogu liikmed Triin Liik\u00a0(hoolekogu esimees) Peeter P\u00e4rtel Geila Sildaru-Francis Kadri Bank-Jugaste Martin Lokk Jana Rosenfeld Paavo Pauklin Tanel...","og_url":"https:\/\/www.peetri.edu.ee\/pohikool\/meie-kool\/inimesed\/hoolekogu\/","og_site_name":"Peetri P\u00f5hikool","article_modified_time":"2026-01-05T08:36:19+00:00","twitter_card":"summary_large_image","twitter_misc":{"Est. reading time":"1 minut"},"schema":{"@context":"https:\/\/schema.org","@graph":[{"@type":"WebPage","@id":"https:\/\/www.peetri.edu.ee\/pohikool\/meie-kool\/inimesed\/hoolekogu\/","url":"https:\/\/www.peetri.edu.ee\/pohikool\/meie-kool\/inimesed\/hoolekogu\/","name":"Hoolekogu - Peetri P\u00f5hikool","isPartOf":{"@id":"https:\/\/www.peetri.edu.ee\/pohikool\/#website"},"datePublished":"2017-08-11T12:46:42+00:00","dateModified":"2026-01-05T08:36:19+00:00","breadcrumb":{"@id":"https:\/\/www.peetri.edu.ee\/pohikool\/meie-kool\/inimesed\/hoolekogu\/#breadcrumb"},"inLanguage":"et","potentialAction":[{"@type":"ReadAction","target":["https:\/\/www.peetri.edu.ee\/pohikool\/meie-kool\/inimesed\/hoolekogu\/"]}]},{"@type":"BreadcrumbList","@id":"https:\/\/www.peetri.edu.ee\/pohikool\/meie-kool\/inimesed\/hoolekogu\/#breadcrumb","itemListElement":[{"@type":"ListItem","position":1,"name":"Home","item":"https:\/\/www.peetri.edu.ee\/pohikool\/"},{"@type":"ListItem","position":2,"name":"Meie kool","item":"https:\/\/www.peetri.edu.ee\/pohikool\/"},{"@type":"ListItem","position":3,"name":"Inimesed","item":"https:\/\/www.peetri.edu.ee\/pohikool\/meie-kool\/inimesed\/"},{"@type":"ListItem","position":4,"name":"Hoolekogu"}]},{"@type":"WebSite","@id":"https:\/\/www.peetri.edu.ee\/pohikool\/#website","url":"https:\/\/www.peetri.edu.ee\/pohikool\/","name":"Peetri P\u00f5hikool","description":"Igas inimeses on p\u00e4ike, laskem tal s\u00e4rada","potentialAction":[{"@type":"SearchAction","target":{"@type":"EntryPoint","urlTemplate":"https:\/\/www.peetri.edu.ee\/pohikool\/?s={search_term_string}"},"query-input":{"@type":"PropertyValueSpecification","valueRequired":true,"valueName":"search_term_string"}}],"inLanguage":"et"}]}},"acf":[],"_links":{"self":[{"href":"https:\/\/www.peetri.edu.ee\/pohikool\/wp-json\/wp\/v2\/pages\/222","targetHints":{"allow":["GET"]}}],"collection":[{"href":"https:\/\/www.peetri.edu.ee\/pohikool\/wp-json\/wp\/v2\/pages"}],"about":[{"href":"https:\/\/www.peetri.edu.ee\/pohikool\/wp-json\/wp\/v2\/types\/page"}],"author":[{"embeddable":true,"href":"https:\/\/www.peetri.edu.ee\/pohikool\/wp-json\/wp\/v2\/users\/1"}],"replies":[{"embeddable":true,"href":"https:\/\/www.peetri.edu.ee\/pohikool\/wp-json\/wp\/v2\/comments?post=222"}],"version-history":[{"count":5,"href":"https:\/\/www.peetri.edu.ee\/pohikool\/wp-json\/wp\/v2\/pages\/222\/revisions"}],"predecessor-version":[{"id":13555,"href":"https:\/\/www.peetri.edu.ee\/pohikool\/wp-json\/wp\/v2\/pages\/222\/revisions\/13555"}],"up":[{"embeddable":true,"href":"https:\/\/www.peetri.edu.ee\/pohikool\/wp-json\/wp\/v2\/pages\/214"}],"wp:attachment":[{"href":"https:\/\/www.peetri.edu.ee\/pohikool\/wp-json\/wp\/v2\/media?parent=222"}],"curies":[{"name":"wp","href":"https:\/\/api.w.org\/{rel}","templated":true}]}}