{"id":217,"date":"2017-08-11T15:41:20","date_gmt":"2017-08-11T12:41:20","guid":{"rendered":"https:\/\/www.peetri.edu.ee\/pohikool\/?page_id=217"},"modified":"2025-12-08T11:57:41","modified_gmt":"2025-12-08T09:57:41","slug":"juhtkond","status":"publish","type":"page","link":"https:\/\/www.peetri.edu.ee\/pohikool\/meie-kool\/inimesed\/juhtkond\/","title":{"rendered":"Juhtkond"},"content":{"rendered":"<table class=\" alignleft\" style=\"width: 74.5268%\">\n<thead>\n<tr>\n<td style=\"width: 18.0952%\"><strong>Nimi<\/strong><\/td>\n<td style=\"width: 28.254%\"><strong>Amet<\/strong><\/td>\n<td style=\"width: 20.1587%\"><strong>Telefon<\/strong><\/td>\n<td style=\"width: 31.5873%\"><strong>E-mail<\/strong><\/td>\n<\/tr>\n<\/thead>\n<tbody>\n<tr>\n<td style=\"width: 18.0952%\"><strong>Luule Niinesalu<\/strong><\/td>\n<td style=\"width: 28.254%\">direktor<\/td>\n<td style=\"width: 20.1587%\">58 373 584<\/td>\n<td style=\"width: 31.5873%\"><a href=\"mailto:luule.niinesalu@peetri.edu.ee\">luule.niinesalu@peetri.edu.ee<\/a><\/td>\n<\/tr>\n<tr>\n<td style=\"width: 18.0952%\"><strong>Eili Laas<\/strong><\/td>\n<td style=\"width: 28.254%\">arendusjuht<\/td>\n<td style=\"width: 20.1587%\">56 498 955<\/td>\n<td style=\"width: 31.5873%\"><a href=\"mailto:eili.laas@peetri.edu.ee\">eili.laas@peetri.edu.ee<\/a><\/td>\n<\/tr>\n<tr>\n<td style=\"width: 18.0952%\"><strong>Katrin Piiriselg<\/strong><\/td>\n<td style=\"width: 28.254%\">kooli \u00f5ppejuht (6.-9. klass)<\/td>\n<td style=\"width: 20.1587%\">55 616 244<\/td>\n<td style=\"width: 31.5873%\"><a href=\"mailto:katrin.piiriselg@peetri.edu.ee\">katrin.piiriselg@peetri.edu.ee<\/a><\/td>\n<\/tr>\n<tr>\n<td style=\"width: 18.0952%\"><strong>Marelle Lepik<\/strong><\/td>\n<td style=\"width: 28.254%\">kooli \u00f5ppejuht (1.-5. klass)<\/td>\n<td style=\"width: 20.1587%\">58 369 867<\/td>\n<td style=\"width: 31.5873%\"><a href=\"mailto:marelle.lepik@peetri.edu.ee\">marelle.lepik@peetri.edu.ee\u00a0<\/a><\/td>\n<\/tr>\n<tr>\n<td style=\"width: 18.0952%\"><strong>Riina Rosar<\/strong><\/td>\n<td style=\"width: 28.254%\">lasteaia \u00f5ppejuht<\/td>\n<td style=\"width: 20.1587%\">55 925 517<\/td>\n<td style=\"width: 31.5873%\"><a href=\"mailto:riina.rosar@peetri.edu.ee\">riina.rosar@peetri.edu.ee<\/a><\/td>\n<\/tr>\n<tr>\n<td style=\"width: 18.0952%\"><strong>Kaia Roots<\/strong><\/td>\n<td style=\"width: 28.254%\">HEV koordinaator<\/td>\n<td style=\"width: 20.1587%\">55 626 685<\/td>\n<td style=\"width: 31.5873%\"><a href=\"mailto:kaia.roots@peetri.edu.ee\">kaia.roots@peetri.edu.ee<\/a><\/td>\n<\/tr>\n<tr>\n<td style=\"width: 18.0952%\"><strong>Bruno\u00a0<span class=\"marklsfajhs7o\" data-markjs=\"true\" data-ogac=\"\" data-ogab=\"\" data-ogsc=\"\" data-ogsb=\"\">Lang<\/span>e<\/strong><\/td>\n<td style=\"width: 28.254%\">huvijuht<\/td>\n<td style=\"width: 20.1587%\">55 682 795<\/td>\n<td style=\"width: 31.5873%\"><a href=\"mailto:bruno.lange@peetri.edu.ee\">bruno.<span class=\"marklsfajhs7o\" data-markjs=\"true\" data-ogac=\"\" data-ogab=\"\" data-ogsc=\"\" data-ogsb=\"\">lang<\/span>e@peetri.edu.ee<\/a><\/td>\n<\/tr>\n<tr>\n<td style=\"width: 18.0952%\"><strong>Aivo Hommik<\/strong><\/td>\n<td style=\"width: 28.254%\">haldusjuht<\/td>\n<td style=\"width: 20.1587%\">50 64 338<\/td>\n<td style=\"width: 31.5873%\"><a href=\"mailto:aivo.hommik@peetri.edu.ee\">aivo.hommik@peetri.edu.ee<\/a><\/td>\n<\/tr>\n<tr>\n<td style=\"width: 18.0952%\"><strong>Tiina Tinni<\/strong><\/td>\n<td style=\"width: 28.254%\">majandusjuhataja<\/td>\n<td style=\"width: 20.1587%\">50 65 773<\/td>\n<td style=\"width: 31.5873%\"><a href=\"mailto:tiina.tinni@peetri.edu.ee\">tiina.tinni@peetri.edu.ee<\/a><\/td>\n<\/tr>\n<tr>\n<td style=\"width: 18.0952%\"><\/td>\n<td style=\"width: 28.254%\"><\/td>\n<td style=\"width: 20.1587%\"><\/td>\n<td style=\"width: 31.5873%\"><\/td>\n<\/tr>\n<\/tbody>\n<\/table>\n","protected":false},"excerpt":{"rendered":"<p>Nimi Amet Telefon E-mail Luule Niinesalu direktor 58 373 584 luule.niinesalu@peetri.edu.ee Eili Laas arendusjuht 56 498 955 eili.laas@peetri.edu.ee Katrin Piiriselg&#8230;<\/p>\n","protected":false},"author":1,"featured_media":0,"parent":214,"menu_order":10,"comment_status":"closed","ping_status":"closed","template":"","meta":{"_acf_changed":false,"footnotes":""},"class_list":["post-217","page","type-page","status-publish","hentry"],"yoast_head":"<!-- This site is optimized with the Yoast SEO plugin v27.2 - https:\/\/yoast.com\/product\/yoast-seo-wordpress\/ -->\n<title>Peetri lasteaed-p\u00f5hikool juhtkond<\/title>\n<meta name=\"description\" content=\"Peetri lasteaed-p\u00f5hikooli juhtkonda kuulub 9 inimest, lisaks direktorile ja \u00f5ppejuhtidele ka majandusjuhataja, huvijuht, HEV koordinaator ning haldusjuht.\" \/>\n<meta name=\"robots\" content=\"index, follow, max-snippet:-1, max-image-preview:large, max-video-preview:-1\" \/>\n<link rel=\"canonical\" href=\"https:\/\/www.peetri.edu.ee\/pohikool\/meie-kool\/inimesed\/juhtkond\/\" \/>\n<meta property=\"og:locale\" content=\"et_EE\" \/>\n<meta property=\"og:type\" content=\"article\" \/>\n<meta property=\"og:title\" content=\"Peetri lasteaed-p\u00f5hikool juhtkond\" \/>\n<meta property=\"og:description\" content=\"Peetri lasteaed-p\u00f5hikooli juhtkonda kuulub 9 inimest, lisaks direktorile ja \u00f5ppejuhtidele ka majandusjuhataja, huvijuht, HEV koordinaator ning haldusjuht.\" \/>\n<meta property=\"og:url\" content=\"https:\/\/www.peetri.edu.ee\/pohikool\/meie-kool\/inimesed\/juhtkond\/\" \/>\n<meta property=\"og:site_name\" content=\"Peetri P\u00f5hikool\" \/>\n<meta property=\"article:modified_time\" content=\"2025-12-08T09:57:41+00:00\" \/>\n<meta name=\"twitter:card\" content=\"summary_large_image\" \/>\n<meta name=\"twitter:label1\" content=\"Est. reading time\" \/>\n\t<meta name=\"twitter:data1\" content=\"1 minut\" \/>\n<script type=\"application\/ld+json\" class=\"yoast-schema-graph\">{\"@context\":\"https:\/\/schema.org\",\"@graph\":[{\"@type\":\"WebPage\",\"@id\":\"https:\/\/www.peetri.edu.ee\/pohikool\/meie-kool\/inimesed\/juhtkond\/\",\"url\":\"https:\/\/www.peetri.edu.ee\/pohikool\/meie-kool\/inimesed\/juhtkond\/\",\"name\":\"Peetri lasteaed-p\u00f5hikool juhtkond\",\"isPartOf\":{\"@id\":\"https:\/\/www.peetri.edu.ee\/pohikool\/#website\"},\"datePublished\":\"2017-08-11T12:41:20+00:00\",\"dateModified\":\"2025-12-08T09:57:41+00:00\",\"description\":\"Peetri lasteaed-p\u00f5hikooli juhtkonda kuulub 9 inimest, lisaks direktorile ja \u00f5ppejuhtidele ka majandusjuhataja, huvijuht, HEV koordinaator ning haldusjuht.\",\"breadcrumb\":{\"@id\":\"https:\/\/www.peetri.edu.ee\/pohikool\/meie-kool\/inimesed\/juhtkond\/#breadcrumb\"},\"inLanguage\":\"et\",\"potentialAction\":[{\"@type\":\"ReadAction\",\"target\":[\"https:\/\/www.peetri.edu.ee\/pohikool\/meie-kool\/inimesed\/juhtkond\/\"]}]},{\"@type\":\"BreadcrumbList\",\"@id\":\"https:\/\/www.peetri.edu.ee\/pohikool\/meie-kool\/inimesed\/juhtkond\/#breadcrumb\",\"itemListElement\":[{\"@type\":\"ListItem\",\"position\":1,\"name\":\"Home\",\"item\":\"https:\/\/www.peetri.edu.ee\/pohikool\/\"},{\"@type\":\"ListItem\",\"position\":2,\"name\":\"Meie kool\",\"item\":\"https:\/\/www.peetri.edu.ee\/pohikool\/\"},{\"@type\":\"ListItem\",\"position\":3,\"name\":\"Inimesed\",\"item\":\"https:\/\/www.peetri.edu.ee\/pohikool\/meie-kool\/inimesed\/\"},{\"@type\":\"ListItem\",\"position\":4,\"name\":\"Juhtkond\"}]},{\"@type\":\"WebSite\",\"@id\":\"https:\/\/www.peetri.edu.ee\/pohikool\/#website\",\"url\":\"https:\/\/www.peetri.edu.ee\/pohikool\/\",\"name\":\"Peetri P\u00f5hikool\",\"description\":\"Igas inimeses on p\u00e4ike, laskem tal s\u00e4rada\",\"potentialAction\":[{\"@type\":\"SearchAction\",\"target\":{\"@type\":\"EntryPoint\",\"urlTemplate\":\"https:\/\/www.peetri.edu.ee\/pohikool\/?s={search_term_string}\"},\"query-input\":{\"@type\":\"PropertyValueSpecification\",\"valueRequired\":true,\"valueName\":\"search_term_string\"}}],\"inLanguage\":\"et\"}]}<\/script>\n<!-- \/ Yoast SEO plugin. -->","yoast_head_json":{"title":"Peetri lasteaed-p\u00f5hikool juhtkond","description":"Peetri lasteaed-p\u00f5hikooli juhtkonda kuulub 9 inimest, lisaks direktorile ja \u00f5ppejuhtidele ka majandusjuhataja, huvijuht, HEV koordinaator ning haldusjuht.","robots":{"index":"index","follow":"follow","max-snippet":"max-snippet:-1","max-image-preview":"max-image-preview:large","max-video-preview":"max-video-preview:-1"},"canonical":"https:\/\/www.peetri.edu.ee\/pohikool\/meie-kool\/inimesed\/juhtkond\/","og_locale":"et_EE","og_type":"article","og_title":"Peetri lasteaed-p\u00f5hikool juhtkond","og_description":"Peetri lasteaed-p\u00f5hikooli juhtkonda kuulub 9 inimest, lisaks direktorile ja \u00f5ppejuhtidele ka majandusjuhataja, huvijuht, HEV koordinaator ning haldusjuht.","og_url":"https:\/\/www.peetri.edu.ee\/pohikool\/meie-kool\/inimesed\/juhtkond\/","og_site_name":"Peetri P\u00f5hikool","article_modified_time":"2025-12-08T09:57:41+00:00","twitter_card":"summary_large_image","twitter_misc":{"Est. reading time":"1 minut"},"schema":{"@context":"https:\/\/schema.org","@graph":[{"@type":"WebPage","@id":"https:\/\/www.peetri.edu.ee\/pohikool\/meie-kool\/inimesed\/juhtkond\/","url":"https:\/\/www.peetri.edu.ee\/pohikool\/meie-kool\/inimesed\/juhtkond\/","name":"Peetri lasteaed-p\u00f5hikool juhtkond","isPartOf":{"@id":"https:\/\/www.peetri.edu.ee\/pohikool\/#website"},"datePublished":"2017-08-11T12:41:20+00:00","dateModified":"2025-12-08T09:57:41+00:00","description":"Peetri lasteaed-p\u00f5hikooli juhtkonda kuulub 9 inimest, lisaks direktorile ja \u00f5ppejuhtidele ka majandusjuhataja, huvijuht, HEV koordinaator ning haldusjuht.","breadcrumb":{"@id":"https:\/\/www.peetri.edu.ee\/pohikool\/meie-kool\/inimesed\/juhtkond\/#breadcrumb"},"inLanguage":"et","potentialAction":[{"@type":"ReadAction","target":["https:\/\/www.peetri.edu.ee\/pohikool\/meie-kool\/inimesed\/juhtkond\/"]}]},{"@type":"BreadcrumbList","@id":"https:\/\/www.peetri.edu.ee\/pohikool\/meie-kool\/inimesed\/juhtkond\/#breadcrumb","itemListElement":[{"@type":"ListItem","position":1,"name":"Home","item":"https:\/\/www.peetri.edu.ee\/pohikool\/"},{"@type":"ListItem","position":2,"name":"Meie kool","item":"https:\/\/www.peetri.edu.ee\/pohikool\/"},{"@type":"ListItem","position":3,"name":"Inimesed","item":"https:\/\/www.peetri.edu.ee\/pohikool\/meie-kool\/inimesed\/"},{"@type":"ListItem","position":4,"name":"Juhtkond"}]},{"@type":"WebSite","@id":"https:\/\/www.peetri.edu.ee\/pohikool\/#website","url":"https:\/\/www.peetri.edu.ee\/pohikool\/","name":"Peetri P\u00f5hikool","description":"Igas inimeses on p\u00e4ike, laskem tal s\u00e4rada","potentialAction":[{"@type":"SearchAction","target":{"@type":"EntryPoint","urlTemplate":"https:\/\/www.peetri.edu.ee\/pohikool\/?s={search_term_string}"},"query-input":{"@type":"PropertyValueSpecification","valueRequired":true,"valueName":"search_term_string"}}],"inLanguage":"et"}]}},"acf":[],"_links":{"self":[{"href":"https:\/\/www.peetri.edu.ee\/pohikool\/wp-json\/wp\/v2\/pages\/217","targetHints":{"allow":["GET"]}}],"collection":[{"href":"https:\/\/www.peetri.edu.ee\/pohikool\/wp-json\/wp\/v2\/pages"}],"about":[{"href":"https:\/\/www.peetri.edu.ee\/pohikool\/wp-json\/wp\/v2\/types\/page"}],"author":[{"embeddable":true,"href":"https:\/\/www.peetri.edu.ee\/pohikool\/wp-json\/wp\/v2\/users\/1"}],"replies":[{"embeddable":true,"href":"https:\/\/www.peetri.edu.ee\/pohikool\/wp-json\/wp\/v2\/comments?post=217"}],"version-history":[{"count":5,"href":"https:\/\/www.peetri.edu.ee\/pohikool\/wp-json\/wp\/v2\/pages\/217\/revisions"}],"predecessor-version":[{"id":13494,"href":"https:\/\/www.peetri.edu.ee\/pohikool\/wp-json\/wp\/v2\/pages\/217\/revisions\/13494"}],"up":[{"embeddable":true,"href":"https:\/\/www.peetri.edu.ee\/pohikool\/wp-json\/wp\/v2\/pages\/214"}],"wp:attachment":[{"href":"https:\/\/www.peetri.edu.ee\/pohikool\/wp-json\/wp\/v2\/media?parent=217"}],"curies":[{"name":"wp","href":"https:\/\/api.w.org\/{rel}","templated":true}]}}