{"id":194,"date":"2017-08-11T15:01:54","date_gmt":"2017-08-11T12:01:54","guid":{"rendered":"https:\/\/www.peetri.edu.ee\/pohikool\/?page_id=194"},"modified":"2023-09-06T10:10:04","modified_gmt":"2023-09-06T07:10:04","slug":"klubid-ja-huvialakoolid","status":"publish","type":"page","link":"https:\/\/www.peetri.edu.ee\/pohikool\/klubid-ja-huvialakoolid\/","title":{"rendered":"Klubid ja huvialakoolid"},"content":{"rendered":"<h4>Klubid ja huvialakoolid, kes viivad l\u00e4bi Peetri kooli ruumides ringe \u00f5pilastele:<\/h4>\n<ul>\n<li>miniLABOR \u2013 loodusring<\/li>\n<li>MT\u00dc M\u00e4ngides Targaks &#8211; Majandusm\u00e4ngude ring<\/li>\n<li><a href=\"https:\/\/www.mammamia.ee\/\">Mamma Mia Laulu-ja Huvistuudio<\/a><\/li>\n<li>LA Music O\u00dc \u2013 klaveri r\u00fchmatunnid<\/li>\n<li>MyDance \u2013 showtants<\/li>\n<li>Minu tantsukool \u2013 showtants<\/li>\n<li>Stassi tantsustuudio \u2013 tantsu\u00f5pe<\/li>\n<li>Tantsukool JJ-Street \u2013 hip-hop<\/li>\n<li>Kaie K\u00f5rbi balletistuudio \u2013 ballett<\/li>\n<li>Harju Jalgpallikool \u2013 jalgpall<\/li>\n<li>FC Tiigrid (Loo Jalgpall) \u2013 jalgpall<\/li>\n<li>HC Tallinn \u2013 k\u00e4sipall<\/li>\n<li>Mikata Judokool &#8211; judo<\/li>\n<li>Helen Doron English &#8211; inglise keel<\/li>\n<li>UP Sport MT\u00dc &#8211; kergej\u00f5ustik<\/li>\n<li>Fitdance MT\u00dc &#8211; showdance<\/li>\n<li>Naabri Jooga O\u00dc<\/li>\n<li>logoserv O\u00dc &#8211; Eelkool<\/li>\n<li>Rae Huvialakool<\/li>\n<li>Lumbricus O\u00dc &#8211; Maastik ja arhitektuur 1-4. klass<\/li>\n<li><a href=\"https:\/\/www.driveitup.ee\/\">Drive It Up kitarrikool<\/a><\/li>\n<\/ul>\n","protected":false},"excerpt":{"rendered":"<p>Klubid ja huvialakoolid, kes viivad l\u00e4bi Peetri kooli ruumides ringe \u00f5pilastele: miniLABOR \u2013 loodusring MT\u00dc M\u00e4ngides Targaks &#8211; Majandusm\u00e4ngude ring&#8230;<\/p>\n","protected":false},"author":1,"featured_media":0,"parent":0,"menu_order":40,"comment_status":"closed","ping_status":"closed","template":"","meta":{"_acf_changed":false,"footnotes":""},"class_list":["post-194","page","type-page","status-publish","hentry"],"yoast_head":"<!-- This site is optimized with the Yoast SEO plugin v27.2 - https:\/\/yoast.com\/product\/yoast-seo-wordpress\/ -->\n<title>Klubid ja huvialakoolid - Peetri P\u00f5hikool<\/title>\n<meta name=\"robots\" content=\"index, follow, max-snippet:-1, max-image-preview:large, max-video-preview:-1\" \/>\n<link rel=\"canonical\" href=\"https:\/\/www.peetri.edu.ee\/pohikool\/klubid-ja-huvialakoolid\/\" \/>\n<meta property=\"og:locale\" content=\"et_EE\" \/>\n<meta property=\"og:type\" content=\"article\" \/>\n<meta property=\"og:title\" content=\"Klubid ja huvialakoolid - Peetri P\u00f5hikool\" \/>\n<meta property=\"og:description\" content=\"Klubid ja huvialakoolid, kes viivad l\u00e4bi Peetri kooli ruumides ringe \u00f5pilastele: miniLABOR \u2013 loodusring MT\u00dc M\u00e4ngides Targaks &#8211; Majandusm\u00e4ngude ring...\" \/>\n<meta property=\"og:url\" content=\"https:\/\/www.peetri.edu.ee\/pohikool\/klubid-ja-huvialakoolid\/\" \/>\n<meta property=\"og:site_name\" content=\"Peetri P\u00f5hikool\" \/>\n<meta property=\"article:modified_time\" content=\"2023-09-06T07:10:04+00:00\" \/>\n<meta name=\"twitter:card\" content=\"summary_large_image\" \/>\n<meta name=\"twitter:label1\" content=\"Est. reading time\" \/>\n\t<meta name=\"twitter:data1\" content=\"1 minut\" \/>\n<script type=\"application\/ld+json\" class=\"yoast-schema-graph\">{\"@context\":\"https:\/\/schema.org\",\"@graph\":[{\"@type\":\"WebPage\",\"@id\":\"https:\/\/www.peetri.edu.ee\/pohikool\/klubid-ja-huvialakoolid\/\",\"url\":\"https:\/\/www.peetri.edu.ee\/pohikool\/klubid-ja-huvialakoolid\/\",\"name\":\"Klubid ja huvialakoolid - Peetri P\u00f5hikool\",\"isPartOf\":{\"@id\":\"https:\/\/www.peetri.edu.ee\/pohikool\/#website\"},\"datePublished\":\"2017-08-11T12:01:54+00:00\",\"dateModified\":\"2023-09-06T07:10:04+00:00\",\"breadcrumb\":{\"@id\":\"https:\/\/www.peetri.edu.ee\/pohikool\/klubid-ja-huvialakoolid\/#breadcrumb\"},\"inLanguage\":\"et\",\"potentialAction\":[{\"@type\":\"ReadAction\",\"target\":[\"https:\/\/www.peetri.edu.ee\/pohikool\/klubid-ja-huvialakoolid\/\"]}]},{\"@type\":\"BreadcrumbList\",\"@id\":\"https:\/\/www.peetri.edu.ee\/pohikool\/klubid-ja-huvialakoolid\/#breadcrumb\",\"itemListElement\":[{\"@type\":\"ListItem\",\"position\":1,\"name\":\"Home\",\"item\":\"https:\/\/www.peetri.edu.ee\/pohikool\/\"},{\"@type\":\"ListItem\",\"position\":2,\"name\":\"Klubid ja huvialakoolid\"}]},{\"@type\":\"WebSite\",\"@id\":\"https:\/\/www.peetri.edu.ee\/pohikool\/#website\",\"url\":\"https:\/\/www.peetri.edu.ee\/pohikool\/\",\"name\":\"Peetri P\u00f5hikool\",\"description\":\"Igas inimeses on p\u00e4ike, laskem tal s\u00e4rada\",\"potentialAction\":[{\"@type\":\"SearchAction\",\"target\":{\"@type\":\"EntryPoint\",\"urlTemplate\":\"https:\/\/www.peetri.edu.ee\/pohikool\/?s={search_term_string}\"},\"query-input\":{\"@type\":\"PropertyValueSpecification\",\"valueRequired\":true,\"valueName\":\"search_term_string\"}}],\"inLanguage\":\"et\"}]}<\/script>\n<!-- \/ Yoast SEO plugin. -->","yoast_head_json":{"title":"Klubid ja huvialakoolid - Peetri P\u00f5hikool","robots":{"index":"index","follow":"follow","max-snippet":"max-snippet:-1","max-image-preview":"max-image-preview:large","max-video-preview":"max-video-preview:-1"},"canonical":"https:\/\/www.peetri.edu.ee\/pohikool\/klubid-ja-huvialakoolid\/","og_locale":"et_EE","og_type":"article","og_title":"Klubid ja huvialakoolid - Peetri P\u00f5hikool","og_description":"Klubid ja huvialakoolid, kes viivad l\u00e4bi Peetri kooli ruumides ringe \u00f5pilastele: miniLABOR \u2013 loodusring MT\u00dc M\u00e4ngides Targaks &#8211; Majandusm\u00e4ngude ring...","og_url":"https:\/\/www.peetri.edu.ee\/pohikool\/klubid-ja-huvialakoolid\/","og_site_name":"Peetri P\u00f5hikool","article_modified_time":"2023-09-06T07:10:04+00:00","twitter_card":"summary_large_image","twitter_misc":{"Est. reading time":"1 minut"},"schema":{"@context":"https:\/\/schema.org","@graph":[{"@type":"WebPage","@id":"https:\/\/www.peetri.edu.ee\/pohikool\/klubid-ja-huvialakoolid\/","url":"https:\/\/www.peetri.edu.ee\/pohikool\/klubid-ja-huvialakoolid\/","name":"Klubid ja huvialakoolid - Peetri P\u00f5hikool","isPartOf":{"@id":"https:\/\/www.peetri.edu.ee\/pohikool\/#website"},"datePublished":"2017-08-11T12:01:54+00:00","dateModified":"2023-09-06T07:10:04+00:00","breadcrumb":{"@id":"https:\/\/www.peetri.edu.ee\/pohikool\/klubid-ja-huvialakoolid\/#breadcrumb"},"inLanguage":"et","potentialAction":[{"@type":"ReadAction","target":["https:\/\/www.peetri.edu.ee\/pohikool\/klubid-ja-huvialakoolid\/"]}]},{"@type":"BreadcrumbList","@id":"https:\/\/www.peetri.edu.ee\/pohikool\/klubid-ja-huvialakoolid\/#breadcrumb","itemListElement":[{"@type":"ListItem","position":1,"name":"Home","item":"https:\/\/www.peetri.edu.ee\/pohikool\/"},{"@type":"ListItem","position":2,"name":"Klubid ja huvialakoolid"}]},{"@type":"WebSite","@id":"https:\/\/www.peetri.edu.ee\/pohikool\/#website","url":"https:\/\/www.peetri.edu.ee\/pohikool\/","name":"Peetri P\u00f5hikool","description":"Igas inimeses on p\u00e4ike, laskem tal s\u00e4rada","potentialAction":[{"@type":"SearchAction","target":{"@type":"EntryPoint","urlTemplate":"https:\/\/www.peetri.edu.ee\/pohikool\/?s={search_term_string}"},"query-input":{"@type":"PropertyValueSpecification","valueRequired":true,"valueName":"search_term_string"}}],"inLanguage":"et"}]}},"acf":[],"_links":{"self":[{"href":"https:\/\/www.peetri.edu.ee\/pohikool\/wp-json\/wp\/v2\/pages\/194","targetHints":{"allow":["GET"]}}],"collection":[{"href":"https:\/\/www.peetri.edu.ee\/pohikool\/wp-json\/wp\/v2\/pages"}],"about":[{"href":"https:\/\/www.peetri.edu.ee\/pohikool\/wp-json\/wp\/v2\/types\/page"}],"author":[{"embeddable":true,"href":"https:\/\/www.peetri.edu.ee\/pohikool\/wp-json\/wp\/v2\/users\/1"}],"replies":[{"embeddable":true,"href":"https:\/\/www.peetri.edu.ee\/pohikool\/wp-json\/wp\/v2\/comments?post=194"}],"version-history":[{"count":5,"href":"https:\/\/www.peetri.edu.ee\/pohikool\/wp-json\/wp\/v2\/pages\/194\/revisions"}],"predecessor-version":[{"id":7892,"href":"https:\/\/www.peetri.edu.ee\/pohikool\/wp-json\/wp\/v2\/pages\/194\/revisions\/7892"}],"wp:attachment":[{"href":"https:\/\/www.peetri.edu.ee\/pohikool\/wp-json\/wp\/v2\/media?parent=194"}],"curies":[{"name":"wp","href":"https:\/\/api.w.org\/{rel}","templated":true}]}}