{"id":169,"date":"2017-08-11T14:38:21","date_gmt":"2017-08-11T11:38:21","guid":{"rendered":"https:\/\/www.peetri.edu.ee\/pohikool\/?page_id=169"},"modified":"2017-08-11T14:38:21","modified_gmt":"2017-08-11T11:38:21","slug":"20152016-oppeaasta-uritused","status":"publish","type":"page","link":"https:\/\/www.peetri.edu.ee\/pohikool\/huvitegevus\/20152016-oppeaasta-uritused\/","title":{"rendered":"2015\/2016 \u00f5ppeaasta \u00fcritused"},"content":{"rendered":"<h3>Juuni<\/h3>\n<ul>\n<li>1.06 Perepiknik, laat ja kontsert Peetri pargis<\/li>\n<\/ul>\n<h3>Mai<\/h3>\n<ul>\n<li>Jalgpalliturniir<\/li>\n<li>16.05 Kevadn\u00e4ituse avamine<\/li>\n<li>20.05 R\u00f5\u00f5mumeeter<\/li>\n<li>26.05 9. klassi l\u00f5pukell<\/li>\n<\/ul>\n<h3>Aprill<\/h3>\n<ul>\n<li>Jalgpalliturniir<\/li>\n<li>22.04 J\u00fcri-Mari jooks<\/li>\n<li>29.04 1.-2. klassi laulupidu<\/li>\n<\/ul>\n<h3>M\u00e4rts<\/h3>\n<ul>\n<li>Kohtumised kirjanikega<\/li>\n<li>16.03 &#8211; 5.-9. klassi filmi\u00f6\u00f6<\/li>\n<li>17.03 &#8211; 2.-4. klassi lugemis\u00f6\u00f6<\/li>\n<\/ul>\n<h3>Veebruar<\/h3>\n<ul>\n<li>12.02 &#8211; S\u00f5brap\u00e4eva t\u00e4histamine<\/li>\n<li>23.02 &#8211; Eesti Vabariigi aastap\u00e4eva aktused<\/li>\n<\/ul>\n<h3>Detsember<\/h3>\n<ul>\n<li>17.12 &#8211; J\u00f5ulukontsert<\/li>\n<li>\u2026\u2026\u2026 \u2013 J\u00f5ululaat<\/li>\n<\/ul>\n<h3>November<\/h3>\n<ul>\n<li>13.11, kell 13.00 \u2013 2.-4.klassi Eurovisioon<\/li>\n<li>06.11, kell 14.00 \u2013 5.-9.klassi Eurovisioon<\/li>\n<\/ul>\n<h3>Oktoober<\/h3>\n<ul>\n<li>14.10, kell 19.00 \u2013 5.-9.klassi \u00f5pilastele &#8220;Kella 7 orienteerumine&#8221;<\/li>\n<\/ul>\n<h3>September<\/h3>\n<ul>\n<li>17.09 \u2013 1.-4.kl Spordip\u00e4ev<\/li>\n<li>15.09 \u2013 5.-9.kl Spordip\u00e4ev<\/li>\n<\/ul>\n","protected":false},"excerpt":{"rendered":"<p>Juuni 1.06 Perepiknik, laat ja kontsert Peetri pargis Mai Jalgpalliturniir 16.05 Kevadn\u00e4ituse avamine 20.05 R\u00f5\u00f5mumeeter 26.05 9. klassi l\u00f5pukell Aprill&#8230;<\/p>\n","protected":false},"author":1,"featured_media":0,"parent":56,"menu_order":40,"comment_status":"closed","ping_status":"closed","template":"","meta":{"_acf_changed":false,"footnotes":""},"class_list":["post-169","page","type-page","status-publish","hentry"],"yoast_head":"<!-- This site is optimized with the Yoast SEO plugin v27.2 - https:\/\/yoast.com\/product\/yoast-seo-wordpress\/ -->\n<title>2015\/2016 \u00f5ppeaasta \u00fcritused - Peetri P\u00f5hikool<\/title>\n<meta name=\"robots\" content=\"index, follow, max-snippet:-1, max-image-preview:large, max-video-preview:-1\" \/>\n<link rel=\"canonical\" href=\"https:\/\/www.peetri.edu.ee\/pohikool\/huvitegevus\/20152016-oppeaasta-uritused\/\" \/>\n<meta property=\"og:locale\" content=\"et_EE\" \/>\n<meta property=\"og:type\" content=\"article\" \/>\n<meta property=\"og:title\" content=\"2015\/2016 \u00f5ppeaasta \u00fcritused - Peetri P\u00f5hikool\" \/>\n<meta property=\"og:description\" content=\"Juuni 1.06 Perepiknik, laat ja kontsert Peetri pargis Mai Jalgpalliturniir 16.05 Kevadn\u00e4ituse avamine 20.05 R\u00f5\u00f5mumeeter 26.05 9. klassi l\u00f5pukell Aprill...\" \/>\n<meta property=\"og:url\" content=\"https:\/\/www.peetri.edu.ee\/pohikool\/huvitegevus\/20152016-oppeaasta-uritused\/\" \/>\n<meta property=\"og:site_name\" content=\"Peetri P\u00f5hikool\" \/>\n<meta name=\"twitter:card\" content=\"summary_large_image\" \/>\n<script type=\"application\/ld+json\" class=\"yoast-schema-graph\">{\"@context\":\"https:\/\/schema.org\",\"@graph\":[{\"@type\":\"WebPage\",\"@id\":\"https:\/\/www.peetri.edu.ee\/pohikool\/huvitegevus\/20152016-oppeaasta-uritused\/\",\"url\":\"https:\/\/www.peetri.edu.ee\/pohikool\/huvitegevus\/20152016-oppeaasta-uritused\/\",\"name\":\"2015\/2016 \u00f5ppeaasta \u00fcritused - Peetri P\u00f5hikool\",\"isPartOf\":{\"@id\":\"https:\/\/www.peetri.edu.ee\/pohikool\/#website\"},\"datePublished\":\"2017-08-11T11:38:21+00:00\",\"breadcrumb\":{\"@id\":\"https:\/\/www.peetri.edu.ee\/pohikool\/huvitegevus\/20152016-oppeaasta-uritused\/#breadcrumb\"},\"inLanguage\":\"et\",\"potentialAction\":[{\"@type\":\"ReadAction\",\"target\":[\"https:\/\/www.peetri.edu.ee\/pohikool\/huvitegevus\/20152016-oppeaasta-uritused\/\"]}]},{\"@type\":\"BreadcrumbList\",\"@id\":\"https:\/\/www.peetri.edu.ee\/pohikool\/huvitegevus\/20152016-oppeaasta-uritused\/#breadcrumb\",\"itemListElement\":[{\"@type\":\"ListItem\",\"position\":1,\"name\":\"Home\",\"item\":\"https:\/\/www.peetri.edu.ee\/pohikool\/\"},{\"@type\":\"ListItem\",\"position\":2,\"name\":\"Huvitegevus\",\"item\":\"https:\/\/www.peetri.edu.ee\/pohikool\/huvitegevus\/\"},{\"@type\":\"ListItem\",\"position\":3,\"name\":\"2015\/2016 \u00f5ppeaasta \u00fcritused\"}]},{\"@type\":\"WebSite\",\"@id\":\"https:\/\/www.peetri.edu.ee\/pohikool\/#website\",\"url\":\"https:\/\/www.peetri.edu.ee\/pohikool\/\",\"name\":\"Peetri P\u00f5hikool\",\"description\":\"Igas inimeses on p\u00e4ike, laskem tal s\u00e4rada\",\"potentialAction\":[{\"@type\":\"SearchAction\",\"target\":{\"@type\":\"EntryPoint\",\"urlTemplate\":\"https:\/\/www.peetri.edu.ee\/pohikool\/?s={search_term_string}\"},\"query-input\":{\"@type\":\"PropertyValueSpecification\",\"valueRequired\":true,\"valueName\":\"search_term_string\"}}],\"inLanguage\":\"et\"}]}<\/script>\n<!-- \/ Yoast SEO plugin. -->","yoast_head_json":{"title":"2015\/2016 \u00f5ppeaasta \u00fcritused - Peetri P\u00f5hikool","robots":{"index":"index","follow":"follow","max-snippet":"max-snippet:-1","max-image-preview":"max-image-preview:large","max-video-preview":"max-video-preview:-1"},"canonical":"https:\/\/www.peetri.edu.ee\/pohikool\/huvitegevus\/20152016-oppeaasta-uritused\/","og_locale":"et_EE","og_type":"article","og_title":"2015\/2016 \u00f5ppeaasta \u00fcritused - Peetri P\u00f5hikool","og_description":"Juuni 1.06 Perepiknik, laat ja kontsert Peetri pargis Mai Jalgpalliturniir 16.05 Kevadn\u00e4ituse avamine 20.05 R\u00f5\u00f5mumeeter 26.05 9. klassi l\u00f5pukell Aprill...","og_url":"https:\/\/www.peetri.edu.ee\/pohikool\/huvitegevus\/20152016-oppeaasta-uritused\/","og_site_name":"Peetri P\u00f5hikool","twitter_card":"summary_large_image","schema":{"@context":"https:\/\/schema.org","@graph":[{"@type":"WebPage","@id":"https:\/\/www.peetri.edu.ee\/pohikool\/huvitegevus\/20152016-oppeaasta-uritused\/","url":"https:\/\/www.peetri.edu.ee\/pohikool\/huvitegevus\/20152016-oppeaasta-uritused\/","name":"2015\/2016 \u00f5ppeaasta \u00fcritused - Peetri P\u00f5hikool","isPartOf":{"@id":"https:\/\/www.peetri.edu.ee\/pohikool\/#website"},"datePublished":"2017-08-11T11:38:21+00:00","breadcrumb":{"@id":"https:\/\/www.peetri.edu.ee\/pohikool\/huvitegevus\/20152016-oppeaasta-uritused\/#breadcrumb"},"inLanguage":"et","potentialAction":[{"@type":"ReadAction","target":["https:\/\/www.peetri.edu.ee\/pohikool\/huvitegevus\/20152016-oppeaasta-uritused\/"]}]},{"@type":"BreadcrumbList","@id":"https:\/\/www.peetri.edu.ee\/pohikool\/huvitegevus\/20152016-oppeaasta-uritused\/#breadcrumb","itemListElement":[{"@type":"ListItem","position":1,"name":"Home","item":"https:\/\/www.peetri.edu.ee\/pohikool\/"},{"@type":"ListItem","position":2,"name":"Huvitegevus","item":"https:\/\/www.peetri.edu.ee\/pohikool\/huvitegevus\/"},{"@type":"ListItem","position":3,"name":"2015\/2016 \u00f5ppeaasta \u00fcritused"}]},{"@type":"WebSite","@id":"https:\/\/www.peetri.edu.ee\/pohikool\/#website","url":"https:\/\/www.peetri.edu.ee\/pohikool\/","name":"Peetri P\u00f5hikool","description":"Igas inimeses on p\u00e4ike, laskem tal s\u00e4rada","potentialAction":[{"@type":"SearchAction","target":{"@type":"EntryPoint","urlTemplate":"https:\/\/www.peetri.edu.ee\/pohikool\/?s={search_term_string}"},"query-input":{"@type":"PropertyValueSpecification","valueRequired":true,"valueName":"search_term_string"}}],"inLanguage":"et"}]}},"acf":[],"_links":{"self":[{"href":"https:\/\/www.peetri.edu.ee\/pohikool\/wp-json\/wp\/v2\/pages\/169","targetHints":{"allow":["GET"]}}],"collection":[{"href":"https:\/\/www.peetri.edu.ee\/pohikool\/wp-json\/wp\/v2\/pages"}],"about":[{"href":"https:\/\/www.peetri.edu.ee\/pohikool\/wp-json\/wp\/v2\/types\/page"}],"author":[{"embeddable":true,"href":"https:\/\/www.peetri.edu.ee\/pohikool\/wp-json\/wp\/v2\/users\/1"}],"replies":[{"embeddable":true,"href":"https:\/\/www.peetri.edu.ee\/pohikool\/wp-json\/wp\/v2\/comments?post=169"}],"version-history":[{"count":1,"href":"https:\/\/www.peetri.edu.ee\/pohikool\/wp-json\/wp\/v2\/pages\/169\/revisions"}],"predecessor-version":[{"id":170,"href":"https:\/\/www.peetri.edu.ee\/pohikool\/wp-json\/wp\/v2\/pages\/169\/revisions\/170"}],"up":[{"embeddable":true,"href":"https:\/\/www.peetri.edu.ee\/pohikool\/wp-json\/wp\/v2\/pages\/56"}],"wp:attachment":[{"href":"https:\/\/www.peetri.edu.ee\/pohikool\/wp-json\/wp\/v2\/media?parent=169"}],"curies":[{"name":"wp","href":"https:\/\/api.w.org\/{rel}","templated":true}]}}