{"id":101,"date":"2017-08-11T12:34:51","date_gmt":"2017-08-11T09:34:51","guid":{"rendered":"https:\/\/www.peetri.edu.ee\/pohikool\/?page_id=101"},"modified":"2023-04-24T10:19:44","modified_gmt":"2023-04-24T07:19:44","slug":"eelkool","status":"publish","type":"page","link":"https:\/\/www.peetri.edu.ee\/pohikool\/oppetoo\/eelkool\/","title":{"rendered":"Eelkool"},"content":{"rendered":"<h3>Eelkool Peetri Lasteaed-P\u00f5hikoolis<\/h3>\n<p>V\u00f5tke meiega \u00fchendust\u00a0<a title=\"http:\/\/www.eelkool.com\" href=\"http:\/\/www.eelkool.com\/\" target=\"_blank\" rel=\"noopener\">http:\/\/www.eelkool.com<\/a>\u00a0v\u00f5i\u00a0<a href=\"mailto:info@logoserv.ee\">info@logoserv.ee<\/a>\u00a0v\u00f5i 52 345 46, kontaktisik Ervin Laanvee.<\/p>\n<p><strong>\u00d5PPEPERIOOD<\/strong>: 1. septembrist kuni 31. maini<br \/>\nESMASP\u00c4EVITI 16.30 \u2013 18.30 v\u00f5i TEISIP\u00c4EVITI kell 16.30-18.30 v\u00f5i KOLMAP\u00c4EVITI 16.30-18.30.<\/p>\n<p><strong>NB! Kui laps k\u00e4ib samas lasteaias, siis toome r\u00fchmast lapse eelkooli<\/strong><\/p>\n<p><strong>KORRALDAJA<\/strong>:\u00a0Logoservi Huvikool, vaata\u00a0<a href=\"http:\/\/www.eelkool.com\/\">www.eelkool.com<\/a><br \/>\n<strong>KLASSID<\/strong>:\u00a0\u00fcldklass (6-7-aastased)<br \/>\n<strong>\u00d5PETAJAD<\/strong>:\u00a0Ervin Laanvee, Piret Laanvee.<\/p>\n<p>Lapsed l\u00e4bivad \u00f5ppekava\u00a0<strong>VALMISTUME KOOLIKS<\/strong>, mille l\u00e4bides saavad tunnistuse.<\/p>\n<p>MEIE EELKOOL on intensiivne, kiire, tempokas, t\u00e4helepanu sotsiaalsel kohanemisel ja \u00f5pioskuste omandamisel.<\/p>\n<h3>\u00d5PPESISU:<\/h3>\n<p><strong>\u00dcLDINE ARENG<\/strong>\u00a0tunnetus- ja \u00f5pioskused, enesekohased oskused, sotsiaalsed oskused, emotsionaalne areng, \u00fcldmotoorika areng l\u00e4bi r\u00fctmisalmide, suhtumine \u00f5ppet\u00f6\u00f6sse<br \/>\n<strong>EESTI KEEL<\/strong>\u00a0lugema ja kirjutama \u00f5ppimine (oskab jutustada, arutleda, oskab t\u00f6\u00f6tada iseseisvalt aabitsaga, oskab h\u00e4\u00e4liku- ja s\u00f5rmem\u00e4nge, veerib\/loeb kokku 1-2-silbilisi s\u00f5nu tr\u00fckit\u00e4htedega, tunneb t\u00e4hti, kirjutab joonist\u00e4htedega 1-2-silbilisi s\u00f5nu joonelisse vihikusse)<br \/>\n<strong>MATEMAATIKA<\/strong>\u00a0matemaatika \u00f5ppimine (r\u00fchmitab ja j\u00e4rjestab loogika alusel, liidab ja lahutab 18\u00a0piires, loendab 12-ni, kella tunneb veerand-,\u00a0pool- kolmveerand-\u00a0ja t\u00e4istundides, kirjutab ruudulisse vihikusse)<br \/>\n<strong>M\u00c4NGIME JA LAULAME INGLISE KEELES<\/strong>\u00a0(tervitab, t\u00e4nab, oskab poest osta, loendab, tunneb v\u00e4rve, m\u00e4ngib ja laulab inglise keeles)<br \/>\n<strong>KUNST<\/strong>\u00a0meisterdamine (tunneb erinevaid materjale, oskab iseseisvalt ja \u00f5petaja abiga meisterdada p\u00fchadeks, kingituseks, kaunistuseks)<\/p>\n<p>V\u00f5tame lastelt \u00e4ra koolihirmu, \u00f5petame neile lugupidavat suhtumist \u00f5petajasse, t\u00e4iskasvanutesse ning teistesse lastesse. \u00d5petame neid ise oma tegevusi juhtima, suhtuma oma t\u00f6\u00f6sse t\u00f5siselt ning tundma \u00f5ppimisest ning oma edusammudest r\u00f5\u00f5mu. Toetame perekonda lapse alushariduse omandamisel ning n\u00f5ustame vajadusel lapsevanemaid.<\/p>\n<p><strong>NB! Eelkoolir\u00fchma v\u00f5etakse k\u00f5ik soovijad ilma katseteta.<\/strong>\u00a0R\u00fchma maksimaalne suurus 23\u00a0\u00f5pilast. Vajadusel moodustatakse lisar\u00fchm.<\/p>\n<p>Iga n\u00e4dal saab lapsevanem tagasisidet \u00f5pitu kohta.<\/p>\n<p>Registreerida saab meiliaadressil:\u00a0kodulehel\u00a0<a href=\"http:\/\/www.eelkool.com\/\">www.eelkool.com<\/a><\/p>\n","protected":false},"excerpt":{"rendered":"<p>Eelkool Peetri Lasteaed-P\u00f5hikoolis V\u00f5tke meiega \u00fchendust\u00a0http:\/\/www.eelkool.com\u00a0v\u00f5i\u00a0info@logoserv.ee\u00a0v\u00f5i 52 345 46, kontaktisik Ervin Laanvee. \u00d5PPEPERIOOD: 1. septembrist kuni 31. maini ESMASP\u00c4EVITI 16.30&#8230;<\/p>\n","protected":false},"author":1,"featured_media":0,"parent":52,"menu_order":50,"comment_status":"closed","ping_status":"closed","template":"","meta":{"_acf_changed":false,"footnotes":""},"class_list":["post-101","page","type-page","status-publish","hentry"],"yoast_head":"<!-- This site is optimized with the Yoast SEO plugin v27.2 - https:\/\/yoast.com\/product\/yoast-seo-wordpress\/ -->\n<title>Eelkool - Peetri P\u00f5hikool<\/title>\n<meta name=\"robots\" content=\"index, follow, max-snippet:-1, max-image-preview:large, max-video-preview:-1\" \/>\n<link rel=\"canonical\" href=\"https:\/\/www.peetri.edu.ee\/pohikool\/oppetoo\/eelkool\/\" \/>\n<meta property=\"og:locale\" content=\"et_EE\" \/>\n<meta property=\"og:type\" content=\"article\" \/>\n<meta property=\"og:title\" content=\"Eelkool - Peetri P\u00f5hikool\" \/>\n<meta property=\"og:description\" content=\"Eelkool Peetri Lasteaed-P\u00f5hikoolis V\u00f5tke meiega \u00fchendust\u00a0http:\/\/www.eelkool.com\u00a0v\u00f5i\u00a0info@logoserv.ee\u00a0v\u00f5i 52 345 46, kontaktisik Ervin Laanvee. \u00d5PPEPERIOOD: 1. septembrist kuni 31. maini ESMASP\u00c4EVITI 16.30...\" \/>\n<meta property=\"og:url\" content=\"https:\/\/www.peetri.edu.ee\/pohikool\/oppetoo\/eelkool\/\" \/>\n<meta property=\"og:site_name\" content=\"Peetri P\u00f5hikool\" \/>\n<meta property=\"article:modified_time\" content=\"2023-04-24T07:19:44+00:00\" \/>\n<meta name=\"twitter:card\" content=\"summary_large_image\" \/>\n<meta name=\"twitter:label1\" content=\"Est. reading time\" \/>\n\t<meta name=\"twitter:data1\" content=\"1 minut\" \/>\n<script type=\"application\/ld+json\" class=\"yoast-schema-graph\">{\"@context\":\"https:\/\/schema.org\",\"@graph\":[{\"@type\":\"WebPage\",\"@id\":\"https:\/\/www.peetri.edu.ee\/pohikool\/oppetoo\/eelkool\/\",\"url\":\"https:\/\/www.peetri.edu.ee\/pohikool\/oppetoo\/eelkool\/\",\"name\":\"Eelkool - Peetri P\u00f5hikool\",\"isPartOf\":{\"@id\":\"https:\/\/www.peetri.edu.ee\/pohikool\/#website\"},\"datePublished\":\"2017-08-11T09:34:51+00:00\",\"dateModified\":\"2023-04-24T07:19:44+00:00\",\"breadcrumb\":{\"@id\":\"https:\/\/www.peetri.edu.ee\/pohikool\/oppetoo\/eelkool\/#breadcrumb\"},\"inLanguage\":\"et\",\"potentialAction\":[{\"@type\":\"ReadAction\",\"target\":[\"https:\/\/www.peetri.edu.ee\/pohikool\/oppetoo\/eelkool\/\"]}]},{\"@type\":\"BreadcrumbList\",\"@id\":\"https:\/\/www.peetri.edu.ee\/pohikool\/oppetoo\/eelkool\/#breadcrumb\",\"itemListElement\":[{\"@type\":\"ListItem\",\"position\":1,\"name\":\"Home\",\"item\":\"https:\/\/www.peetri.edu.ee\/pohikool\/\"},{\"@type\":\"ListItem\",\"position\":2,\"name\":\"\u00d5ppet\u00f6\u00f6\",\"item\":\"https:\/\/www.peetri.edu.ee\/pohikool\/oppetoo\/\"},{\"@type\":\"ListItem\",\"position\":3,\"name\":\"Eelkool\"}]},{\"@type\":\"WebSite\",\"@id\":\"https:\/\/www.peetri.edu.ee\/pohikool\/#website\",\"url\":\"https:\/\/www.peetri.edu.ee\/pohikool\/\",\"name\":\"Peetri P\u00f5hikool\",\"description\":\"Igas inimeses on p\u00e4ike, laskem tal s\u00e4rada\",\"potentialAction\":[{\"@type\":\"SearchAction\",\"target\":{\"@type\":\"EntryPoint\",\"urlTemplate\":\"https:\/\/www.peetri.edu.ee\/pohikool\/?s={search_term_string}\"},\"query-input\":{\"@type\":\"PropertyValueSpecification\",\"valueRequired\":true,\"valueName\":\"search_term_string\"}}],\"inLanguage\":\"et\"}]}<\/script>\n<!-- \/ Yoast SEO plugin. -->","yoast_head_json":{"title":"Eelkool - Peetri P\u00f5hikool","robots":{"index":"index","follow":"follow","max-snippet":"max-snippet:-1","max-image-preview":"max-image-preview:large","max-video-preview":"max-video-preview:-1"},"canonical":"https:\/\/www.peetri.edu.ee\/pohikool\/oppetoo\/eelkool\/","og_locale":"et_EE","og_type":"article","og_title":"Eelkool - Peetri P\u00f5hikool","og_description":"Eelkool Peetri Lasteaed-P\u00f5hikoolis V\u00f5tke meiega \u00fchendust\u00a0http:\/\/www.eelkool.com\u00a0v\u00f5i\u00a0info@logoserv.ee\u00a0v\u00f5i 52 345 46, kontaktisik Ervin Laanvee. \u00d5PPEPERIOOD: 1. septembrist kuni 31. maini ESMASP\u00c4EVITI 16.30...","og_url":"https:\/\/www.peetri.edu.ee\/pohikool\/oppetoo\/eelkool\/","og_site_name":"Peetri P\u00f5hikool","article_modified_time":"2023-04-24T07:19:44+00:00","twitter_card":"summary_large_image","twitter_misc":{"Est. reading time":"1 minut"},"schema":{"@context":"https:\/\/schema.org","@graph":[{"@type":"WebPage","@id":"https:\/\/www.peetri.edu.ee\/pohikool\/oppetoo\/eelkool\/","url":"https:\/\/www.peetri.edu.ee\/pohikool\/oppetoo\/eelkool\/","name":"Eelkool - Peetri P\u00f5hikool","isPartOf":{"@id":"https:\/\/www.peetri.edu.ee\/pohikool\/#website"},"datePublished":"2017-08-11T09:34:51+00:00","dateModified":"2023-04-24T07:19:44+00:00","breadcrumb":{"@id":"https:\/\/www.peetri.edu.ee\/pohikool\/oppetoo\/eelkool\/#breadcrumb"},"inLanguage":"et","potentialAction":[{"@type":"ReadAction","target":["https:\/\/www.peetri.edu.ee\/pohikool\/oppetoo\/eelkool\/"]}]},{"@type":"BreadcrumbList","@id":"https:\/\/www.peetri.edu.ee\/pohikool\/oppetoo\/eelkool\/#breadcrumb","itemListElement":[{"@type":"ListItem","position":1,"name":"Home","item":"https:\/\/www.peetri.edu.ee\/pohikool\/"},{"@type":"ListItem","position":2,"name":"\u00d5ppet\u00f6\u00f6","item":"https:\/\/www.peetri.edu.ee\/pohikool\/oppetoo\/"},{"@type":"ListItem","position":3,"name":"Eelkool"}]},{"@type":"WebSite","@id":"https:\/\/www.peetri.edu.ee\/pohikool\/#website","url":"https:\/\/www.peetri.edu.ee\/pohikool\/","name":"Peetri P\u00f5hikool","description":"Igas inimeses on p\u00e4ike, laskem tal s\u00e4rada","potentialAction":[{"@type":"SearchAction","target":{"@type":"EntryPoint","urlTemplate":"https:\/\/www.peetri.edu.ee\/pohikool\/?s={search_term_string}"},"query-input":{"@type":"PropertyValueSpecification","valueRequired":true,"valueName":"search_term_string"}}],"inLanguage":"et"}]}},"acf":[],"_links":{"self":[{"href":"https:\/\/www.peetri.edu.ee\/pohikool\/wp-json\/wp\/v2\/pages\/101","targetHints":{"allow":["GET"]}}],"collection":[{"href":"https:\/\/www.peetri.edu.ee\/pohikool\/wp-json\/wp\/v2\/pages"}],"about":[{"href":"https:\/\/www.peetri.edu.ee\/pohikool\/wp-json\/wp\/v2\/types\/page"}],"author":[{"embeddable":true,"href":"https:\/\/www.peetri.edu.ee\/pohikool\/wp-json\/wp\/v2\/users\/1"}],"replies":[{"embeddable":true,"href":"https:\/\/www.peetri.edu.ee\/pohikool\/wp-json\/wp\/v2\/comments?post=101"}],"version-history":[{"count":5,"href":"https:\/\/www.peetri.edu.ee\/pohikool\/wp-json\/wp\/v2\/pages\/101\/revisions"}],"predecessor-version":[{"id":7134,"href":"https:\/\/www.peetri.edu.ee\/pohikool\/wp-json\/wp\/v2\/pages\/101\/revisions\/7134"}],"up":[{"embeddable":true,"href":"https:\/\/www.peetri.edu.ee\/pohikool\/wp-json\/wp\/v2\/pages\/52"}],"wp:attachment":[{"href":"https:\/\/www.peetri.edu.ee\/pohikool\/wp-json\/wp\/v2\/media?parent=101"}],"curies":[{"name":"wp","href":"https:\/\/api.w.org\/{rel}","templated":true}]}}