{"id":1559,"date":"2021-03-10T12:56:15","date_gmt":"2021-03-10T10:56:15","guid":{"rendered":"https:\/\/www.peetri.edu.ee\/lasteaed\/?page_id=1559"},"modified":"2021-03-10T12:57:53","modified_gmt":"2021-03-10T10:57:53","slug":"2015-2016","status":"publish","type":"page","link":"https:\/\/www.peetri.edu.ee\/lasteaed\/projektid\/etwinning\/2015-2016\/","title":{"rendered":"2015-2016"},"content":{"rendered":"<p><span style=\"font-size: 24pt;\"><strong>R\u00e4nnak l\u00e4bi aastaaegade\/ Journey through the seasons<\/strong><\/span><\/p>\n<p><strong>\u00d5nneseente r\u00fchm<\/strong>\u00a0osaleb uues rahvusvahelises eTwinningu projektis \u201eR\u00e4nnak l\u00e4bi aastaaegade.\u201c Projekt kestab 1 aasta. Projekti eesm\u00e4rkideks on:<\/p>\n<ul>\n<li>Lapsed j\u00e4lgivad looduse muutumist erinevatel aastaaegadel;<\/li>\n<li>Jagatakse joonistusi ja fotosid muudatustest looduses;<\/li>\n<li>T\u00e4histatakse rahvakalendri t\u00e4htp\u00e4evi erinevatel aastaaegadel ja tutvustatakse neid koost\u00f6\u00f6partnerile;<\/li>\n<li>Projekti l\u00f5puks valmib kalender laste joonistuste ja fotodega.<\/li>\n<\/ul>\n<p>Koos L\u00e4ti lasteaia\u00a0Babites Novada PII\u00a0lastega \u00f5pitakse aastaaegu ja erinevaid kultuure. L\u00e4ti lasteaiast osaleb \u00fcks r\u00fchm, nimeks \u201eSkudrinas\u201c (5-6 aastased). Lapsed joonistavad ja pildistavad loodust, teevad \u00fchiselt mitmesuguseid tegevusi ja jagavad tehtut interneti vahendusel.<\/p>\n<p>27. mail toimus esimene kohtumine Skype`i vahendusel, kus omavahel tuttavaks saadi. Suve t\u00e4histatakse m\u00f5lemas lasteaias jaanip\u00e4eva pidustustega ja jagatakse rahvuslikke m\u00e4nge.<\/p>\n","protected":false},"excerpt":{"rendered":"<p>R\u00e4nnak l\u00e4bi aastaaegade\/ Journey through the seasons \u00d5nneseente r\u00fchm\u00a0osaleb uues rahvusvahelises eTwinningu projektis \u201eR\u00e4nnak l\u00e4bi aastaaegade.\u201c Projekt kestab 1 aasta&#8230;.<\/p>\n","protected":false},"author":1,"featured_media":0,"parent":156,"menu_order":0,"comment_status":"closed","ping_status":"closed","template":"","meta":{"_acf_changed":false,"footnotes":""},"class_list":["post-1559","page","type-page","status-publish","hentry"],"yoast_head":"<!-- This site is optimized with the Yoast SEO plugin v27.2 - https:\/\/yoast.com\/product\/yoast-seo-wordpress\/ -->\n<title>2015-2016 - Peetri Lasteaed<\/title>\n<meta name=\"robots\" content=\"index, follow, max-snippet:-1, max-image-preview:large, max-video-preview:-1\" \/>\n<link rel=\"canonical\" href=\"https:\/\/www.peetri.edu.ee\/lasteaed\/projektid\/etwinning\/2015-2016\/\" \/>\n<meta property=\"og:locale\" content=\"et_EE\" \/>\n<meta property=\"og:type\" content=\"article\" \/>\n<meta property=\"og:title\" content=\"2015-2016 - Peetri Lasteaed\" \/>\n<meta property=\"og:description\" content=\"R\u00e4nnak l\u00e4bi aastaaegade\/ Journey through the seasons \u00d5nneseente r\u00fchm\u00a0osaleb uues rahvusvahelises eTwinningu projektis \u201eR\u00e4nnak l\u00e4bi aastaaegade.\u201c Projekt kestab 1 aasta....\" \/>\n<meta property=\"og:url\" content=\"https:\/\/www.peetri.edu.ee\/lasteaed\/projektid\/etwinning\/2015-2016\/\" \/>\n<meta property=\"og:site_name\" content=\"Peetri Lasteaed\" \/>\n<meta property=\"article:modified_time\" content=\"2021-03-10T10:57:53+00:00\" \/>\n<meta name=\"twitter:card\" content=\"summary_large_image\" \/>\n<meta name=\"twitter:label1\" content=\"Est. reading time\" \/>\n\t<meta name=\"twitter:data1\" content=\"1 minut\" \/>\n<script type=\"application\/ld+json\" class=\"yoast-schema-graph\">{\"@context\":\"https:\/\/schema.org\",\"@graph\":[{\"@type\":\"WebPage\",\"@id\":\"https:\/\/www.peetri.edu.ee\/lasteaed\/projektid\/etwinning\/2015-2016\/\",\"url\":\"https:\/\/www.peetri.edu.ee\/lasteaed\/projektid\/etwinning\/2015-2016\/\",\"name\":\"2015-2016 - Peetri Lasteaed\",\"isPartOf\":{\"@id\":\"https:\/\/www.peetri.edu.ee\/lasteaed\/#website\"},\"datePublished\":\"2021-03-10T10:56:15+00:00\",\"dateModified\":\"2021-03-10T10:57:53+00:00\",\"breadcrumb\":{\"@id\":\"https:\/\/www.peetri.edu.ee\/lasteaed\/projektid\/etwinning\/2015-2016\/#breadcrumb\"},\"inLanguage\":\"et\",\"potentialAction\":[{\"@type\":\"ReadAction\",\"target\":[\"https:\/\/www.peetri.edu.ee\/lasteaed\/projektid\/etwinning\/2015-2016\/\"]}]},{\"@type\":\"BreadcrumbList\",\"@id\":\"https:\/\/www.peetri.edu.ee\/lasteaed\/projektid\/etwinning\/2015-2016\/#breadcrumb\",\"itemListElement\":[{\"@type\":\"ListItem\",\"position\":1,\"name\":\"Home\",\"item\":\"https:\/\/www.peetri.edu.ee\/lasteaed\/\"},{\"@type\":\"ListItem\",\"position\":2,\"name\":\"Projektid\",\"item\":\"https:\/\/www.peetri.edu.ee\/lasteaed\/projektid\/\"},{\"@type\":\"ListItem\",\"position\":3,\"name\":\"eTwinning\",\"item\":\"https:\/\/www.peetri.edu.ee\/lasteaed\/projektid\/etwinning\/\"},{\"@type\":\"ListItem\",\"position\":4,\"name\":\"2015-2016\"}]},{\"@type\":\"WebSite\",\"@id\":\"https:\/\/www.peetri.edu.ee\/lasteaed\/#website\",\"url\":\"https:\/\/www.peetri.edu.ee\/lasteaed\/\",\"name\":\"Peetri Lasteaed\",\"description\":\"Igas inimeses on p\u00e4ike, laskem tal s\u00e4rada\",\"potentialAction\":[{\"@type\":\"SearchAction\",\"target\":{\"@type\":\"EntryPoint\",\"urlTemplate\":\"https:\/\/www.peetri.edu.ee\/lasteaed\/?s={search_term_string}\"},\"query-input\":{\"@type\":\"PropertyValueSpecification\",\"valueRequired\":true,\"valueName\":\"search_term_string\"}}],\"inLanguage\":\"et\"}]}<\/script>\n<!-- \/ Yoast SEO plugin. -->","yoast_head_json":{"title":"2015-2016 - Peetri Lasteaed","robots":{"index":"index","follow":"follow","max-snippet":"max-snippet:-1","max-image-preview":"max-image-preview:large","max-video-preview":"max-video-preview:-1"},"canonical":"https:\/\/www.peetri.edu.ee\/lasteaed\/projektid\/etwinning\/2015-2016\/","og_locale":"et_EE","og_type":"article","og_title":"2015-2016 - Peetri Lasteaed","og_description":"R\u00e4nnak l\u00e4bi aastaaegade\/ Journey through the seasons \u00d5nneseente r\u00fchm\u00a0osaleb uues rahvusvahelises eTwinningu projektis \u201eR\u00e4nnak l\u00e4bi aastaaegade.\u201c Projekt kestab 1 aasta....","og_url":"https:\/\/www.peetri.edu.ee\/lasteaed\/projektid\/etwinning\/2015-2016\/","og_site_name":"Peetri Lasteaed","article_modified_time":"2021-03-10T10:57:53+00:00","twitter_card":"summary_large_image","twitter_misc":{"Est. reading time":"1 minut"},"schema":{"@context":"https:\/\/schema.org","@graph":[{"@type":"WebPage","@id":"https:\/\/www.peetri.edu.ee\/lasteaed\/projektid\/etwinning\/2015-2016\/","url":"https:\/\/www.peetri.edu.ee\/lasteaed\/projektid\/etwinning\/2015-2016\/","name":"2015-2016 - Peetri Lasteaed","isPartOf":{"@id":"https:\/\/www.peetri.edu.ee\/lasteaed\/#website"},"datePublished":"2021-03-10T10:56:15+00:00","dateModified":"2021-03-10T10:57:53+00:00","breadcrumb":{"@id":"https:\/\/www.peetri.edu.ee\/lasteaed\/projektid\/etwinning\/2015-2016\/#breadcrumb"},"inLanguage":"et","potentialAction":[{"@type":"ReadAction","target":["https:\/\/www.peetri.edu.ee\/lasteaed\/projektid\/etwinning\/2015-2016\/"]}]},{"@type":"BreadcrumbList","@id":"https:\/\/www.peetri.edu.ee\/lasteaed\/projektid\/etwinning\/2015-2016\/#breadcrumb","itemListElement":[{"@type":"ListItem","position":1,"name":"Home","item":"https:\/\/www.peetri.edu.ee\/lasteaed\/"},{"@type":"ListItem","position":2,"name":"Projektid","item":"https:\/\/www.peetri.edu.ee\/lasteaed\/projektid\/"},{"@type":"ListItem","position":3,"name":"eTwinning","item":"https:\/\/www.peetri.edu.ee\/lasteaed\/projektid\/etwinning\/"},{"@type":"ListItem","position":4,"name":"2015-2016"}]},{"@type":"WebSite","@id":"https:\/\/www.peetri.edu.ee\/lasteaed\/#website","url":"https:\/\/www.peetri.edu.ee\/lasteaed\/","name":"Peetri Lasteaed","description":"Igas inimeses on p\u00e4ike, laskem tal s\u00e4rada","potentialAction":[{"@type":"SearchAction","target":{"@type":"EntryPoint","urlTemplate":"https:\/\/www.peetri.edu.ee\/lasteaed\/?s={search_term_string}"},"query-input":{"@type":"PropertyValueSpecification","valueRequired":true,"valueName":"search_term_string"}}],"inLanguage":"et"}]}},"acf":[],"_links":{"self":[{"href":"https:\/\/www.peetri.edu.ee\/lasteaed\/wp-json\/wp\/v2\/pages\/1559","targetHints":{"allow":["GET"]}}],"collection":[{"href":"https:\/\/www.peetri.edu.ee\/lasteaed\/wp-json\/wp\/v2\/pages"}],"about":[{"href":"https:\/\/www.peetri.edu.ee\/lasteaed\/wp-json\/wp\/v2\/types\/page"}],"author":[{"embeddable":true,"href":"https:\/\/www.peetri.edu.ee\/lasteaed\/wp-json\/wp\/v2\/users\/1"}],"replies":[{"embeddable":true,"href":"https:\/\/www.peetri.edu.ee\/lasteaed\/wp-json\/wp\/v2\/comments?post=1559"}],"version-history":[{"count":2,"href":"https:\/\/www.peetri.edu.ee\/lasteaed\/wp-json\/wp\/v2\/pages\/1559\/revisions"}],"predecessor-version":[{"id":1562,"href":"https:\/\/www.peetri.edu.ee\/lasteaed\/wp-json\/wp\/v2\/pages\/1559\/revisions\/1562"}],"up":[{"embeddable":true,"href":"https:\/\/www.peetri.edu.ee\/lasteaed\/wp-json\/wp\/v2\/pages\/156"}],"wp:attachment":[{"href":"https:\/\/www.peetri.edu.ee\/lasteaed\/wp-json\/wp\/v2\/media?parent=1559"}],"curies":[{"name":"wp","href":"https:\/\/api.w.org\/{rel}","templated":true}]}}